000
CXUS55 KEAX 300736
CF6MKC
PRELIMINARY LOCAL CLIMATOLOGICAL DATA (WS FORM: F-6)

                                          STATION:   Downtown Kansas City MO
                                          MONTH:     MAY
                                          YEAR:      2015
                                          LATITUDE:   39  7 N
                                          LONGITUDE:  94 36 W

  TEMPERATURE IN F:       :PCPN:    SNOW:  WIND      :SUNSHINE: SKY     :PK WND
================================================================================
1   2   3   4   5  6A  6B    7    8   9   10  11  12  13   14  15   16   17  18
                                     12Z  AVG MX 2MIN
DY MAX MIN AVG DEP HDD CDD  WTR  SNW DPTH SPD SPD DIR MIN PSBL S-S WX    SPD DR
================================================================================

 1  77  51  64   2   1   0 0.00    M    M  5.0 12 140   M    M   1        16 130
 2  77  57  67   5   0   2    M    M    M  9.3 20 190   M    M   5        25 200
 3  84  64  74  12   0   9 0.00    M    M 14.9 26 200   M    M   0        35 200
 4  86  64  75  12   0  10 0.47    M    M  6.2 24 350   M    M   3 13     30 360
 5  83  62  73  10   0   8 0.34    M    M  8.1 18 140   M    M   5 13     25 120
 6  77  65  71   8   0   6 0.02    M    M 13.4 32 190   M    M   5 38     40 180
 7  77  64  71   7   0   6 0.24    M    M 11.5 26 160   M    M   4 138    37 170
 8  74  63  69   5   0   4 0.11    M    M  5.7 12 200   M    M   8 1      15 190
 9  75  62  69   5   0   4 0.07    M    M  9.3 21  80   M    M   8 13     25  90
10  77  58  68   3   0   3 0.65    M    M  8.8 26 170   M    M   8 13     37 170
11  64  46  55 -10  10   0 0.00    M    M 11.3 23 250   M    M   2        32 260
12  71  45  58  -7   7   0 0.00    M    M  6.1 12 310   M    M   0        16 330
13  71  49  60  -6   5   0    T    M    M  9.4 20 110   M    M   4        28 130
14  76  58  67   1   0   2 0.38    M    M  8.2 20 140   M    M   9 18     25 140
15  79  62  71   5   0   6 0.01    M    M  6.3 29 230   M    M   4 123    38 230
16  84  63  74   8   0   9 2.91    M    M  8.6 24 290   M    M   5 13     35 300
17  82  63  73   6   0   8 0.19    M    M 14.0 30 200   M    M   3 13     41 180
18  71  53  62  -5   3   0 0.00    M    M  9.8 20  10   M    M   1        24 360
19  60  46  53 -14  12   0    T    M    M 10.6 20  80   M    M   2        26  80
20  56  50  53 -15  12   0 0.87    M    M 10.3 22  40   M    M  10 18     28  50
21  69  48  59  -9   6   0    T    M    M  4.9 12  20   M    M   2 1      17 240
22  68  50  59  -9   6   0 0.00    M    M  5.5 13 170   M    M   4        16 150
23  69  58  64  -5   1   0 1.34    M    M  7.0 15 120   M    M  10 13     20 130
24  72  63  68  -1   0   3 0.20    M    M  6.7 18 120   M    M  10 1      28 120
25  83  61  72   3   0   7 0.19    M    M 10.4 24 190   M    M   6 13     33 180
26  80  62  71   1   0   6 0.18    M    M 10.6 23 240   M    M   4 1      32 240
27  85  61  73   3   0   8 0.00    M    M  4.4 12 130   M    M   1        14 140
28  74  65  70   0   0   5 0.41    M    M  6.3 20 250   M    M   4 13     24 250
29  72  64  68  -2   0   3 0.08    M    M  5.9 16 170   M    M   6 13     20 190
================================================================================
SM 2173 1677        63 109  8.66    M    248.5          M      134
================================================================================
AV 74.9 57.8                               8.6 FASTST   M    M   5    MAX(MPH)
                                 MISC ---->  # 32 190               # 41  180
================================================================================
NOTES:
# LAST OF SEVERAL OCCURRENCES

COLUMN 17 PEAK WIND IN M.P.H.

PRELIMINARY LOCAL CLIMATOLOGICAL DATA (WS FORM: F-6) , PAGE 2

                                          STATION:  Downtown Kansas City MO
                                          MONTH:    MAY
                                          YEAR:     2015
                                          LATITUDE:   39  7 N
                                          LONGITUDE:  94 36 W

[TEMPERATURE DATA]      [PRECIPITATION DATA]       SYMBOLS USED IN COLUMN 16

AVERAGE MONTHLY: 66.4   TOTAL FOR MONTH:   8.66    1 = FOG OR MIST
DPTR FM NORMAL:   0.2   DPTR FM NORMAL:    3.87    2 = FOG REDUCING VISIBILITY
HIGHEST:    86 ON  4    GRTST 24HR  3.10 ON 16-17      TO 1/4 MILE OR LESS
LOWEST:     45 ON 12                               3 = THUNDER
                        SNOW, ICE PELLETS, HAIL    4 = ICE PELLETS
                        TOTAL MONTH:    M          5 = HAIL
                        GRTST 24HR    M  ON   M    6 = FREEZING RAIN OR DRIZZLE
                        GRTST DEPTH:  M  ON   M    7 = DUSTSTORM OR SANDSTORM:
                                                       VSBY 1/2 MILE OR LESS
                                                   8 = SMOKE OR HAZE
[NO. OF DAYS WITH]      [WEATHER - DAYS WITH]      9 = BLOWING SNOW
                                                   X = TORNADO
MAX 32 OR BELOW:   0    0.01 INCH OR MORE:  18
MAX 90 OR ABOVE:   0    0.10 INCH OR MORE:  14
MIN 32 OR BELOW:   0    0.50 INCH OR MORE:   4
MIN  0 OR BELOW:   0    1.00 INCH OR MORE:   2

[HDD (BASE 65) ]
TOTAL THIS MO.    63    CLEAR  (SCALE 0-3)   8
DPTR FM NORMAL   -10    PTCLDY (SCALE 4-7)  17
TOTAL FM JUL 1  4517    CLOUDY (SCALE 8-10)  4
DPTR FM NORMAL  -163

[CDD (BASE 65) ]
TOTAL THIS MO.   109
DPTR FM NORMAL     2    [PRESSURE DATA]
TOTAL FM JAN 1   126    HIGHEST SLP  0.00 ON M
DPTR FM NORMAL   -19    LOWEST  SLP  0.00 ON M

[REMARKS]
