000
CXUS53 KMKX 260900
CF6MKE
PRELIMINARY LOCAL CLIMATOLOGICAL DATA (WS FORM: F-6)

                                          STATION:   MILWAUKEE WI
                                          MONTH:     MAY
                                          YEAR:      2017
                                          LATITUDE:   42 57 N
                                          LONGITUDE:  87 54 W

  TEMPERATURE IN F:       :PCPN:    SNOW:  WIND      :SUNSHINE: SKY     :PK WND
================================================================================
1   2   3   4   5  6A  6B    7    8   9   10  11  12  13   14  15   16   17  18
                                     12Z  AVG MX 2MIN
DY MAX MIN AVG DEP HDD CDD  WTR  SNW DPTH SPD SPD DIR MIN PSBL S-S WX    SPD DR
================================================================================

 1  59  41  50  -1  15   0 0.09  0.0    0 14.9 32 220   M    M   9 123    39 230
 2  50  41  46  -5  19   0    T  0.0    0 13.9 25 300   M    M   8        34 280
 3  55  33  44  -8  21   0 0.00  0.0    0  4.3 13 140   M    M   6        16 140
 4  58  40  49  -3  16   0 0.00  0.0    0  6.3 20  20   M    M   7        26  10
 5  51  42  47  -5  18   0    T  0.0    0 14.4 28  20   M    M   4        39  20
 6  54  42  48  -4  17   0    T  0.0    0 12.6 23  30   M    M   3        31  20
 7  53  37  45  -8  20   0 0.00  0.0    0  8.1 17 320   M    M   1        24 300
 8  49  36  43 -10  22   0 0.00  0.0    0  6.4 12 120   M    M   4        17 100
 9  53  44  49  -5  16   0    T  0.0    0  5.6 12 130   M    M  10        14 130
10  62  44  53  -1  12   0 0.20  0.0    0  5.1 17 110   M    M   8 1      21  10
11  63  46  55   1  10   0    T  0.0    0  5.4 13  30   M    M   5 1      16  20
12  59  47  53  -1  12   0 0.00  0.0    0  5.5 16  30   M    M   5        20  40
13  80  47  64   9   1   0    T  0.0    0  8.9 21 250   M    M   5        28 240
14  57  47  52  -3  13   0 0.00  0.0    0  9.6 18  20   M    M   3        23  20
15  68  47  58   3   7   0 0.43  0.0    0 11.0 36 260   M    M   6 13     52 250
16  87  56  72  16   0   7    T  0.0    0 11.1 28 210   M    M   5 13     37 220
17  84  61  73  17   0   8 0.35  0.0    0 17.8 33 200   M    M   7 135    54 260
18  75  44  60   4   5   0    T  0.0    0 15.1 28 260   M    M   6        40 240
19  48  41  45 -12  20   0 0.15  0.0    0 16.4 25  30   M    M   9 1      33  40
20  54  46  50  -7  15   0 0.40  0.0    0 10.8 20  70   M    M  10 12     27  80
21  63  50  57   0   8   0 0.01  0.0    0 12.4 25 230   M    M   9 12     33 230
22  67  50  59   1   6   0    T  0.0    0 11.0 24 250   M    M   6 8      31 230
23  66  47  57  -1   8   0 0.21  0.0    0  7.7 15 220   M    M   9 123    18 220
24  59  47  53  -5  12   0 0.28  0.0    0 14.2 25 360   M    M   9 12     33  10
25  66  52  59   0   6   0 0.00  0.0    0 10.7 20  40   M    M   5        29 360
================================================================================
SM 1540 1128       299  15  2.12     0.0 259.2          M      159
================================================================================
AV 61.6 45.1                              10.4 FASTST   M    M   6    MAX(MPH)
                                 MISC ---->  # 36 260               # 54  260
================================================================================
NOTES:
# LAST OF SEVERAL OCCURRENCES

COLUMN 17 PEAK WIND IN M.P.H.

PRELIMINARY LOCAL CLIMATOLOGICAL DATA (WS FORM: F-6) , PAGE 2

                                          STATION:  MILWAUKEE WI
                                          MONTH:    MAY
                                          YEAR:     2017
                                          LATITUDE:   42 57 N
                                          LONGITUDE:  87 54 W

[TEMPERATURE DATA]      [PRECIPITATION DATA]       SYMBOLS USED IN COLUMN 16

AVERAGE MONTHLY: 53.4   TOTAL FOR MONTH:   2.12    1 = FOG OR MIST
DPTR FM NORMAL:  -1.4   DPTR FM NORMAL:   -0.59    2 = FOG REDUCING VISIBILITY
HIGHEST:    87 ON 16    GRTST 24HR  1.09 ON 30- 1      TO 1/4 MILE OR LESS
LOWEST:     33 ON  3                               3 = THUNDER
                        SNOW, ICE PELLETS, HAIL    4 = ICE PELLETS
                        TOTAL MONTH:   0.0 INCH    5 = HAIL
                        GRTST 24HR     0.0         6 = FREEZING RAIN OR DRIZZLE
                        GRTST DEPTH:   0           7 = DUSTSTORM OR SANDSTORM:
                                                       VSBY 1/2 MILE OR LESS
                                                   8 = SMOKE OR HAZE
[NO. OF DAYS WITH]      [WEATHER - DAYS WITH]      9 = BLOWING SNOW
                                                   X = TORNADO
MAX 32 OR BELOW:   0    0.01 INCH OR MORE:   9
MAX 90 OR ABOVE:   0    0.10 INCH OR MORE:   7
MIN 32 OR BELOW:   0    0.50 INCH OR MORE:   0
MIN  0 OR BELOW:   0    1.00 INCH OR MORE:   0

[HDD (BASE 65) ]
TOTAL THIS MO.   299    CLEAR  (SCALE 0-3)   3
DPTR FM NORMAL    25    PTCLDY (SCALE 4-7)  15
TOTAL FM JUL 1  5603    CLOUDY (SCALE 8-10)  7
DPTR FM NORMAL -1168

[CDD (BASE 65) ]
TOTAL THIS MO.    15
DPTR FM NORMAL     0    [PRESSURE DATA]
TOTAL FM JAN 1    18    HIGHEST SLP M ON M
DPTR FM NORMAL    -2    LOWEST  SLP 29.29 ON  1

[REMARKS]
