000
CXHW52 PHFO 271250
CF6MKK
PRELIMINARY LOCAL CLIMATOLOGICAL DATA (WS FORM: F-6)

                                          STATION:   MOLOKAI HI
                                          MONTH:     SEPTEMBER
                                          YEAR:      2016
                                          LATITUDE:   21  8 N
                                          LONGITUDE: 157  6 W

  TEMPERATURE IN F:       :PCPN:    SNOW:  WIND      :SUNSHINE: SKY     :PK WND
================================================================================
1   2   3   4   5  6A  6B    7    8   9   10  11  12  13   14  15   16   17  18
                                     12Z  AVG MX 2MIN
DY MAX MIN AVG DEP HDD CDD  WTR  SNW DPTH SPD SPD DIR MIN PSBL S-S WX    SPD DR
================================================================================

 1  88  77  83   4   0  18    T  0.0    0 17.2 25  50   M    M   4        39  40
 2  87  74  81   3   0  16 0.05  0.0    0 15.3 25  60   M    M   5 1      38  60
 3  85  75  80   2   0  15 0.02  0.0    0  9.7 21  30   M    M   7        31  30
 4  88  74  81   3   0  16 1.09  0.0    0  4.4 15  40   M    M   4 1      21  40
 5  86  75  81   3   0  16 0.00  0.0    0 12.1 24  60   M    M   2        33  50
 6  86  75  81   3   0  16    T  0.0    0 12.1 21  60   M    M   5        30  60
 7  86  74  80   2   0  15 0.03  0.0    0 12.7 23  50   M    M   4        34  50
 8  86  75  81   3   0  16 0.05  0.0    0 12.6 21  60   M    M   3        30  50
 9  86  74  80   2   0  15    T  0.0    0 10.6 20  30   M    M   6        29  40
10  87  73  80   2   0  15 0.07  0.0    0  9.5 17  50   M    M   5        27  40
11  86  71  79   1   0  14    T  0.0    0  9.4 18  30   M    M   4        26  30
12  83  75  79   1   0  14 0.36  0.0    0  7.8 15  40   M    M   6 18     23  30
13  85  76  81   3   0  16    T  0.0    0 10.7 20  30   M    M   7        28  40
14  84  73  79   1   0  14 0.61  0.0    0  6.8 15  20   M    M   6 1      22  40
15  88  73  81   3   0  16 0.00  0.0    0  9.8 21  30   M    M   0        29  40
16  89  75  82   4   0  17    T  0.0    0 13.8 22  40   M    M   2        33  50
17  89  78  84   6   0  19    T  0.0    0 12.0 18  50   M    M   1        31  40
18  85  76  81   3   0  16 0.00  0.0    0 13.4 25  50   M    M   1        36  40
19  85  73  79   1   0  14 0.01  0.0    0 11.7 21  60   M    M   2        30  60
20  84  74  79   1   0  14 0.03  0.0    0 11.6 21  30   M    M   4        30  40
21  85  74  80   2   0  15 0.00  0.0    0  9.6 20  40   M    M   8        28  50
22  86  74  80   2   0  15    T  0.0    0 10.3 18  40   M    M   3        29  70
23  92  76  84   6   0  19 0.02  0.0    0 10.0 20  40   M    M   2        29  50
24  90  75  83   5   0  18 0.00  0.0    0  9.8 17  40   M    M   2        25  40
25  87  75  81   3   0  16 0.02  0.0    0 11.5 22  50   M    M   3        30  60
26  86  74  80   2   0  15 0.06  0.0    0 12.1 25  60   M    M   4 1      34  50
================================================================================
SM 2249 1938         0 410  2.42     0.0 286.5          M      100
================================================================================
AV 86.5 74.5                              11.0 FASTST   M    M   4    MAX(MPH)
                                 MISC ---->  # 25  50               # 39   40
================================================================================
NOTES:
# LAST OF SEVERAL OCCURRENCES

COLUMN 17 PEAK WIND IN M.P.H.

PRELIMINARY LOCAL CLIMATOLOGICAL DATA (WS FORM: F-6) , PAGE 2

                                          STATION:  MOLOKAI HI
                                          MONTH:    SEPTEMBER
                                          YEAR:     2016
                                          LATITUDE:   21  8 N
                                          LONGITUDE: 157  6 W

[TEMPERATURE DATA]      [PRECIPITATION DATA]       SYMBOLS USED IN COLUMN 16

AVERAGE MONTHLY: 80.5   TOTAL FOR MONTH:   2.42    1 = FOG OR MIST
DPTR FM NORMAL:   2.5   DPTR FM NORMAL:    1.80    2 = FOG REDUCING VISIBILITY
HIGHEST:    92 ON 23    GRTST 24HR  1.09 ON  4- 4      TO 1/4 MILE OR LESS
LOWEST:     71 ON 11                               3 = THUNDER
                        SNOW, ICE PELLETS, HAIL    4 = ICE PELLETS
                        TOTAL MONTH:   0.0 INCH    5 = HAIL
                        GRTST 24HR     0.0         6 = FREEZING RAIN OR DRIZZLE
                        GRTST DEPTH:   0           7 = DUSTSTORM OR SANDSTORM:
                                                       VSBY 1/2 MILE OR LESS
                                                   8 = SMOKE OR HAZE
[NO. OF DAYS WITH]      [WEATHER - DAYS WITH]      9 = BLOWING SNOW
                                                   X = TORNADO
MAX 32 OR BELOW:   0    0.01 INCH OR MORE:  13
MAX 90 OR ABOVE:   2    0.10 INCH OR MORE:   3
MIN 32 OR BELOW:   0    0.50 INCH OR MORE:   2
MIN  0 OR BELOW:   0    1.00 INCH OR MORE:   1

[HDD (BASE 65) ]
TOTAL THIS MO.     0    CLEAR  (SCALE 0-3)  11
DPTR FM NORMAL     0    PTCLDY (SCALE 4-7)  15
TOTAL FM JUL 1     0    CLOUDY (SCALE 8-10)  0
DPTR FM NORMAL     0

[CDD (BASE 65) ]
TOTAL THIS MO.   410
DPTR FM NORMAL    65    [PRESSURE DATA]
TOTAL FM JAN 1  3050    HIGHEST SLP M ON M
DPTR FM NORMAL   528    LOWEST  SLP 29.91 ON 10

[REMARKS]
