000
CXHW52 PHFO 271250
CF6MKK
PRELIMINARY LOCAL CLIMATOLOGICAL DATA (WS FORM: F-6)

                                          STATION:   MOLOKAI HI
                                          MONTH:     JULY
                                          YEAR:      2014
                                          LATITUDE:   21  8 N
                                          LONGITUDE: 157  6 W

  TEMPERATURE IN F:       :PCPN:    SNOW:  WIND      :SUNSHINE: SKY     :PK WND
================================================================================
1   2   3   4   5  6A  6B    7    8   9   10  11  12  13   14  15   16   17  18
                                     12Z  AVG MX 2MIN
DY MAX MIN AVG DEP HDD CDD  WTR  SNW DPTH SPD SPD DIR MIN PSBL S-S WX    SPD DR
================================================================================

 1  86  72  79   2   0  14 0.00  0.0    0 10.8 20  50   M    M   3        24  50
 2  86  73  80   3   0  15    T  0.0    0 12.9 22  50   M    M   3        33  50
 3  84  74  79   2   0  14    T  0.0    0 14.3 22  30   M    M   2        32  30
 4  84  72  78   1   0  13    T  0.0    0 13.5 23  60   M    M   2 1      31  50
 5  82  70  76  -1   0  11 0.02  0.0    0  9.8 17  40   M    M   6 18     28  30
 6  84  72  78   1   0  13    T  0.0    0 11.5 22  50   M    M   1 1      32  50
 7  84  72  78   1   0  13 0.00  0.0    0 12.8 24  50   M    M   5        31  60
 8  85  71  78   1   0  13 0.04  0.0    0 11.5 23  50   M    M   2 1      31  50
 9  84  72  78   1   0  13 0.01  0.0    0 13.4 25  50   M    M   3 1      38  60
10  86  73  80   2   0  15    T  0.0    0 14.3 25  50   M    M   1        37  40
11  85  71  78   0   0  13    T  0.0    0 13.2 25  50   M    M   2        37  50
12  85  73  79   1   0  14    T  0.0    0 12.1 23  50   M    M   3        31  40
13  86  73  80   2   0  15 0.00  0.0    0 12.5 26  50   M    M   2        36  50
14  87  75  81   3   0  16 0.00  0.0    0 12.2 21  50   M    M   3        30  60
15  84  74  79   1   0  14    T  0.0    0 13.6 21  50   M    M   2 18     30  10
16  84  73  79   1   0  14 0.00  0.0    0 13.2 24  50   M    M   2        36  60
17  84  70  77  -1   0  12 0.03  0.0    0 13.2 28  50   M    M   1 1      37  60
18  84  72  78   0   0  13 0.00  0.0    0 12.9 24  50   M    M   1        36  50
19  85  70  78   0   0  13 0.13  0.0    0 11.8 24  50   M    M   4 1      35  30
20  80  68  74  -4   0   9 0.88  0.0    0 13.0 26  50   M    M   6 1      39  40
21  86  73  80   2   0  15    T  0.0    0  4.7 13 120   M    M   6        20  40
22  86  74  80   2   0  15 0.00  0.0    0 10.0 24  50   M    M   4 1      36  50
23  85  74  80   2   0  15 0.01  0.0    0 15.0 25  60   M    M   2        35  50
24  83  73  78   0   0  13 0.02  0.0    0 12.6 22  60   M    M   3 1      30  70
25  85  73  79   1   0  14 0.04  0.0    0 11.3 21  50   M    M   2 1      28  50
26  85  73  79   1   0  14 0.00  0.0    0  9.0 20  50   M    M   4        25  30
================================================================================
SM 2199 1880         0 353  1.18     0.0 315.1          M       75
================================================================================
AV 84.6 72.3                              12.1 FASTST   M    M   3    MAX(MPH)
                                 MISC ---->  # 28  50               # 39   40
================================================================================
NOTES:
# LAST OF SEVERAL OCCURRENCES

COLUMN 17 PEAK WIND IN M.P.H.

PRELIMINARY LOCAL CLIMATOLOGICAL DATA (WS FORM: F-6) , PAGE 2

                                          STATION:  MOLOKAI HI
                                          MONTH:    JULY
                                          YEAR:     2014
                                          LATITUDE:   21  8 N
                                          LONGITUDE: 157  6 W

[TEMPERATURE DATA]      [PRECIPITATION DATA]       SYMBOLS USED IN COLUMN 16

AVERAGE MONTHLY: 78.4   TOTAL FOR MONTH:   1.18    1 = FOG OR MIST
DPTR FM NORMAL:   0.8   DPTR FM NORMAL:    0.67    2 = FOG REDUCING VISIBILITY
HIGHEST:    87 ON 14    GRTST 24HR  1.01 ON 19-20      TO 1/4 MILE OR LESS
LOWEST:     68 ON 20                               3 = THUNDER
                        SNOW, ICE PELLETS, HAIL    4 = ICE PELLETS
                        TOTAL MONTH:   0.0 INCH    5 = HAIL
                        GRTST 24HR     0.0         6 = FREEZING RAIN OR DRIZZLE
                        GRTST DEPTH:   0           7 = DUSTSTORM OR SANDSTORM:
                                                       VSBY 1/2 MILE OR LESS
                                                   8 = SMOKE OR HAZE
[NO. OF DAYS WITH]      [WEATHER - DAYS WITH]      9 = BLOWING SNOW
                                                   X = TORNADO
MAX 32 OR BELOW:   0    0.01 INCH OR MORE:   9
MAX 90 OR ABOVE:   0    0.10 INCH OR MORE:   2
MIN 32 OR BELOW:   0    0.50 INCH OR MORE:   1
MIN  0 OR BELOW:   0    1.00 INCH OR MORE:   0

[HDD (BASE 65) ]
TOTAL THIS MO.     0    CLEAR  (SCALE 0-3)  18
DPTR FM NORMAL     0    PTCLDY (SCALE 4-7)   8
TOTAL FM JUL 1     0    CLOUDY (SCALE 8-10)  0
DPTR FM NORMAL     0

[CDD (BASE 65) ]
TOTAL THIS MO.   353
DPTR FM NORMAL    26    [PRESSURE DATA]
TOTAL FM JAN 1  1826    HIGHEST SLP M ON M
DPTR FM NORMAL   131    LOWEST  SLP 29.92 ON 20

[REMARKS]
