000
CXUS55 KBYZ 011055
CF6MLS
PRELIMINARY LOCAL CLIMATOLOGICAL DATA (WS FORM: F-6)

                                          STATION:   MILES CITY MT
                                          MONTH:     JULY
                                          YEAR:      2015
                                          LATITUDE:   46 25 N
                                          LONGITUDE: 105 53 W

  TEMPERATURE IN F:       :PCPN:    SNOW:  WIND      :SUNSHINE: SKY     :PK WND
================================================================================
1   2   3   4   5  6A  6B    7    8   9   10  11  12  13   14  15   16   17  18
                                     12Z  AVG MX 2MIN
DY MAX MIN AVG DEP HDD CDD  WTR  SNW DPTH SPD SPD DIR MIN PSBL S-S WX    SPD DR
================================================================================

 1  87  63  75   4   0  10    T    M    M  7.6 20  20   M    M   2 8      24  20
 2  86  58  72   1   0   7 0.00    M    M 10.2 22 340   M    M   1 8      31 320
 3  91  57  74   3   0   9 0.00    M    M  3.8 12 170   M    M   0 8      16 170
 4 102  65  84  12   0  19    T    M    M  8.6 22  50   M    M   0        30 230
 5  72  58  65  -7   0   0 0.04    M    M 14.7 33  40   M    M   7 18     44  30
 6  77  56  67  -5   0   2 0.04    M    M  5.7 14 270   M    M   7 1      17 260
 7  83  52  68  -4   0   3 0.00    M    M  8.0 21  20   M    M   1        27  20
 8  84  59  72  -1   0   7    T    M    M  6.6 14 320   M    M   2        16 320
 9  90  58  74   1   0   9 0.00    M    M  9.8 18 180   M    M   0        31 180
10  94  65  80   7   0  15 0.04    M    M  9.2 22 280   M    M   1 13     27 230
11  94  60  77   4   0  12 0.00    M    M 11.3 25 250   M    M   0        32 260
12  91  64  78   4   0  13 0.00    M    M 14.7 33 290   M    M   1        42 290
13  95  62  79   5   0  14 0.00    M    M 11.5 24 300   M    M   1        32 290
14  92  64  78   4   0  13 0.01    M    M  7.4 38 240   M    M   2        46 240
15  91  63  77   3   0  12 0.07    M    M  8.1 35 310   M    M   2 38     41 320
16  91  59  75   1   0  10 0.06    M    M 10.1 30 320   M    M   2        39 310
17  80  56  68  -6   0   3 0.08    M    M 11.5 28 320   M    M   3        35 310
18  78  56  67  -8   0   2 0.00    M    M 13.1 23 280   M    M   5        32 280
19  93  53  73  -2   0   8 0.00    M    M 11.6 28 290   M    M   1        32 290
20  88  56  72  -3   0   7 0.00    M    M  8.5 20  50   M    M   0        23  60
21  96  62  79   4   0  14 0.12    M    M 10.5 36 320   M    M   1 13     43 320
22  99  64  82   7   0  17    T    M    M  8.1 44 310   M    M   1 3      54 310
23  91  63  77   2   0  12    T    M    M  9.0 23 310   M    M   1        29 310
24  94  58  76   1   0  11 0.00    M    M  8.6 23 280   M    M   0 8      30 290
25  96  69  83   8   0  18 0.00    M    M  6.9 17 260   M    M   0        21 280
26  97  65  81   5   0  16 0.00    M    M  8.6 23  60   M    M   0        28  60
27  91  56  74  -2   0   9 0.44    M    M 13.3 58 300   M    M   2 13     75 300
28  74  56  65 -11   0   0    T    M    M 25.6 44 270   M    M   6        59 280
29  85  51  68  -8   0   3 0.00    M    M  9.6 23 270   M    M   1        29 280
30  93  53  73  -3   0   8 0.00    M    M  7.4 17 330   M    M   1        23 300
31  98  58  78   2   0  13 0.00    M    M  7.1 18 210   M    M   0        24 220
================================================================================
SM 2773 1839         0 296  0.90    M    306.7          M       51
================================================================================
AV 89.5 59.3                               9.9 FASTST   M    M   2    MAX(MPH)
                                 MISC ---->  # 58 300               # 75  300
================================================================================
NOTES:
# LAST OF SEVERAL OCCURRENCES

COLUMN 17 PEAK WIND IN M.P.H.

PRELIMINARY LOCAL CLIMATOLOGICAL DATA (WS FORM: F-6) , PAGE 2

                                          STATION:  MILES CITY MT
                                          MONTH:    JULY
                                          YEAR:     2015
                                          LATITUDE:   46 25 N
                                          LONGITUDE: 105 53 W

[TEMPERATURE DATA]      [PRECIPITATION DATA]       SYMBOLS USED IN COLUMN 16

AVERAGE MONTHLY: 74.4   TOTAL FOR MONTH:   0.90    1 = FOG OR MIST
DPTR FM NORMAL:   0.5   DPTR FM NORMAL:   -0.74    2 = FOG REDUCING VISIBILITY
HIGHEST:   102 ON  4    GRTST 24HR  0.44 ON 27-27      TO 1/4 MILE OR LESS
LOWEST:     51 ON 29                               3 = THUNDER
                        SNOW, ICE PELLETS, HAIL    4 = ICE PELLETS
                        TOTAL MONTH:    M          5 = HAIL
                        GRTST 24HR    M  ON   M    6 = FREEZING RAIN OR DRIZZLE
                        GRTST DEPTH:  M  ON   M    7 = DUSTSTORM OR SANDSTORM:
                                                       VSBY 1/2 MILE OR LESS
                                                   8 = SMOKE OR HAZE
[NO. OF DAYS WITH]      [WEATHER - DAYS WITH]      9 = BLOWING SNOW
                                                   X = TORNADO
MAX 32 OR BELOW:   0    0.01 INCH OR MORE:   9
MAX 90 OR ABOVE:  20    0.10 INCH OR MORE:   2
MIN 32 OR BELOW:   0    0.50 INCH OR MORE:   0
MIN  0 OR BELOW:   0    1.00 INCH OR MORE:   0

[HDD (BASE 65) ]
TOTAL THIS MO.     0    CLEAR  (SCALE 0-3)  27
DPTR FM NORMAL   -12    PTCLDY (SCALE 4-7)   4
TOTAL FM JUL 1     0    CLOUDY (SCALE 8-10)  0
DPTR FM NORMAL   -12

[CDD (BASE 65) ]
TOTAL THIS MO.   296
DPTR FM NORMAL     8    [PRESSURE DATA]
TOTAL FM JAN 1   459    HIGHEST SLP 30.23 ON  6
DPTR FM NORMAL    44    LOWEST  SLP 29.47 ON 27

[REMARKS]
#FINAL-07-15#
