000
CXUS55 KBYZ 201055
CF6MLS
PRELIMINARY LOCAL CLIMATOLOGICAL DATA (WS FORM: F-6)

                                          STATION:   MILES CITY MT
                                          MONTH:     SEPTEMBER
                                          YEAR:      2014
                                          LATITUDE:   46 25 N
                                          LONGITUDE: 105 53 W

  TEMPERATURE IN F:       :PCPN:    SNOW:  WIND      :SUNSHINE: SKY     :PK WND
================================================================================
1   2   3   4   5  6A  6B    7    8   9   10  11  12  13   14  15   16   17  18
                                     12Z  AVG MX 2MIN
DY MAX MIN AVG DEP HDD CDD  WTR  SNW DPTH SPD SPD DIR MIN PSBL S-S WX    SPD DR
================================================================================

 1  75  50  63  -4   2   0 0.00    M    M 10.6 21 310   M    M   3        27 300
 2  78  47  63  -4   2   0 0.00    M    M  7.1 14 310   M    M   0        18 280
 3  87  48  68   2   0   3 0.00    M    M  9.4 46 320   M    M   0        56 320
 4  69  45  57  -9   8   0 0.00    M    M 14.4 29 330   M    M   3 8      37 290
 5  73  42  58  -7   7   0 0.00    M    M  6.3 12 150   M    M   0        13 150
 6  81  44  63  -2   2   0 0.00    M    M  6.9 15 270   M    M   0        20 270
 7  87  46  67   3   0   2 0.00    M    M  5.9 15 280   M    M   0        18 260
 8  86  46  66   2   0   1 0.00    M    M  8.5 24  50   M    M   0        32  50
 9  57  43  50 -13  15   0 0.04    M    M 12.9 22  40   M    M   9 1      26  50
10  43  38  41 -22  24   0 0.16    M    M 12.2 18  60   M    M   9 1      22  50
11  48  32  40 -22  25   0 0.02    M    M  6.4 14  30   M    M   8        18  30
12  62  29  46 -16  19   0 0.00    M    M  9.1 20 160   M    M   1        25 150
13  57  35  46 -15  19   0 0.00    M    M  9.8 23 330   M    M   3        30 330
14  65  37  51 -10  14   0 0.00    M    M  8.3 20  40   M    M   1        24  40
15  73  34  54  -6  11   0 0.00    M    M  6.1 14 160   M    M   0        17 160
16  80  40  60   0   5   0 0.00    M    M  3.8  9  50   M    M   0 8      11 150
17  85  46  66   7   0   1    T    M    M  7.0 17 160   M    M   0        22 140
18  78  56  67   8   0   2    T    M    M  9.7 22 260   M    M   1        28 250
19  80  55  68  10   0   3 0.00    M    M 12.4 26 290   M    M   3        32 280
================================================================================
SM 1364  813       153  12  0.22    M    166.8          M       41
================================================================================
AV 71.8 42.8                               8.8 FASTST   M    M   2    MAX(MPH)
                                 MISC ---->  # 46 320               # 56  320
================================================================================
NOTES:
# LAST OF SEVERAL OCCURRENCES

COLUMN 17 PEAK WIND IN M.P.H.

PRELIMINARY LOCAL CLIMATOLOGICAL DATA (WS FORM: F-6) , PAGE 2

                                          STATION:  MILES CITY MT
                                          MONTH:    SEPTEMBER
                                          YEAR:     2014
                                          LATITUDE:   46 25 N
                                          LONGITUDE: 105 53 W

[TEMPERATURE DATA]      [PRECIPITATION DATA]       SYMBOLS USED IN COLUMN 16

AVERAGE MONTHLY: 57.3   TOTAL FOR MONTH:   0.22    1 = FOG OR MIST
DPTR FM NORMAL:  -5.4   DPTR FM NORMAL:   -0.44    2 = FOG REDUCING VISIBILITY
HIGHEST:    87 ON  7, 3 GRTST 24HR  0.18 ON 10-11      TO 1/4 MILE OR LESS
LOWEST:     29 ON 12                               3 = THUNDER
                        SNOW, ICE PELLETS, HAIL    4 = ICE PELLETS
                        TOTAL MONTH:    M          5 = HAIL
                        GRTST 24HR    M  ON   M    6 = FREEZING RAIN OR DRIZZLE
                        GRTST DEPTH:  M  ON   M    7 = DUSTSTORM OR SANDSTORM:
                                                       VSBY 1/2 MILE OR LESS
                                                   8 = SMOKE OR HAZE
[NO. OF DAYS WITH]      [WEATHER - DAYS WITH]      9 = BLOWING SNOW
                                                   X = TORNADO
MAX 32 OR BELOW:   0    0.01 INCH OR MORE:   3
MAX 90 OR ABOVE:   0    0.10 INCH OR MORE:   1
MIN 32 OR BELOW:   2    0.50 INCH OR MORE:   0
MIN  0 OR BELOW:   0    1.00 INCH OR MORE:   0

[HDD (BASE 65) ]
TOTAL THIS MO.   153    CLEAR  (SCALE 0-3)  15
DPTR FM NORMAL    62    PTCLDY (SCALE 4-7)   2
TOTAL FM JUL 1   187    CLOUDY (SCALE 8-10)  2
DPTR FM NORMAL    62

[CDD (BASE 65) ]
TOTAL THIS MO.    12
DPTR FM NORMAL   -38    [PRESSURE DATA]
TOTAL FM JAN 1   607    HIGHEST SLP  0.00 ON 17
DPTR FM NORMAL  -115    LOWEST  SLP 29.47 ON  3

[REMARKS]
