000
CXUS51 KCAR 012037
CF6MLT
PRELIMINARY LOCAL CLIMATOLOGICAL DATA (WS FORM: F-6)

                                          STATION:   MILLINOCKET ME
                                          MONTH:     APRIL
                                          YEAR:      2016
                                          LATITUDE:   45 39 N
                                          LONGITUDE:  68 41 W

  TEMPERATURE IN F:       :PCPN:    SNOW:  WIND      :SUNSHINE: SKY     :PK WND
================================================================================
1   2   3   4   5  6A  6B    7    8   9   10  11  12  13   14  15   16   17  18
                                     12Z  AVG MX 2MIN
DY MAX MIN AVG DEP HDD CDD  WTR  SNW DPTH SPD SPD DIR MIN PSBL S-S WX    SPD DR
================================================================================

 1  63  45  54  20  11   0 0.32    M    M  4.2 12 290   M    M   8 1      20 280
 2  44  34  39   5  26   0 0.11    M    M  1.9 20 300   M    M   6 1      30 290
 3  36  13  25 -10  40   0 0.00    M    M 16.1 31 310   M    M   3        43 300
 4  29   9  19 -16  46   0 0.00    M    M 10.0 22 290   M    M   1        36 300
 5  28  11  20 -16  45   0 0.00    M    M  8.8 21 310   M    M   1        27 300
 6  40  13  27  -9  38   0 0.04    M    M  4.7 13 170   M    M   3 1      23 160
 7  51  29  40   3  25   0 1.19    M    M  5.8 20 160   M    M  10 16     31 170
 8  54  34  44   7  21   0 0.35    M    M  5.5 15 170   M    M  10 13     27 150
 9  37  25  31  -7  34   0 0.00    M    M 10.5 17 310   M    M   6        26 310
10  40  19  30  -8  35   0 0.00    M    M  8.9 21 320   M    M   0        28 270
11  43  20  32  -7  33   0 0.01    M    M  3.9 13 160   M    M   8 1      22 140
12  51  30  41   2  24   0 0.78    M    M  5.4 18 300   M    M   8 1      26 300
13  47  28  38  -2  27   0 0.00    M    M  5.9 18 290   M    M   0        26 300
14  50  25  38  -2  27   0 0.00    M    M  7.1 17  30   M    M   0        25 360
15  52  30  41   0  24   0 0.00    M    M  9.7 26 350   M    M   0        35 340
16  57  30  44   3  21   0 0.00    M    M  6.5 17  70   M    M   0        23  70
17  72  27  50   8  15   0 0.00    M    M  3.8 14 310   M    M   1        19 310
18  58  42  50   8  15   0 0.00    M    M  6.9 15 350   M    M   4        22  30
19  56  36  46   3  19   0 0.00    M    M  5.6 23 330   M    M   7        29 310
20  55  36  46   3  19   0 0.00    M    M  8.7 18 330   M    M   2        24 340
21  70  40  55  11  10   0 0.00    M    M  8.1 20 320   M    M   0        26 320
22  69  35  52   8  13   0    T    M    M  1.5 10 160   M    M   7        14 260
23  56  36  46   1  19   0 0.00    M    M  9.3 20 300   M    M   6        26 310
24  49  30  40  -5  25   0 0.00    M    M  8.0 23 340   M    M   1        29 330
25  49  28  39  -7  26   0 0.00    M    M  8.5 21 310   M    M   1        27 310
26  46  23  35 -11  30   0 0.00    M    M  2.4  9 260   M    M   0        14 250
27  49  22  36 -11  29   0 0.00    M    M  8.5 21 320   M    M   3        27 300
28  44  23  34 -13  31   0    T    M    M  7.0 20 300   M    M   0        27 310
29  55  19  37 -11  28   0 0.00    M    M  2.4 14 310   M    M   0        19 290
30  61  25  43  -5  22   0 0.00    M    M  3.7 14 330   M    M   0        19 300
================================================================================
SM 1511  817       778   0  2.80    M    199.3          M       96
================================================================================
AV 50.4 27.2                               6.6 FASTST   M    M   3    MAX(MPH)
                                 MISC ---->  # 31 310               # 43  300
================================================================================
NOTES:
# LAST OF SEVERAL OCCURRENCES

COLUMN 17 PEAK WIND IN M.P.H.

PRELIMINARY LOCAL CLIMATOLOGICAL DATA (WS FORM: F-6) , PAGE 2

                                          STATION:  MILLINOCKET ME
                                          MONTH:    APRIL
                                          YEAR:     2016
                                          LATITUDE:   45 39 N
                                          LONGITUDE:  68 41 W

[TEMPERATURE DATA]      [PRECIPITATION DATA]       SYMBOLS USED IN COLUMN 16

AVERAGE MONTHLY: 38.8   TOTAL FOR MONTH:   2.80    1 = FOG OR MIST
DPTR FM NORMAL:  -2.1   DPTR FM NORMAL:   -0.76    2 = FOG REDUCING VISIBILITY
HIGHEST:    72 ON 17    GRTST 24HR  1.19 ON  7- 7      TO 1/4 MILE OR LESS
LOWEST:      9 ON  4                               3 = THUNDER
                        SNOW, ICE PELLETS, HAIL    4 = ICE PELLETS
                        TOTAL MONTH:    M          5 = HAIL
                        GRTST 24HR    M  ON   M    6 = FREEZING RAIN OR DRIZZLE
                        GRTST DEPTH:  M  ON   M    7 = DUSTSTORM OR SANDSTORM:
                                                       VSBY 1/2 MILE OR LESS
                                                   8 = SMOKE OR HAZE
[NO. OF DAYS WITH]      [WEATHER - DAYS WITH]      9 = BLOWING SNOW
                                                   X = TORNADO
MAX 32 OR BELOW:   2    0.01 INCH OR MORE:   7
MAX 90 OR ABOVE:   0    0.10 INCH OR MORE:   5
MIN 32 OR BELOW:  21    0.50 INCH OR MORE:   2
MIN  0 OR BELOW:   0    1.00 INCH OR MORE:   1

[HDD (BASE 65) ]
TOTAL THIS MO.   778    CLEAR  (SCALE 0-3)  17
DPTR FM NORMAL    56    PTCLDY (SCALE 4-7)   9
TOTAL FM JUL 1  6838    CLOUDY (SCALE 8-10)  4
DPTR FM NORMAL -1083

[CDD (BASE 65) ]
TOTAL THIS MO.     0
DPTR FM NORMAL     0    [PRESSURE DATA]
TOTAL FM JAN 1     0    HIGHEST SLP M ON M
DPTR FM NORMAL     0    LOWEST  SLP 29.22 ON  3

[REMARKS]
#FINAL-04-16#
