000
CXUS56 KPQR 271200
CF6MMV
PRELIMINARY LOCAL CLIMATOLOGICAL DATA (WS FORM: F-6)

                                          STATION:   MCMINNVILLE OR
                                          MONTH:     FEBRUARY
                                          YEAR:      2017
                                          LATITUDE:   45 11 N
                                          LONGITUDE: 123  8 W

  TEMPERATURE IN F:       :PCPN:    SNOW:  WIND      :SUNSHINE: SKY     :PK WND
================================================================================
1   2   3   4   5  6A  6B    7    8   9   10  11  12  13   14  15   16   17  18
                                     12Z  AVG MX 2MIN
DY MAX MIN AVG DEP HDD CDD  WTR  SNW DPTH SPD SPD DIR MIN PSBL S-S WX    SPD DR
================================================================================

 1  42  35  39  -3  26   0 0.00  0.0    0 14.5 22  10   M    M   4        27  30
 2  46  33  40  -2  25   0    T    M    0 13.1 21  50   M    M   7        32  40
 3  38  31  35  -7  30   0 0.73    M    0  4.8 15 330   M    M   8 16     20 350
 4  53  38  46   4  19   0 0.82    M    0 10.5 23 190   M    M   9 1      31 210
 5  46  36  41  -1  24   0 2.51    M    0  6.9 17 230   M    M  10 1      23 250
 6  45  34  40  -2  25   0 0.24    M    0  8.6 23 200   M    M   8 1      29 210
 7  41  35  38  -4  27   0 0.10    M    0  5.4 15 330   M    M   9 1      28 120
 8  44  39  42   0  23   0 1.32    M    0  4.0 12 360   M    M   9 1      29 330
 9  60  42  51   9  14   0 0.66    M    0 17.1 33 190   M    M   9 1      45 200
10  50  37  44   2  21   0 0.12    M    0 12.6 24 260   M    M   5 1      31 260
11  52  34  43   1  22   0    T    M    0  3.1  8 340   M    M   4 1      10 240
12  52  34  43   1  22   0 0.00  0.0    0  5.5 10 340   M    M   0        12 340
13  59  33  46   4  19   0 0.00  0.0    0  7.1 14 340   M    M   0        18 350
14  53  31  42   0  23   0 0.12    M    0  2.4  9 350   M    M   4 1      10 340
15  58  45  52   9  13   0 1.05  0.0    0  7.5 31 180   M    M  10 1      40 180
16  56  44  50   7  15   0 1.58  0.0    0  7.3 21 180   M    M   9 1      29 190
17  57  43  50   7  15   0    T    M    0  7.4 14 360   M    M   5 1      17 350
18  54  42  48   5  17   0 0.14    M    0  6.6 18 250   M    M   9        23 250
19  49  40  45   2  20   0 0.38    M    0 10.4 26 190   M    M   8 1      33 190
20  51  42  47   4  18   0 0.80    M    0  6.5 18 230   M    M   9 1      24 220
21  48  38  43   0  22   0 0.56    M    0  5.2 12 190   M    M   8 1      14 210
22  46  33  40  -3  25   0 0.02    M    0  2.6 15 310   M    M   7 12     20 320
23  47  31  39  -4  26   0 0.01    M    0  2.3 13  50   M    M   8 12     16 260
24  42  31  37  -7  28   0 0.02    M    0  6.0 17 160   M    M   9        29 140
25  49  31  40  -4  25   0    T    M    0  4.0  9 220   M    M   5 1      15 230
26  45  35  40  -4  25   0 0.22    M    0  7.4 37 320   M    M   9 1      38 320
================================================================================
SM 1283  947       569   0 11.40     0.0 188.8          M      182
================================================================================
AV 49.4 36.4                               7.3 FASTST   M    M   7    MAX(MPH)
                                 MISC ---->  # 37 320               # 45  200
================================================================================
NOTES:
# LAST OF SEVERAL OCCURRENCES

COLUMN 17 PEAK WIND IN M.P.H.

PRELIMINARY LOCAL CLIMATOLOGICAL DATA (WS FORM: F-6) , PAGE 2

                                          STATION:  MCMINNVILLE OR
                                          MONTH:    FEBRUARY
                                          YEAR:     2017
                                          LATITUDE:   45 11 N
                                          LONGITUDE: 123  8 W

[TEMPERATURE DATA]      [PRECIPITATION DATA]       SYMBOLS USED IN COLUMN 16

AVERAGE MONTHLY: 42.9   TOTAL FOR MONTH:  11.40    1 = FOG OR MIST
DPTR FM NORMAL:   0.3   DPTR FM NORMAL:    7.30    2 = FOG REDUCING VISIBILITY
HIGHEST:    60 ON  9    GRTST 24HR  2.60 ON  4- 5      TO 1/4 MILE OR LESS
LOWEST:     31 ON 25,24                            3 = THUNDER
                        SNOW, ICE PELLETS, HAIL    4 = ICE PELLETS
                        TOTAL MONTH:   0.0 INCH    5 = HAIL
                        GRTST 24HR     0.0         6 = FREEZING RAIN OR DRIZZLE
                        GRTST DEPTH:   0           7 = DUSTSTORM OR SANDSTORM:
                                                       VSBY 1/2 MILE OR LESS
                                                   8 = SMOKE OR HAZE
[NO. OF DAYS WITH]      [WEATHER - DAYS WITH]      9 = BLOWING SNOW
                                                   X = TORNADO
MAX 32 OR BELOW:   0    0.01 INCH OR MORE:  19
MAX 90 OR ABOVE:   0    0.10 INCH OR MORE:  16
MIN 32 OR BELOW:   5    0.50 INCH OR MORE:   9
MIN  0 OR BELOW:   0    1.00 INCH OR MORE:   4

[HDD (BASE 65) ]
TOTAL THIS MO.   569    CLEAR  (SCALE 0-3)   2
DPTR FM NORMAL   -14    PTCLDY (SCALE 4-7)  12
TOTAL FM JUL 1  3249    CLOUDY (SCALE 8-10) 12
DPTR FM NORMAL   -89

[CDD (BASE 65) ]
TOTAL THIS MO.     0
DPTR FM NORMAL     0    [PRESSURE DATA]
TOTAL FM JAN 1     0    HIGHEST SLP M ON M
DPTR FM NORMAL     0    LOWEST  SLP 29.22 ON  5

[REMARKS]
