000
CXUS54 KMOB 281828
CF6MOB
PRELIMINARY LOCAL CLIMATOLOGICAL DATA (WS FORM: F-6)

                                          STATION:   MOBILE
                                          MONTH:     MAY
                                          YEAR:      2017
                                          LATITUDE:   30 40 N
                                          LONGITUDE:  88 15 W

  TEMPERATURE IN F:       :PCPN:    SNOW:  WIND      :SUNSHINE: SKY     :PK WND
================================================================================
1   2   3   4   5  6A  6B    7    8   9   10  11  12  13   14  15   16   17  18
                                     12Z  AVG MX 2MIN
DY MAX MIN AVG DEP HDD CDD  WTR  SNW DPTH SPD SPD DIR MIN PSBL S-S WX    SPD DR
================================================================================

 1  83  58  71   1   0   6 0.32  0.0    0  6.1 23 200   M    M   3 13     33 210
 2  85  54  70  -1   0   5 0.00  0.0    0  3.2 17 190   M    M   1        19 190
 3  83  59  71   0   0   6 1.23  0.0    0  7.5 30 100   M    M   6 13     39 110
 4  75  51  63  -8   2   0 1.47  0.0    0 10.5 31 130   M    M   6 13     38 120
 5  72  48  60 -11   5   0 0.00  0.0    0  8.9 21 320   M    M   3        30 280
 6  79  44  62 -10   3   0 0.00  0.0    0  5.0 15 220   M    M   1        20 220
 7  84  54  69  -3   0   4 0.00  0.0    0  4.7 15 200   M    M   0        21 190
 8  87  57  72   0   0   7 0.00  0.0    0  3.9 13  40   M    M   3 1      15  40
 9  87  59  73   1   0   8 0.00  0.0    0  4.3 17 160   M    M   2 1      22 160
10  87  57  72  -1   0   7 0.00  0.0    0  4.8 15 210   M    M   2 1      19 200
11  85  61  73   0   0   8 0.00  0.0    0  5.6 17 180   M    M   5        20 180
12  81  64  73   0   0   8 0.99  0.0    0  7.4 22 330   M    M   6 123    28 350
13  82  65  74   0   0   9 0.00  0.0    0  9.0 20 350   M    M   6 12     24 320
14  88  62  75   1   0  10 0.00  0.0    0  4.5 12  40   M    M   1        16  20
15  89  63  76   2   0  11 0.00  0.0    0  4.0 12 170   M    M   3 1      14 180
16  89  64  77   3   0  12 0.00  0.0    0  6.1 18 140   M    M   1 1      26 150
17  86  67  77   3   0  12    T  0.0    0  9.5 22 170   M    M   6        27 150
18  88  72  80   5   0  15 0.01  0.0    0  9.2 20 130   M    M   6 1      24 130
19  89  73  81   6   0  16 0.00  0.0    0  9.0 18 140   M    M   5        23 160
20  83  70  77   2   0  12 4.37  0.0    0  9.2 29 330   M    M   6 13     42 330
21  76  67  72  -3   0   7 0.08  0.0    0  5.3 20 160   M    M   6 3      26 160
22  81  65  73  -3   0   8 0.11  0.0    0  3.2  8 340   M    M   5 1      11 350
23  83  70  77   1   0  12 1.71  0.0    0  7.5 23 200   M    M   7 138    29 190
24  76  58  67  -9   0   2 0.00  0.0    0  6.7 16 330   M    M   5        22 290
25  81  54  68  -8   0   3 0.00  0.0    0  5.3 13 290   M    M   0        21 320
26  84  65  75  -1   0  10 0.00  0.0    0  8.2 16 190   M    M   2        20 190
27  88  70  79   2   0  14 0.00  0.0    0  6.4 16 190   M    M   7        20 200
================================================================================
SM 2251 1651        10 212 10.29     0.0 175.0          M      104
================================================================================
AV 83.4 61.2                               6.5 FASTST   M    M   4    MAX(MPH)
                                 MISC ---->  # 31 130               # 42  330
================================================================================
NOTES:
# LAST OF SEVERAL OCCURRENCES

COLUMN 17 PEAK WIND IN M.P.H.

PRELIMINARY LOCAL CLIMATOLOGICAL DATA (WS FORM: F-6) , PAGE 2

                                          STATION:  MOBILE
                                          MONTH:    MAY
                                          YEAR:     2017
                                          LATITUDE:   30 40 N
                                          LONGITUDE:  88 15 W

[TEMPERATURE DATA]      [PRECIPITATION DATA]       SYMBOLS USED IN COLUMN 16

AVERAGE MONTHLY: 72.3   TOTAL FOR MONTH:  10.29    1 = FOG OR MIST
DPTR FM NORMAL:  -1.4   DPTR FM NORMAL:    5.87    2 = FOG REDUCING VISIBILITY
HIGHEST:    89 ON 19,16 GRTST 24HR  4.37 ON 20-20      TO 1/4 MILE OR LESS
LOWEST:     44 ON  6                               3 = THUNDER
                        SNOW, ICE PELLETS, HAIL    4 = ICE PELLETS
                        TOTAL MONTH:   0.0 INCH    5 = HAIL
                        GRTST 24HR     0.0         6 = FREEZING RAIN OR DRIZZLE
                        GRTST DEPTH:   0           7 = DUSTSTORM OR SANDSTORM:
                                                       VSBY 1/2 MILE OR LESS
                                                   8 = SMOKE OR HAZE
[NO. OF DAYS WITH]      [WEATHER - DAYS WITH]      9 = BLOWING SNOW
                                                   X = TORNADO
MAX 32 OR BELOW:   0    0.01 INCH OR MORE:   9
MAX 90 OR ABOVE:   0    0.10 INCH OR MORE:   7
MIN 32 OR BELOW:   0    0.50 INCH OR MORE:   5
MIN  0 OR BELOW:   0    1.00 INCH OR MORE:   4

[HDD (BASE 65) ]
TOTAL THIS MO.    10    CLEAR  (SCALE 0-3)  11
DPTR FM NORMAL    10    PTCLDY (SCALE 4-7)  16
TOTAL FM JUL 1   923    CLOUDY (SCALE 8-10)  0
DPTR FM NORMAL  -768

[CDD (BASE 65) ]
TOTAL THIS MO.   212
DPTR FM NORMAL   -26    [PRESSURE DATA]
TOTAL FM JAN 1   547    HIGHEST SLP M ON M
DPTR FM NORMAL   150    LOWEST  SLP 29.60 ON 24

[REMARKS]
