000
CXUS52 KMHX 230700
CF6MRH
PRELIMINARY LOCAL CLIMATOLOGICAL DATA (WS FORM: F-6)

                                          STATION:   BEAUFORT/SMITH FIELD NC
                                          MONTH:     JUNE
                                          YEAR:      2017
                                          LATITUDE:   34 43 N
                                          LONGITUDE:  76 39 W

  TEMPERATURE IN F:       :PCPN:    SNOW:  WIND      :SUNSHINE: SKY     :PK WND
================================================================================
1   2   3   4   5  6A  6B    7    8   9   10  11  12  13   14  15   16   17  18
                                     12Z  AVG MX 2MIN
DY MAX MIN AVG DEP HDD CDD  WTR  SNW DPTH SPD SPD DIR MIN PSBL S-S WX    SPD DR
================================================================================

 1  82  74  78   6   0  13    T  0.0    0  8.8 15 240   M    M   4        19 240
 2  87  71  79   6   0  14 0.00  0.0    0  6.1 14 190   M    M   2        17 200
 3  83  67  75   2   0  10 0.00  0.0    0  7.5 15 220   M    M   0 1      19 200
 4  83  74  79   6   0  14 0.00  0.0    0 10.6 20 200   M    M   2        25 220
 5  83  77  80   7   0  15 0.02  0.0    0 16.4 26 220   M    M   2        33 210
 6  82  73  78   4   0  13    T  0.0    0  6.9 17 270   M    M   5 1      23 270
 7  73  63  68  -6   0   3 0.42  0.0    0 10.6 20  20   M    M   9 1      27  20
 8  68  62  65  -9   0   0 0.80  0.0    0 13.7 24  20   M    M  10 1      31  20
 9  77  59  68  -6   0   3 0.00  0.0    0  8.3 16 180   M    M   1 1      20 210
10  81  65  73  -2   0   8 0.00  0.0    0  8.6 17 200   M    M   1        22 190
11  82  71  77   2   0  12 0.00  0.0    0  8.3 17 200   M    M   0        20 190
12  84  72  78   3   0  13 0.00  0.0    0  8.0 15 200   M    M   0        18 200
13  82  69  76   1   0  11 0.00  0.0    0  9.2 16 220   M    M   0        19 210
14  84  76  80   4   0  15 0.00  0.0    0 11.6 22 220   M    M   0        25 220
15  84  72  78   2   0  13    T  0.0    0  6.9 15 210   M    M   1        18 210
16  85  77  81   5   0  16 0.00  0.0    0 12.1 23 200   M    M   6        26 210
17  85  76  81   5   0  16 0.05  0.0    M 12.5 20 210   M    M   M 1      25 180
18  86  78  82   6   0  17    T  0.0    0 15.9 23 200   M    M   1        28 200
19  86  78  82   5   0  17 0.06  0.0    0 17.5 28 220   M    M   2 1      34 220
20  83  75  79   2   0  14 0.35  0.0    0 11.5 21 210   M    M   6 1      28 230
21  80  74  77   0   0  12 0.36  0.0    0  9.5 17 260   M    M   6 1      23 270
22  85  78  82   5   0  17 0.02  0.0    0  8.9 16 210   M    M   3        18 220
================================================================================
SM 1805 1581         0 266  2.08     0.0 229.4          M       61
================================================================================
AV 82.1 71.9                              10.4 FASTST   M    M   3    MAX(MPH)
                                 MISC ---->  # 28 220               # 34  220
================================================================================
NOTES:
# LAST OF SEVERAL OCCURRENCES

COLUMN 17 PEAK WIND IN M.P.H.

PRELIMINARY LOCAL CLIMATOLOGICAL DATA (WS FORM: F-6) , PAGE 2

                                          STATION:  BEAUFORT/SMITH FIELD NC
                                          MONTH:    JUNE
                                          YEAR:     2017
                                          LATITUDE:   34 43 N
                                          LONGITUDE:  76 39 W

[TEMPERATURE DATA]      [PRECIPITATION DATA]       SYMBOLS USED IN COLUMN 16

AVERAGE MONTHLY: 77.0   TOTAL FOR MONTH:   2.08    1 = FOG OR MIST
DPTR FM NORMAL:   2.0   DPTR FM NORMAL:   -1.48    2 = FOG REDUCING VISIBILITY
HIGHEST:    87 ON  2    GRTST 24HR  0.80 ON  8- 8      TO 1/4 MILE OR LESS
LOWEST:     59 ON  9                               3 = THUNDER
                        SNOW, ICE PELLETS, HAIL    4 = ICE PELLETS
                        TOTAL MONTH:   0.0 INCH    5 = HAIL
                        GRTST 24HR     0.0         6 = FREEZING RAIN OR DRIZZLE
                        GRTST DEPTH:   0           7 = DUSTSTORM OR SANDSTORM:
                                                       VSBY 1/2 MILE OR LESS
                                                   8 = SMOKE OR HAZE
[NO. OF DAYS WITH]      [WEATHER - DAYS WITH]      9 = BLOWING SNOW
                                                   X = TORNADO
MAX 32 OR BELOW:   0    0.01 INCH OR MORE:   8
MAX 90 OR ABOVE:   0    0.10 INCH OR MORE:   4
MIN 32 OR BELOW:   0    0.50 INCH OR MORE:   1
MIN  0 OR BELOW:   0    1.00 INCH OR MORE:   0

[HDD (BASE 65) ]
TOTAL THIS MO.     0    CLEAR  (SCALE 0-3)  14
DPTR FM NORMAL     0    PTCLDY (SCALE 4-7)   5
TOTAL FM JUL 1  1884    CLOUDY (SCALE 8-10)  2
DPTR FM NORMAL  -671

[CDD (BASE 65) ]
TOTAL THIS MO.   266
DPTR FM NORMAL    48    [PRESSURE DATA]
TOTAL FM JAN 1   642    HIGHEST SLP 30.02 ON 18
DPTR FM NORMAL   242    LOWEST  SLP 29.66 ON  6

[REMARKS]
