000
CXUS54 KHUN 281015
CF6MSL
PRELIMINARY LOCAL CLIMATOLOGICAL DATA (WS FORM: F-6)

                                          STATION:   MUSCLE SHOALS
                                          MONTH:     SEPTEMBER
                                          YEAR:      2016
                                          LATITUDE:   34 45 N
                                          LONGITUDE:  87 37 W

  TEMPERATURE IN F:       :PCPN:    SNOW:  WIND      :SUNSHINE: SKY     :PK WND
================================================================================
1   2   3   4   5  6A  6B    7    8   9   10  11  12  13   14  15   16   17  18
                                     12Z  AVG MX 2MIN
DY MAX MIN AVG DEP HDD CDD  WTR  SNW DPTH SPD SPD DIR MIN PSBL S-S WX    SPD DR
================================================================================

 1  95  71  83   5   0  18 0.00  0.0    0  6.4 15 340   M    M   0 18     20  20
 2  90  69  80   2   0  15 0.00  0.0    0  6.7 14 340   M    M   0        19 340
 3  91  62  77   0   0  12 0.00  0.0    0  3.2 10 140   M    M   3        14 110
 4  92  70  81   4   0  16 0.00  0.0    0  4.8 13 140   M    M   3        17 140
 5  94  68  81   4   0  16 0.00  0.0    0  4.4 15 160   M    M   0        19 160
 6  94  64  79   3   0  14 0.00  0.0    0  2.3 13 210   M    M   0        16 200
 7  96  64  80   4   0  15 0.00  0.0    0  1.8 12 250   M    M   1 1      15 250
 8  96  65  81   5   0  16 0.00  0.0    0  5.1 16 210   M    M   0        22 240
 9  96  65  81   5   0  16 0.00  0.0    0  4.2 14 230   M    M   0        18 220
10  97  70  84   9   0  19 0.12  0.0    0  6.2 29 280   M    M   4 13     38 300
11  89  60  75   0   0  10 0.00  0.0    0  4.7 10  70   M    M   1        15  70
12  95  56  76   1   0  11 0.00  0.0    0  1.9  8 310   M    M   0        11 340
13  90  66  78   4   0  13 0.04  0.0    0  2.0 14 150   M    M   0 13     17 150
14  95  66  81   7   0  16 0.00  0.0    0  2.7 10  70   M    M   1 12     15  60
15  97  68  83   9   0  18 0.00  0.0    0  1.9 10 150   M    M   1 1      13 160
16  96  69  83  10   0  18 0.00  0.0    0  6.2 18 160   M    M   1        24 150
17  86  73  80   7   0  15 0.11  0.0    0  7.3 17 150   M    M   7 13     23 150
18  91  71  81   9   0  16 0.23  0.0    0  3.4 21 280   M    M   6 18     27 280
19  93  69  81   9   0  16 0.00  0.0    0  3.3 10 350   M    M   3 12     16  10
20  93  62  78   6   0  13 0.00  0.0    0  3.5 14  90   M    M   0 1      21  10
21  95  60  78   7   0  13 0.00  0.0    0  2.0 10 320   M    M   0 1      14 330
22  97  63  80   9   0  15 0.00  0.0    0  2.5 12 310   M    M   0 1      17 280
23  98  65  82  12   0  17 0.00  0.0    0  1.9 10 340   M    M   1 18     13 340
24  98  65  82  12   0  17 0.00  0.0    0  2.3 10 340   M    M   0        14  30
25  99  62  81  11   0  16 0.00  0.0    0  2.3  9 360   M    M   0 18     14 360
26  87  65  76   7   0  11 0.00  0.0    0  5.0 13 340   M    M   2        19 350
27  85  52  69   0   0   4 0.00  0.0    0  4.5 13  60   M    M   1        16  70
================================================================================
SM 2525 1760         0 396  0.50     0.0 102.5          M       35
================================================================================
AV 93.5 65.2                               3.8 FASTST   M    M   1    MAX(MPH)
                                 MISC ---->  # 29 280               # 38  300
================================================================================
NOTES:
# LAST OF SEVERAL OCCURRENCES

COLUMN 17 PEAK WIND IN M.P.H.

PRELIMINARY LOCAL CLIMATOLOGICAL DATA (WS FORM: F-6) , PAGE 2

                                          STATION:  MUSCLE SHOALS
                                          MONTH:    SEPTEMBER
                                          YEAR:     2016
                                          LATITUDE:   34 45 N
                                          LONGITUDE:  87 37 W

[TEMPERATURE DATA]      [PRECIPITATION DATA]       SYMBOLS USED IN COLUMN 16

AVERAGE MONTHLY: 79.4   TOTAL FOR MONTH:   0.50    1 = FOG OR MIST
DPTR FM NORMAL:   5.6   DPTR FM NORMAL:   -2.84    2 = FOG REDUCING VISIBILITY
HIGHEST:    99 ON 25    GRTST 24HR  0.23 ON 18-18      TO 1/4 MILE OR LESS
LOWEST:     52 ON 27                               3 = THUNDER
                        SNOW, ICE PELLETS, HAIL    4 = ICE PELLETS
                        TOTAL MONTH:   0.0 INCH    5 = HAIL
                        GRTST 24HR     0.0         6 = FREEZING RAIN OR DRIZZLE
                        GRTST DEPTH:   0           7 = DUSTSTORM OR SANDSTORM:
                                                       VSBY 1/2 MILE OR LESS
                                                   8 = SMOKE OR HAZE
[NO. OF DAYS WITH]      [WEATHER - DAYS WITH]      9 = BLOWING SNOW
                                                   X = TORNADO
MAX 32 OR BELOW:   0    0.01 INCH OR MORE:   4
MAX 90 OR ABOVE:  23    0.10 INCH OR MORE:   3
MIN 32 OR BELOW:   0    0.50 INCH OR MORE:   0
MIN  0 OR BELOW:   0    1.00 INCH OR MORE:   0

[HDD (BASE 65) ]
TOTAL THIS MO.     0    CLEAR  (SCALE 0-3)  24
DPTR FM NORMAL    -9    PTCLDY (SCALE 4-7)   3
TOTAL FM JUL 1     0    CLOUDY (SCALE 8-10)  0
DPTR FM NORMAL    -9

[CDD (BASE 65) ]
TOTAL THIS MO.   396
DPTR FM NORMAL   150    [PRESSURE DATA]
TOTAL FM JAN 1  2199    HIGHEST SLP M ON M
DPTR FM NORMAL   410    LOWEST  SLP 29.83 ON  1

[REMARKS]
