000
CXUS53 KMKX 190900
CF6MSN
PRELIMINARY LOCAL CLIMATOLOGICAL DATA (WS FORM: F-6)

                                          STATION:   MADISON WI
                                          MONTH:     FEBRUARY
                                          YEAR:      2017
                                          LATITUDE:   43  7 N
                                          LONGITUDE:  89 20 W

  TEMPERATURE IN F:       :PCPN:    SNOW:  WIND      :SUNSHINE: SKY     :PK WND
================================================================================
1   2   3   4   5  6A  6B    7    8   9   10  11  12  13   14  15   16   17  18
                                     12Z  AVG MX 2MIN
DY MAX MIN AVG DEP HDD CDD  WTR  SNW DPTH SPD SPD DIR MIN PSBL S-S WX    SPD DR
================================================================================

 1  33  11  22   2  43   0 0.00  0.0    4  7.5 17 300   M    M   5        28 360
 2  18   6  12  -8  53   0 0.00  0.0    4  6.7 15 290   M    M   2        22 300
 3  22   6  14  -6  51   0 0.00  0.0    4  5.6 13 290   M    M   1        18 280
 4  30   6  18  -2  47   0    T    T    4 10.2 28 190   M    M   7        36 190
 5  33  16  25   5  40   0 0.00  0.0    4  4.3 14 330   M    M   6        19 340
 6  40  13  27   6  38   0 0.00  0.0    4  3.5  9  80   M    M   7 18     12  90
 7  35  27  31  10  34   0 0.25  0.0    3  9.5 18 320   M    M  10 12     31 310
 8  27  11  19  -2  46   0 0.00  0.0    2  9.0 17 340   M    M   7        21 360
 9  20   7  14  -7  51   0 0.00  0.0    2  7.6 16 320   M    M   2        24 310
10  41  19  30   8  35   0 0.00  0.0    2 10.5 24 180   M    M   8        29 180
11  42  33  38  16  27   0 0.01  0.0    2  4.0 10  30   M    M  10 1      13  20
12  40  30  35  13  30   0 0.02    T    1  9.3 26 310   M    M   3 1      40 320
13  45  24  35  13  30   0 0.00  0.0    1  6.0 15 230   M    M   1        22 230
14  46  29  38  15  27   0 0.00  0.0    0  8.7 18 310   M    M   4        28 320
15  34  23  29   6  36   0 0.00  0.0    0  9.7 17 340   M    M   6        23 340
16  38  26  32   9  33   0 0.00  0.0    0  8.0 17 160   M    M   8        21 170
17  60  25  43  19  22   0 0.00  0.0    0  6.1 16 200   M    M   1        21 190
18  62  31  47  23  18   0 0.00  0.0    0  3.1 10 220   M    M   2 1      16 230
================================================================================
SM  666  343       661   0  0.28    T    129.3          M       90
================================================================================
AV 37.0 19.1                               7.2 FASTST   M    M   5    MAX(MPH)
                                 MISC ---->  # 28 190               # 40  320
================================================================================
NOTES:
# LAST OF SEVERAL OCCURRENCES

COLUMN 17 PEAK WIND IN M.P.H.

PRELIMINARY LOCAL CLIMATOLOGICAL DATA (WS FORM: F-6) , PAGE 2

                                          STATION:  MADISON WI
                                          MONTH:    FEBRUARY
                                          YEAR:     2017
                                          LATITUDE:   43  7 N
                                          LONGITUDE:  89 20 W

[TEMPERATURE DATA]      [PRECIPITATION DATA]       SYMBOLS USED IN COLUMN 16

AVERAGE MONTHLY: 28.0   TOTAL FOR MONTH:   0.28    1 = FOG OR MIST
DPTR FM NORMAL:   6.4   DPTR FM NORMAL:   -0.59    2 = FOG REDUCING VISIBILITY
HIGHEST:    62 ON 18    GRTST 24HR  0.25 ON  7- 7      TO 1/4 MILE OR LESS
LOWEST:      6 ON  4, 3                            3 = THUNDER
                        SNOW, ICE PELLETS, HAIL    4 = ICE PELLETS
                        TOTAL MONTH:    T          5 = HAIL
                        GRTST 24HR    T  ON 12-12  6 = FREEZING RAIN OR DRIZZLE
                        GRTST DEPTH:   4 ON  6, 5  7 = DUSTSTORM OR SANDSTORM:
                                                       VSBY 1/2 MILE OR LESS
                                                   8 = SMOKE OR HAZE
[NO. OF DAYS WITH]      [WEATHER - DAYS WITH]      9 = BLOWING SNOW
                                                   X = TORNADO
MAX 32 OR BELOW:   5    0.01 INCH OR MORE:   3
MAX 90 OR ABOVE:   0    0.10 INCH OR MORE:   1
MIN 32 OR BELOW:  17    0.50 INCH OR MORE:   0
MIN  0 OR BELOW:   0    1.00 INCH OR MORE:   0

[HDD (BASE 65) ]
TOTAL THIS MO.   661    CLEAR  (SCALE 0-3)   6
DPTR FM NORMAL  -120    PTCLDY (SCALE 4-7)  10
TOTAL FM JUL 1  4265    CLOUDY (SCALE 8-10)  2
DPTR FM NORMAL  -829

[CDD (BASE 65) ]
TOTAL THIS MO.     0
DPTR FM NORMAL     0    [PRESSURE DATA]
TOTAL FM JAN 1     0    HIGHEST SLP M ON M
DPTR FM NORMAL     0    LOWEST  SLP 29.41 ON  7

[REMARKS]
