000
CXUS53 KILX 222300
CF6MTO
PRELIMINARY LOCAL CLIMATOLOGICAL DATA (WS FORM: F-6)

                                          STATION:   MATTOON IL AIRPORT
                                          MONTH:     OCTOBER
                                          YEAR:      2017
                                          LATITUDE:   39 28 N
                                          LONGITUDE:  88 17 W

  TEMPERATURE IN F:       :PCPN:    SNOW:  WIND      :SUNSHINE: SKY     :PK WND
================================================================================
1   2   3   4   5  6A  6B    7    8   9   10  11  12  13   14  15   16   17  18
                                     12Z  AVG MX 2MIN
DY MAX MIN AVG DEP HDD CDD  WTR  SNW DPTH SPD SPD DIR MIN PSBL S-S WX    SPD DR
================================================================================

 1  76  44  60   0   5   0 0.00    M    M  8.0 16 140   M    M   0        20 140
 2  82  61  72  12   0   7 0.00    M    M 10.7 17 150   M    M   2        23 160
 3  72  65  69   9   0   4 0.10    M    M 10.0 18 190   M    M   7 1      25 210
 4  82  68  75  16   0  10 0.02    M    M  5.5 14 270   M    M   9        18 270
 5  72  66  69  10   0   4 2.61    M    M  4.7 10 170   M    M   9 1      14 170
 6  78  66  72  14   0   7    T    M    M  5.9 14 170   M    M   9        20 160
 7  85  59  72  14   0   7 0.01    M    M 13.9 30 200   M    M   2 1      40 210
 8  76  53  65   7   0   0 0.00    M    M  6.2 17 130   M    M   7 12     21 130
 9  82  63  73  16   0   8 0.00    M    M  5.4 13 150   M    M   6 12     20 130
10  75  56  66   9   0   1 0.70    M    M 12.9 25 140   M    M   8 13     31 120
11  58  53  56   0   9   0 0.01    M    M 10.4 18 280   M    M  10 1      23 250
12  63  53  58   2   7   0    T    M    M  4.3 20 290   M    M   9 1      30 320
13  75  51  63   7   2   0 0.00    M    M  7.7 16 150   M    M   2        21 140
14  84  60  72  17   0   7 0.00    M    M 11.1 18 200   M    M   3        24 190
15  72  44  58   3   7   0    M    M    M 15.0 28 290   M    M   9 1      37 300
16  64  38  51  -4  14   0 0.00    M    M  6.0 10 290   M    M   1        15 250
17  67  46  57   3   8   0 0.00    M    M  7.5 16 190   M    M   0        22 180
18  69  44  57   3   8   0 0.00    M    M  8.9 18 180   M    M   0        24 160
19  77  52  65  11   0   0 0.00    M    M  6.6 12 220   M    M   0        16 180
20  76  54  65  12   0   0 0.00    M    M  8.2 16 170   M    M   0        22 160
21  78  54  66  13   0   1 0.00    M    M 10.9 22 170   M    M   1        30 170
================================================================================
SM 1563 1150        60  56  3.45    M    179.8          M       94
================================================================================
AV 74.4 54.8                               8.6 FASTST   M    M   4    MAX(MPH)
                                 MISC ---->  # 30 200               # 40  210
================================================================================
NOTES:
# LAST OF SEVERAL OCCURRENCES

COLUMN 17 PEAK WIND IN M.P.H.

PRELIMINARY LOCAL CLIMATOLOGICAL DATA (WS FORM: F-6) , PAGE 2

                                          STATION:  MATTOON IL AIRPORT
                                          MONTH:    OCTOBER
                                          YEAR:     2017
                                          LATITUDE:   39 28 N
                                          LONGITUDE:  88 17 W

[TEMPERATURE DATA]      [PRECIPITATION DATA]       SYMBOLS USED IN COLUMN 16

AVERAGE MONTHLY: 64.6   TOTAL FOR MONTH:   3.45    1 = FOG OR MIST
DPTR FM NORMAL:   8.1   DPTR FM NORMAL:    1.54    2 = FOG REDUCING VISIBILITY
HIGHEST:    85 ON  7    GRTST 24HR  2.61 ON  5- 5      TO 1/4 MILE OR LESS
LOWEST:     38 ON 16                               3 = THUNDER
                        SNOW, ICE PELLETS, HAIL    4 = ICE PELLETS
                        TOTAL MONTH:    M          5 = HAIL
                        GRTST 24HR    M  ON   M    6 = FREEZING RAIN OR DRIZZLE
                        GRTST DEPTH:  M  ON   M    7 = DUSTSTORM OR SANDSTORM:
                                                       VSBY 1/2 MILE OR LESS
                                                   8 = SMOKE OR HAZE
[NO. OF DAYS WITH]      [WEATHER - DAYS WITH]      9 = BLOWING SNOW
                                                   X = TORNADO
MAX 32 OR BELOW:   0    0.01 INCH OR MORE:   6
MAX 90 OR ABOVE:   0    0.10 INCH OR MORE:   3
MIN 32 OR BELOW:   0    0.50 INCH OR MORE:   2
MIN  0 OR BELOW:   0    1.00 INCH OR MORE:   1

[HDD (BASE 65) ]
TOTAL THIS MO.    60    CLEAR  (SCALE 0-3)  11
DPTR FM NORMAL  -135    PTCLDY (SCALE 4-7)   4
TOTAL FM JUL 1   105    CLOUDY (SCALE 8-10)  6
DPTR FM NORMAL  -161

[CDD (BASE 65) ]
TOTAL THIS MO.    56
DPTR FM NORMAL    41    [PRESSURE DATA]
TOTAL FM JAN 1  1161    HIGHEST SLP M ON M
DPTR FM NORMAL   108    LOWEST  SLP 29.65 ON  7

[REMARKS]
