000
CXUS56 KOTX 221500
CF6MWH
PRELIMINARY LOCAL CLIMATOLOGICAL DATA (WS FORM: F-6)

                                          STATION:   MOSES LAKE WA AIRPORT
                                          MONTH:     AUGUST
                                          YEAR:      2014
                                          LATITUDE:   47 12 N
                                          LONGITUDE: 119 19 W

  TEMPERATURE IN F:       :PCPN:    SNOW:  WIND      :SUNSHINE: SKY     :PK WND
================================================================================
1   2   3   4   5  6A  6B    7    8   9   10  11  12  13   14  15   16   17  18
                                     12Z  AVG MX 2MIN
DY MAX MIN AVG DEP HDD CDD  WTR  SNW DPTH SPD SPD DIR MIN PSBL S-S WX    SPD DR
================================================================================

 1 101  64  83   9   0  18 0.00    M    M  6.1 14 350   M    M   2        15 350
 2  97  66  82   8   0  17 0.00    M    M  9.2 26 360   M    M   0 8      35 350
 3 101  63  82   8   0  17 0.00    M    M  6.4 14 270   M    M   0        15 270
 4 103  64  84  10   0  19 0.00    M    M  6.8 13 230   M    M   0        17 220
 5 100  61  81   7   0  16 0.00    M    M  6.0 13 230   M    M   0        16 200
 6  94  60  77   3   0  12 0.00    M    M  8.0 15 230   M    M   M        18 230
 7  93  58  76   2   0  11 0.00    M    M  6.0 14 190   M    M   0        17 170
 8  90  60  75   2   0  10 0.00    M    M  6.8 15 200   M    M   1        18 200
 9  91  54  73   0   0   8 0.00    M    M  3.5 10 210   M    M   0        17 190
10  99  55  77   4   0  12 0.00    M    M  6.7 12 250   M    M   0 8      16 250
11 102  59  81   8   0  16 0.00    M    M  6.0 17 160   M    M   0 8      23 150
12 100  67  84  11   0  19 0.05    M    M  8.7 33 210   M    M   6 78     46 210
13  88  62  75   2   0  10 0.03    M    M  6.6 22 250   M    M   3 3      26 260
14  80  63  72   0   0   7 0.17    M    M  7.2 22 280   M    M   5 13     27 270
15  81  62  72   0   0   7 0.34    M    M  5.5 21 240   M    M   6 1      25 230
16  84  59  72   0   0   7 0.00    M    M  4.0 10 260   M    M   0 1      14 180
17  89  59  74   2   0   9 0.00    M    M  3.6 10 180   M    M   0        14 160
18  94  62  78   6   0  13 0.00    M    M  4.4 10 190   M    M   0        15 230
19  94  67  81  10   0  16 0.00    M    M  8.7 22 280   M    M   1        28 310
20  88  64  76   5   0  11 0.00    M    M  7.7 17 260   M    M   3        22 260
21  84  54  69  -2   0   4 0.00    M    M  9.4 24 360   M    M   1        32 350
================================================================================
SM 1953 1283         0 259  0.59    M    137.3          M       28
================================================================================
AV 93.0 61.1                               6.5 FASTST   M    M   1    MAX(MPH)
                                 MISC ---->  # 33 210               # 46  210
================================================================================
NOTES:
# LAST OF SEVERAL OCCURRENCES

COLUMN 17 PEAK WIND IN M.P.H.

PRELIMINARY LOCAL CLIMATOLOGICAL DATA (WS FORM: F-6) , PAGE 2

                                          STATION:  MOSES LAKE WA AIRPORT
                                          MONTH:    AUGUST
                                          YEAR:     2014
                                          LATITUDE:   47 12 N
                                          LONGITUDE: 119 19 W

[TEMPERATURE DATA]      [PRECIPITATION DATA]       SYMBOLS USED IN COLUMN 16

AVERAGE MONTHLY: 77.0   TOTAL FOR MONTH:   0.59    1 = FOG OR MIST
DPTR FM NORMAL:   4.2   DPTR FM NORMAL:    0.42    2 = FOG REDUCING VISIBILITY
HIGHEST:   103 ON  4    GRTST 24HR  0.43 ON 14-15      TO 1/4 MILE OR LESS
LOWEST:     54 ON 21, 9                            3 = THUNDER
                        SNOW, ICE PELLETS, HAIL    4 = ICE PELLETS
                        TOTAL MONTH:    M          5 = HAIL
                        GRTST 24HR    M  ON   M    6 = FREEZING RAIN OR DRIZZLE
                        GRTST DEPTH:  M  ON   M    7 = DUSTSTORM OR SANDSTORM:
                                                       VSBY 1/2 MILE OR LESS
                                                   8 = SMOKE OR HAZE
[NO. OF DAYS WITH]      [WEATHER - DAYS WITH]      9 = BLOWING SNOW
                                                   X = TORNADO
MAX 32 OR BELOW:   0    0.01 INCH OR MORE:   4
MAX 90 OR ABOVE:  14    0.10 INCH OR MORE:   2
MIN 32 OR BELOW:   0    0.50 INCH OR MORE:   0
MIN  0 OR BELOW:   0    1.00 INCH OR MORE:   0

[HDD (BASE 65) ]
TOTAL THIS MO.     0    CLEAR  (SCALE 0-3)  17
DPTR FM NORMAL     0    PTCLDY (SCALE 4-7)   3
TOTAL FM JUL 1     0    CLOUDY (SCALE 8-10)  0
DPTR FM NORMAL    -8

[CDD (BASE 65) ]
TOTAL THIS MO.   259
DPTR FM NORMAL    93    [PRESSURE DATA]
TOTAL FM JAN 1   818    HIGHEST SLP M ON M
DPTR FM NORMAL   298    LOWEST  SLP  0.00 ON M

[REMARKS]
