000
CXUS54 KFWD 190730
CF6MWL
PRELIMINARY LOCAL CLIMATOLOGICAL DATA (WS FORM: F-6)

                                          STATION:   MINERAL WELLS
                                          MONTH:     FEBRUARY
                                          YEAR:      2018
                                          LATITUDE:   32 46 N
                                          LONGITUDE:  98  4 W

  TEMPERATURE IN F:       :PCPN:    SNOW:  WIND      :SUNSHINE: SKY     :PK WND
================================================================================
1   2   3   4   5  6A  6B    7    8   9   10  11  12  13   14  15   16   17  18
                                     12Z  AVG MX 2MIN
DY MAX MIN AVG DEP HDD CDD  WTR  SNW DPTH SPD SPD DIR MIN PSBL S-S WX    SPD DR
================================================================================

 1  64  42  53   6  12   0 0.00  0.0    0 12.7 24 340   M    M   0        36 350
 2  55  28  42  -5  23   0 0.00  0.0    0  7.0 14 120   M    M   0        17 120
 3  65  36  51   4  14   0 0.00  0.0    0 12.9 24 180   M    M   0        33 160
 4  68  28  48   1  17   0 0.00  0.0    0  8.1 26 350   M    M   4 12     34 350
 5  47  20  34 -13  31   0 0.00  0.0    0  5.7 13 170   M    M   4        17 160
 6  40  29  35 -12  30   0    T  0.0    0  9.5 16 350   M    M   8 18     20 340
 7  51  27  39  -9  26   0 0.00  0.0    0 10.0 22 360   M    M   2 1      27 340
 8  61  21  41  -7  24   0 0.00  0.0    0  5.5 14 140   M    M   0 8      18 160
 9  76  33  55   7  10   0 0.00  0.0    0 11.5 24 200   M    M   0        31 180
10  56  26  41  -7  24   0 0.00  0.0    0 12.8 22 340   M    M   9 18     27 320
11  41  21  31 -17  34   0    T    M    0 11.5 21 340   M    M   3 4      26 340
12  50  24  37 -11  28   0 0.00  0.0    0  6.5 15  80   M    M   0        17  90
13  46  39  43  -6  22   0    T  0.0    0  7.7 18 140   M    M  10 18     23 140
14  84  44  64  15   1   0 0.00  0.0    0 12.0 25 210   M    M   5 18     32 210
15  85  60  73  24   0   8 0.00  0.0    0 12.1 21 180   M    M   2        27 180
16  67  40  54   5  11   0 0.04  0.0    0 11.2 28 360   M    M   2        38 350
17  69  39  54   4  11   0 0.31  0.0    0  7.1 21 300   M    M   4 1      27 300
18  67  41  54   4  11   0 0.05  0.0    0  9.5 28 130   M    M   7 12     34 130
================================================================================
SM 1092  598       329   8  0.40     0.0 173.3          M       60
================================================================================
AV 60.7 33.2                               9.6 FASTST   M    M   3    MAX(MPH)
                                 MISC ---->  # 28 360               # 38  350
================================================================================
NOTES:
# LAST OF SEVERAL OCCURRENCES

COLUMN 17 PEAK WIND IN M.P.H.

PRELIMINARY LOCAL CLIMATOLOGICAL DATA (WS FORM: F-6) , PAGE 2

                                          STATION:  MINERAL WELLS
                                          MONTH:    FEBRUARY
                                          YEAR:     2018
                                          LATITUDE:   32 46 N
                                          LONGITUDE:  98  4 W

[TEMPERATURE DATA]      [PRECIPITATION DATA]       SYMBOLS USED IN COLUMN 16

AVERAGE MONTHLY: 46.9   TOTAL FOR MONTH:   0.40    1 = FOG OR MIST
DPTR FM NORMAL:  -1.2   DPTR FM NORMAL:   -0.89    2 = FOG REDUCING VISIBILITY
HIGHEST:    85 ON 15    GRTST 24HR  0.35 ON 16-17      TO 1/4 MILE OR LESS
LOWEST:     20 ON  5                               3 = THUNDER
                        SNOW, ICE PELLETS, HAIL    4 = ICE PELLETS
                        TOTAL MONTH:   0.0 INCH    5 = HAIL
                        GRTST 24HR     0.0         6 = FREEZING RAIN OR DRIZZLE
                        GRTST DEPTH:   0           7 = DUSTSTORM OR SANDSTORM:
                                                       VSBY 1/2 MILE OR LESS
                                                   8 = SMOKE OR HAZE
[NO. OF DAYS WITH]      [WEATHER - DAYS WITH]      9 = BLOWING SNOW
                                                   X = TORNADO
MAX 32 OR BELOW:   0    0.01 INCH OR MORE:   3
MAX 90 OR ABOVE:   0    0.10 INCH OR MORE:   1
MIN 32 OR BELOW:   9    0.50 INCH OR MORE:   0
MIN  0 OR BELOW:   0    1.00 INCH OR MORE:   0

[HDD (BASE 65) ]
TOTAL THIS MO.   329    CLEAR  (SCALE 0-3)   9
DPTR FM NORMAL    23    PTCLDY (SCALE 4-7)   7
TOTAL FM JUL 1  1908    CLOUDY (SCALE 8-10)  2
DPTR FM NORMAL   -48

[CDD (BASE 65) ]
TOTAL THIS MO.     8
DPTR FM NORMAL     8    [PRESSURE DATA]
TOTAL FM JAN 1     9    HIGHEST SLP M ON M
DPTR FM NORMAL     8    LOWEST  SLP 29.78 ON  3

[REMARKS]
