000
CXUS53 KBIS 290747
CF6N60
PRELIMINARY LOCAL CLIMATOLOGICAL DATA (WS FORM: F-6)

                                          STATION:   GARRISON (AMOS) ND
                                          MONTH:     SEPTEMBER
                                          YEAR:      2016
                                          LATITUDE:   47 39 N
                                          LONGITUDE: 101 23 W

  TEMPERATURE IN F:       :PCPN:    SNOW:  WIND      :SUNSHINE: SKY     :PK WND
================================================================================
1   2   3   4   5  6A  6B    7    8   9   10  11  12  13   14  15   16   17  18
                                     12Z  AVG MX 2MIN
DY MAX MIN AVG DEP HDD CDD  WTR  SNW DPTH SPD SPD DIR MIN PSBL S-S WX    SPD DR
================================================================================

 1  88  60  74   M   0   9 0.00    M    M 13.5 24 180   M    M   0        32 170
 2  81  66  74   M   0   9 0.00    M    M 14.4 23 170   M    M   0        32 160
 3  83  58  71   M   0   6 0.00    M    M  8.4 20 350   M    M   0        28 330
 4  65  56  61   M   4   0 0.21    M    M  9.1 17 350   M    M   0        23  10
 5  62  48  55   M  10   0 0.01    M    M  6.1 13  30   M    M   0        17  60
 6  71  51  61   M   4   0 0.02    M    M  4.1 13 210   M    M   0        16 210
 7  65  48  57   M   8   0 0.80    M    M  6.7 21 300   M    M   0        35 310
 8  70  42  56   M   9   0 0.19    M    M  6.4 18 260   M    M   0        24 280
 9  66  48  57   M   8   0 0.03    M    M 10.4 21 310   M    M   0        28 310
10  73  40  57   M   8   0 0.00    M    M  7.0 15 230   M    M   0        20 240
11  83  48  66   M   0   1 0.00    M    M  8.6 26 350   M    M   0        35 340
12  58  46  52   M  13   0 0.00    M    M 13.8 24 340   M    M   0        30 310
13  57  35  46   M  19   0 0.00    M    M  5.1 14 340   M    M   0        18 340
14  72  37  55   M  10   0 0.00    M    M  8.1 18 180   M    M   0        24 200
15  61  51  56   M   9   0 0.78    M    M  5.0 17 340   M    M   0        21 350
16  67  42  55   M  10   0 0.41    M    M 10.1 24 350   M    M   0        29 360
17  82  38  60   M   5   0 0.00    M    M  5.1 14 190   M    M   0        18 180
18  80  49  65   M   0   0 0.00    M    M 11.9 32 280   M    M   0        40 280
19  73  44  59   M   6   0 0.00    M    M  9.5 23 300   M    M   0        33 300
20  74  44  59   M   6   0 0.07    M    M  3.6 14  80   M    M   0        18  80
21  66  53  60   M   5   0 0.15    M    M  9.6 20  30   M    M   0        27  20
22  62  51  57   M   8   0 0.00    M    M 13.5 23  80   M    M   0        30 100
23  59  51  55   M  10   0 0.26    M    M 13.4 24 100   M    M   0        33  90
24  78  52  65   M   0   0 0.10    M    M  8.7 18 340   M    M   0        24 350
25  63  45  54   M  11   0 0.08    M    M 23.5 39 310   M    M   0        49 310
26  67  41  54   M  11   0 0.00    M    M 12.4 26 320   M    M   0        38 320
27  72  35  54   M  11   0 0.00    M    M  3.6  9 170   M    M   0        13 170
28  71  41  56   M   9   0 0.00    M    M  6.3 12  90   M    M   0        18 110
================================================================================
SM 1969 1320       194  25  3.11    M    257.9          M        0
================================================================================
AV 70.3 47.1                               9.2 FASTST   M    M   0    MAX(MPH)
                                 MISC ---->  # 39 310               # 49  310
================================================================================
NOTES:
# LAST OF SEVERAL OCCURRENCES

COLUMN 17 PEAK WIND IN M.P.H.

PRELIMINARY LOCAL CLIMATOLOGICAL DATA (WS FORM: F-6) , PAGE 2

                                          STATION:  GARRISON (AMOS) ND
                                          MONTH:    SEPTEMBER
                                          YEAR:     2016
                                          LATITUDE:   47 39 N
                                          LONGITUDE: 101 23 W

[TEMPERATURE DATA]      [PRECIPITATION DATA]       SYMBOLS USED IN COLUMN 16

AVERAGE MONTHLY: 58.7   TOTAL FOR MONTH:   3.11    1 = FOG OR MIST
DPTR FM NORMAL:     M   DPTR FM NORMAL:       M    2 = FOG REDUCING VISIBILITY
HIGHEST:    88 ON  1    GRTST 24HR  1.19 ON 15-16      TO 1/4 MILE OR LESS
LOWEST:     35 ON 27,13                            3 = THUNDER
                        SNOW, ICE PELLETS, HAIL    4 = ICE PELLETS
                        TOTAL MONTH:    M          5 = HAIL
                        GRTST 24HR    M  ON   M    6 = FREEZING RAIN OR DRIZZLE
                        GRTST DEPTH:  M  ON   M    7 = DUSTSTORM OR SANDSTORM:
                                                       VSBY 1/2 MILE OR LESS
                                                   8 = SMOKE OR HAZE
[NO. OF DAYS WITH]      [WEATHER - DAYS WITH]      9 = BLOWING SNOW
                                                   X = TORNADO
MAX 32 OR BELOW:   0    0.01 INCH OR MORE:  13
MAX 90 OR ABOVE:   0    0.10 INCH OR MORE:   8
MIN 32 OR BELOW:   0    0.50 INCH OR MORE:   2
MIN  0 OR BELOW:   0    1.00 INCH OR MORE:   0

[HDD (BASE 65) ]
TOTAL THIS MO.   194    CLEAR  (SCALE 0-3)  28
DPTR FM NORMAL     M    PTCLDY (SCALE 4-7)   0
TOTAL FM JUL 1   229    CLOUDY (SCALE 8-10)  0
DPTR FM NORMAL     M

[CDD (BASE 65) ]
TOTAL THIS MO.    25
DPTR FM NORMAL     M    [PRESSURE DATA]
TOTAL FM JAN 1   390    HIGHEST SLP M ON M
DPTR FM NORMAL     M    LOWEST  SLP 29.60 ON 18

[REMARKS]
