000
CXUS53 KBIS 230847
CF6N60
PRELIMINARY LOCAL CLIMATOLOGICAL DATA (WS FORM: F-6)

                                          STATION:   GARRISON (AMOS) ND
                                          MONTH:     OCTOBER
                                          YEAR:      2017
                                          LATITUDE:   47 39 N
                                          LONGITUDE: 101 23 W

  TEMPERATURE IN F:       :PCPN:    SNOW:  WIND      :SUNSHINE: SKY     :PK WND
================================================================================
1   2   3   4   5  6A  6B    7    8   9   10  11  12  13   14  15   16   17  18
                                     12Z  AVG MX 2MIN
DY MAX MIN AVG DEP HDD CDD  WTR  SNW DPTH SPD SPD DIR MIN PSBL S-S WX    SPD DR
================================================================================

 1  61  48  55   M  10   0 0.08    M    M  8.8 18 270   M    M   M        22 270
 2  57  41  49   M  16   0 0.00    M    M 14.5 26 270   M    M   0        35 290
 3  46  36  41   M  24   0 0.00    M    M 16.3 29 230   M    M   0        34 230
 4  56  33  45   M  20   0 0.00    M    M 10.4 21 300   M    M   0        27 300
 5  59  32  46   M  19   0 0.00    M    M  5.2 14 310   M    M   0        19 310
 6  67  29  48   M  17   0 0.00    M    M  6.5 17 230   M    M   0        23 230
 7  69  46  58   M   7   0 0.00    M    M 16.3 32 310   M    M   0        39 280
 8  57  30  44   M  21   0 0.00    M    M 16.1 30 310   M    M   0        39 320
 9  49  26  38   M  27   0 0.00    M    M  9.7 23 300   M    M   0        34 310
10  66  36  51   M  14   0 0.00    M    M 12.5 23 170   M    M   0        30 180
11  62  36  49   M  16   0 0.00    M    M 12.7 23 150   M    M   0        29 160
12  53  25  39   M  26   0 0.00    M    M 12.3 33 310   M    M   0        42 300
13  56  20  38   M  27   0 0.00    M    M  7.1 16  60   M    M   0        25  50
14  48  29  39   M  26   0 0.00    M    M  9.7 18  30   M    M   0        24 330
15  56  29  43   M  22   0 0.01    M    M 13.1 32 310   M    M   0        40 330
16  69  35  52   M  13   0 0.00    M    M 11.9 28 290   M    M   0        37 310
17  75  39  57   M   8   0 0.00    M    M 10.8 22 240   M    M   0        28 240
18  63  34  49   M  16   0 0.00    M    M 15.9 35 320   M    M   0        42 320
19  78  35  57   M   8   0 0.00    M    M  5.6 13 190   M    M   0        14 180
20  79  38  59   M   6   0 0.00    M    M  9.7 20 170   M    M   0        25 170
21  61  37  49   M  16   0 0.00    M    M 20.9 35 300   M    M   0        46 290
22  58  32  45   M  20   0 0.02    M    M 11.6 53 280   M    M   0        61 270
================================================================================
SM 1345  746       379   0  0.11    M    257.6          M        0
================================================================================
AV 61.1 33.9                              11.7 FASTST   M    M   0    MAX(MPH)
                                 MISC ---->  # 53 280               # 61  270
================================================================================
NOTES:
# LAST OF SEVERAL OCCURRENCES

COLUMN 17 PEAK WIND IN M.P.H.

PRELIMINARY LOCAL CLIMATOLOGICAL DATA (WS FORM: F-6) , PAGE 2

                                          STATION:  GARRISON (AMOS) ND
                                          MONTH:    OCTOBER
                                          YEAR:     2017
                                          LATITUDE:   47 39 N
                                          LONGITUDE: 101 23 W

[TEMPERATURE DATA]      [PRECIPITATION DATA]       SYMBOLS USED IN COLUMN 16

AVERAGE MONTHLY: 47.5   TOTAL FOR MONTH:   0.11    1 = FOG OR MIST
DPTR FM NORMAL:     M   DPTR FM NORMAL:       M    2 = FOG REDUCING VISIBILITY
HIGHEST:    79 ON 20    GRTST 24HR  0.08 ON  1- 1      TO 1/4 MILE OR LESS
LOWEST:     20 ON 13                               3 = THUNDER
                        SNOW, ICE PELLETS, HAIL    4 = ICE PELLETS
                        TOTAL MONTH:    M          5 = HAIL
                        GRTST 24HR    M  ON   M    6 = FREEZING RAIN OR DRIZZLE
                        GRTST DEPTH:  M  ON   M    7 = DUSTSTORM OR SANDSTORM:
                                                       VSBY 1/2 MILE OR LESS
                                                   8 = SMOKE OR HAZE
[NO. OF DAYS WITH]      [WEATHER - DAYS WITH]      9 = BLOWING SNOW
                                                   X = TORNADO
MAX 32 OR BELOW:   0    0.01 INCH OR MORE:   3
MAX 90 OR ABOVE:   0    0.10 INCH OR MORE:   0
MIN 32 OR BELOW:   9    0.50 INCH OR MORE:   0
MIN  0 OR BELOW:   0    1.00 INCH OR MORE:   0

[HDD (BASE 65) ]
TOTAL THIS MO.   379    CLEAR  (SCALE 0-3)  21
DPTR FM NORMAL     M    PTCLDY (SCALE 4-7)   0
TOTAL FM JUL 1   660    CLOUDY (SCALE 8-10)  0
DPTR FM NORMAL     M

[CDD (BASE 65) ]
TOTAL THIS MO.     0
DPTR FM NORMAL     M    [PRESSURE DATA]
TOTAL FM JAN 1   381    HIGHEST SLP  0.00 ON M
DPTR FM NORMAL     M    LOWEST  SLP 29.22 ON 20

[REMARKS]
