000
CXUS56 KMTR 201000
CF6NUQ
PRELIMINARY LOCAL CLIMATOLOGICAL DATA (WS FORM: F-6)

                                          STATION:   MOFFETT FIELD
                                          MONTH:     DECEMBER
                                          YEAR:      2014
                                          LATITUDE:   37 25 N
                                          LONGITUDE: 122  3 W

  TEMPERATURE IN F:       :PCPN:    SNOW:  WIND      :SUNSHINE: SKY     :PK WND
================================================================================
1   2   3   4   5  6A  6B    7    8   9   10  11  12  13   14  15   16   17  18
                                     12Z  AVG MX 2MIN
DY MAX MIN AVG DEP HDD CDD  WTR  SNW DPTH SPD SPD DIR MIN PSBL S-S WX    SPD DR
================================================================================

 1  69  54  62  10   3   0 0.12  0.0    0  3.4 12 140   M    M   4 18     18 150
 2  63  54  59   7   6   0 1.25  0.0    0  5.8 15 340   M    M   8 1      22  60
 3  64  58  61   9   4   0 1.85  0.0    0  9.0 22 120   M    M   9 18     32 120
 4  68  56  62  10   3   0 0.01  0.0    0  3.9 12 170   M    M   5 1      17 180
 5  66  54  60   8   5   0 0.02  0.0    0  5.3 13 140   M    M   6        18 130
 6  69  58  64  12   1   0 0.22  0.0    0  3.8 13 110   M    M   6 1      17 150
 7  63  52  58   6   7   0 0.01  0.0    0  1.7 10 110   M    M   2 1      13 120
 8  71  50  61  10   4   0 0.01  0.0    0  2.2 12 340   M    M   1        13 340
 9  64  53  59   8   6   0 0.00  0.0    0  2.2  9 310   M    M   2 1      14 320
10  66  55  61  10   4   0 0.01  0.0    0  6.6 22 170   M    M   4 1      33 170
11  65  51  58   7   7   0 3.36  0.0    0  6.7 23 130   M    M  10 1      33 160
12  57  49  53   2  12   0 0.18  0.0    0  1.1  6  30   M    M   8 1       7  30
13  57  42  50  -1  15   0 0.02    M    0  1.7  8 360   M    M   2 1       9 350
14  61  44  53   2  12   0 0.07    M    0  4.1 14 120   M    M   3 1      18 120
15  56  50  53   2  12   0 0.71  0.0    0  9.5 21 110   M    M   8 1      30 130
16  62  50  56   5   9   0 0.33  0.0    0  6.7 16 180   M    M   6 1      26 190
17  58  48  53   2  12   0 0.16  0.0    0  5.0 14 120   M    M   6 1      26 100
18  63  52  58   8   7   0 0.00  0.0    0  6.8 16 130   M    M   7        25 130
19  59  53  56   6   9   0 0.13  0.0    0  8.0 20 130   M    M   9 1      25 120
================================================================================
SM 1201  983       138   0  8.46     0.0  93.5          M      106
================================================================================
AV 63.2 51.7                               4.9 FASTST   M    M   6    MAX(MPH)
                                 MISC ---->  # 23 130               # 33  170
================================================================================
NOTES:
# LAST OF SEVERAL OCCURRENCES

COLUMN 17 PEAK WIND IN M.P.H.

PRELIMINARY LOCAL CLIMATOLOGICAL DATA (WS FORM: F-6) , PAGE 2

                                          STATION:  MOFFETT FIELD
                                          MONTH:    DECEMBER
                                          YEAR:     2014
                                          LATITUDE:   37 25 N
                                          LONGITUDE: 122  3 W

[TEMPERATURE DATA]      [PRECIPITATION DATA]       SYMBOLS USED IN COLUMN 16

AVERAGE MONTHLY: 57.5   TOTAL FOR MONTH:   8.46    1 = FOG OR MIST
DPTR FM NORMAL:   6.2   DPTR FM NORMAL:    7.03    2 = FOG REDUCING VISIBILITY
HIGHEST:    71 ON  8    GRTST 24HR  3.48 ON 11-12      TO 1/4 MILE OR LESS
LOWEST:     42 ON 13                               3 = THUNDER
                        SNOW, ICE PELLETS, HAIL    4 = ICE PELLETS
                        TOTAL MONTH:   0.0 INCH    5 = HAIL
                        GRTST 24HR     0.0         6 = FREEZING RAIN OR DRIZZLE
                        GRTST DEPTH:   0           7 = DUSTSTORM OR SANDSTORM:
                                                       VSBY 1/2 MILE OR LESS
                                                   8 = SMOKE OR HAZE
[NO. OF DAYS WITH]      [WEATHER - DAYS WITH]      9 = BLOWING SNOW
                                                   X = TORNADO
MAX 32 OR BELOW:   0    0.01 INCH OR MORE:  17
MAX 90 OR ABOVE:   0    0.10 INCH OR MORE:  10
MIN 32 OR BELOW:   0    0.50 INCH OR MORE:   4
MIN  0 OR BELOW:   0    1.00 INCH OR MORE:   3

[HDD (BASE 65) ]
TOTAL THIS MO.   138    CLEAR  (SCALE 0-3)   4
DPTR FM NORMAL  -122    PTCLDY (SCALE 4-7)  10
TOTAL FM JUL 1   365    CLOUDY (SCALE 8-10)  5
DPTR FM NORMAL  -276

[CDD (BASE 65) ]
TOTAL THIS MO.     0
DPTR FM NORMAL     0    [PRESSURE DATA]
TOTAL FM JAN 1   643    HIGHEST SLP M ON M
DPTR FM NORMAL   174    LOWEST  SLP 29.48 ON 11

[REMARKS]
