000
CXUS51 KOKX 240702
CF6NYC
PRELIMINARY LOCAL CLIMATOLOGICAL DATA (WS FORM: F-6)

                                          STATION:   CENTRAL PARK NY
                                          MONTH:     NOVEMBER
                                          YEAR:      2017
                                          LATITUDE:   40 46 N
                                          LONGITUDE:  73 58 W

  TEMPERATURE IN F:       :PCPN:    SNOW:  WIND      :SUNSHINE: SKY     :PK WND
================================================================================
1   2   3   4   5  6A  6B    7    8   9   10  11  12  13   14  15   16   17  18
                                     12Z  AVG MX 2MIN
DY MAX MIN AVG DEP HDD CDD  WTR  SNW DPTH SPD SPD DIR MIN PSBL S-S WX    SPD DR
================================================================================

 1  59  43  51  -1  14   0 0.00  0.0    0  2.5 10 140   M    M   7        16 130
 2  72  58  65  13   0   0 0.00  0.0    0  2.5  9 160   M    M   4 1      17 200
 3  74  51  63  11   2   0 0.00  0.0    0  5.6 15 310   M    M   2 8      22 300
 4  56  46  51   0  14   0 0.00  0.0    0  5.8 13  50   M    M   1        18  70
 5  61  51  56   5   9   0 0.02  0.0    0  4.2 12 120   M    M  10 1      17 100
 6  66  46  56   5   9   0 0.01  0.0    0  5.0 13 310   M    M   8 1      21 310
 7  49  40  45  -5  20   0 0.70  0.0    0  6.4 13  50   M    M   5 1      22  40
 8  49  39  44  -6  21   0 0.00  0.0    0  5.3 14  50   M    M   8        21  50
 9  55  39  47  -3  18   0    T  0.0    0  3.3 10 280   M    M   6 8      18 260
10  51  25  38 -12  27   0 0.01  0.0    0  9.3 18 310   M    M   2 1      33 290
11  38  24  31 -18  34   0 0.00  0.0    0  4.7 13  50   M    M   0        20 320
12  46  32  39 -10  26   0 0.00  0.0    0  1.7 10 260   M    M   1        14 260
13  47  39  43  -6  22   0 0.07  0.0    0  3.6 12  50   M    M   6 18     15  50
14  48  35  42  -6  23   0 0.00  0.0    0  4.9 12  70   M    M   6        16  50
15  51  37  44  -4  21   0 0.00  0.0    0  5.1 10 130   M    M   6        17 150
16  57  43  50   2  15   0 0.20  0.0    0  6.5 15 290   M    M   7 1      30 280
17  47  37  42  -5  23   0 0.00  0.0    0  7.8 12 300   M    M   1        31 320
18  56  34  45  -2  20   0 0.10  0.0    0  3.3  8 180   M    M   4 1      18 170
19  59  38  49   2  16   0 0.23  0.0    0  9.6 20 290   M    M   6        39 290
20  47  36  42  -4  23   0    T    T    0  6.8 16 290   M    M   4        27 260
21  58  42  50   4  15   0 0.00  0.0    0  5.2 14 220   M    M   0        23 240
22  56  35  46   0  19   0 0.21  0.0    0  6.8 17 310   M    M   5 1      28 290
23  43  31  37  -8  28   0 0.00  0.0    0  4.6  9 320   M    M   0        22 300
================================================================================
SM 1245  901       419   0  1.55    T    120.5          M       99
================================================================================
AV 54.1 39.2                               5.2 FASTST   M    M   4    MAX(MPH)
                                 MISC ---->  # 20 290               # 39  290
================================================================================
NOTES:
# LAST OF SEVERAL OCCURRENCES

COLUMN 17 PEAK WIND IN M.P.H.

PRELIMINARY LOCAL CLIMATOLOGICAL DATA (WS FORM: F-6) , PAGE 2

                                          STATION:  CENTRAL PARK NY
                                          MONTH:    NOVEMBER
                                          YEAR:     2017
                                          LATITUDE:   40 46 N
                                          LONGITUDE:  73 58 W

[TEMPERATURE DATA]      [PRECIPITATION DATA]       SYMBOLS USED IN COLUMN 16

AVERAGE MONTHLY: 46.7   TOTAL FOR MONTH:   1.55    1 = FOG OR MIST
DPTR FM NORMAL:  -2.2   DPTR FM NORMAL:   -1.50    2 = FOG REDUCING VISIBILITY
HIGHEST:    74 ON  3    GRTST 24HR  0.70 ON  7- 7      TO 1/4 MILE OR LESS
LOWEST:     24 ON 11                               3 = THUNDER
                        SNOW, ICE PELLETS, HAIL    4 = ICE PELLETS
                        TOTAL MONTH:    T          5 = HAIL
                        GRTST 24HR    T  ON 20-20  6 = FREEZING RAIN OR DRIZZLE
                        GRTST DEPTH:   0           7 = DUSTSTORM OR SANDSTORM:
                                                       VSBY 1/2 MILE OR LESS
                                                   8 = SMOKE OR HAZE
[NO. OF DAYS WITH]      [WEATHER - DAYS WITH]      9 = BLOWING SNOW
                                                   X = TORNADO
MAX 32 OR BELOW:   0    0.01 INCH OR MORE:   9
MAX 90 OR ABOVE:   0    0.10 INCH OR MORE:   5
MIN 32 OR BELOW:   4    0.50 INCH OR MORE:   1
MIN  0 OR BELOW:   0    1.00 INCH OR MORE:   0

[HDD (BASE 65) ]
TOTAL THIS MO.   419    CLEAR  (SCALE 0-3)   8
DPTR FM NORMAL    47    PTCLDY (SCALE 4-7)  14
TOTAL FM JUL 1   535    CLOUDY (SCALE 8-10)  1
DPTR FM NORMAL  -150

[CDD (BASE 65) ]
TOTAL THIS MO.     0
DPTR FM NORMAL     0    [PRESSURE DATA]
TOTAL FM JAN 1  1265    HIGHEST SLP M ON M
DPTR FM NORMAL   161    LOWEST  SLP 29.20 ON 19

[REMARKS]
