000
CXUS53 KOAX 291000
CF6OAX
PRELIMINARY LOCAL CLIMATOLOGICAL DATA (WS FORM: F-6)

                                          STATION:   VALLEY  NWS, NEBRASKA
                                          MONTH:     MAY
                                          YEAR:      2017
                                          LATITUDE:   41 19 N
                                          LONGITUDE:  96 22 W

  TEMPERATURE IN F:       :PCPN:    SNOW:  WIND      :SUNSHINE: SKY     :PK WND
================================================================================
1   2   3   4   5  6A  6B    7    8   9   10  11  12  13   14  15   16   17  18
                                     12Z  AVG MX 2MIN
DY MAX MIN AVG DEP HDD CDD  WTR  SNW DPTH SPD SPD DIR MIN PSBL S-S WX    SPD DR
================================================================================

 1  56  35  46 -10  19   0 0.09  0.0    0   M   M   M   M    M   M 1      39  M
 2  64  45  55  -2  10   0 0.00  0.0    0   M   M   M   M    M   M        26  M
 3  64  48  56  -1   9   0 0.01  0.0    0   M   M   M   M    M   M        21  M
 4  71  42  57  -1   8   0 0.00  0.0    0   M   M   M   M    M   M 1      28  M
 5  77  42  60   2   5   0 0.00  0.0    0   M   M   M   M    M   M        21  M
 6  77  54  66   8   0   1 0.00  0.0    0   M   M   M   M    M   M        22  M
 7  82  54  68   9   0   3 0.00  0.0    0   M   M   M   M    M   M        26  M
 8  90  65  78  19   0  13    T  0.0    0   M   M   M   M    M   M 3      28  M
 9  78  58  68   8   0   3 0.00  0.0    0   M   M   M   M    M   M        22  M
10  65  55  60   0   5   0 0.73  0.0    0   M   M   M   M    M   M 3      26  M
11  71  50  61   1   4   0 0.00  0.0    0   M   M   M   M    M   M        24  M
12  75  47  61   0   4   0 0.00  0.0    0   M   M   M   M    M   M        17  M
13  78  54  66   5   0   1 0.00  0.0    0   M   M   M   M    M   M        29  M
14  86  62  74  12   0   9    T  0.0    0   M   M   M   M    M   M 3      31  M
15  89  62  76  14   0  11    T  0.0    0   M   M   M   M    M   M        26  M
16  88  62  75  13   0  10 1.77    T    0   M   M   M   M    M   M 35     85  M
17  74  56  65   2   0   0 0.31  0.0    0   M   M   M   M    M   M 3      45  M
18  62  53  58  -5   7   0 0.57  0.0    0   M   M   M   M    M   M 3      31  M
19  53  48  51 -12  14   0 1.48  0.0    0   M   M   M   M    M   M 13     32  M
20  54  45  50 -14  15   0 2.22  0.0    0   M   M   M   M    M   M 1      26  M
21  67  43  55  -9  10   0 0.00  0.0    0   M   M   M   M    M   M        33  M
22  73  52  63  -1   2   0 0.02  0.0    0   M   M   M   M    M   M        26  M
23  59  49  54 -11  11   0 0.03  0.0    0   M   M   M   M    M   M        29  M
24  68  47  58  -7   7   0 0.00  0.0    0   M   M   M   M    M   M        20  M
25  76  51  64  -2   1   0    T  0.0    0   M   M   M   M    M   M        30  M
26  81  60  71   5   0   6 0.01  0.0    0   M   M   M   M    M   M        24  M
27  75  56  66   0   0   1 0.01  0.0    0   M   M   M   M    M   M        30  M
28  81  54  68   1   0   3 0.00  0.0    0   M   M   M   M    M   M        36  M
================================================================================
SM 2034 1449       131  61  7.25    T        M          M        M
================================================================================
AV 72.6 51.8                                 M FASTST   M    M   5    MAX(MPH)
                                 MISC ---->     M   M                 85    M
================================================================================
NOTES:
# LAST OF SEVERAL OCCURRENCES

COLUMN 17 PEAK WIND IN M.P.H.

PRELIMINARY LOCAL CLIMATOLOGICAL DATA (WS FORM: F-6) , PAGE 2

                                          STATION:  VALLEY  NWS, NEBRASKA
                                          MONTH:    MAY
                                          YEAR:     2017
                                          LATITUDE:   41 19 N
                                          LONGITUDE:  96 22 W

[TEMPERATURE DATA]      [PRECIPITATION DATA]       SYMBOLS USED IN COLUMN 16

AVERAGE MONTHLY: 62.2   TOTAL FOR MONTH:   7.25    1 = FOG OR MIST
DPTR FM NORMAL:   0.6   DPTR FM NORMAL:    3.16    2 = FOG REDUCING VISIBILITY
HIGHEST:    90 ON  8    GRTST 24HR  2.22 ON 20-20      TO 1/4 MILE OR LESS
LOWEST:     35 ON  1                               3 = THUNDER
                        SNOW, ICE PELLETS, HAIL    4 = ICE PELLETS
                        TOTAL MONTH:    T          5 = HAIL
                        GRTST 24HR    T  ON 16-16  6 = FREEZING RAIN OR DRIZZLE
                        GRTST DEPTH:   0           7 = DUSTSTORM OR SANDSTORM:
                                                       VSBY 1/2 MILE OR LESS
                                                   8 = SMOKE OR HAZE
[NO. OF DAYS WITH]      [WEATHER - DAYS WITH]      9 = BLOWING SNOW
                                                   X = TORNADO
MAX 32 OR BELOW:   0    0.01 INCH OR MORE:  12
MAX 90 OR ABOVE:   1    0.10 INCH OR MORE:   6
MIN 32 OR BELOW:   0    0.50 INCH OR MORE:   5
MIN  0 OR BELOW:   0    1.00 INCH OR MORE:   3

[HDD (BASE 65) ]
TOTAL THIS MO.   131    CLEAR  (SCALE 0-3)   0
DPTR FM NORMAL   -14    PTCLDY (SCALE 4-7)   0
TOTAL FM JUL 1  5046    CLOUDY (SCALE 8-10)  0
DPTR FM NORMAL -1197

[CDD (BASE 65) ]
TOTAL THIS MO.    61
DPTR FM NORMAL     8    [PRESSURE DATA]
TOTAL FM JAN 1    64    HIGHEST SLP M ON M
DPTR FM NORMAL     4    LOWEST  SLP M ON M

[REMARKS]
