000
CXUS54 KMAF 261100
CF6ODO
PRELIMINARY LOCAL CLIMATOLOGICAL DATA (WS FORM: F-6)

                                          STATION:   Odessa Schleymeyer
                                          MONTH:     JANUARY
                                          YEAR:      2015
                                          LATITUDE:   31 55 N
                                          LONGITUDE: 102 23 W

  TEMPERATURE IN F:       :PCPN:    SNOW:  WIND      :SUNSHINE: SKY     :PK WND
================================================================================
1   2   3   4   5  6A  6B    7    8   9   10  11  12  13   14  15   16   17  18
                                     12Z  AVG MX 2MIN
DY MAX MIN AVG DEP HDD CDD  WTR  SNW DPTH SPD SPD DIR MIN PSBL S-S WX    SPD DR
================================================================================

 1  27  21  24 -20  41   0 0.01    M    0  3.9 13  40   M    M  10 16     14  50
 2  32  27  30 -14  35   0 1.67    M    0  6.4 21  80   M    M  10 16     28  80
 3  48  26  37  -7  28   0 0.00  0.0    0  9.0 23 250   M    M   4 1      29 260
 4  40  28  34 -10  31   0 0.00  0.0    0  6.5 16  30   M    M   0         M  M
 5  55  27  41  -3  24   0 0.00  0.0    0  9.6 17  30   M    M   0        22  40
 6  57  32  45   1  20   0 0.00  0.0    0  7.3 14  30   M    M   0        17  10
 7  37  22  30 -15  35   0 0.00  0.0    0 15.8 32  60   M    M   4 18     44  50
 8  40  20  30 -15  35   0 0.00  0.0    0  7.5 17 210   M    M   0        20 220
 9  35  28  32 -13  33   0    T    M    0 12.5 28  50   M    M   8        34  60
10  38  26  32 -13  33   0 0.02    M    0  8.3 15 180   M    M   7 8      24 140
11  63  28  46   1  19   0 0.00  0.0    0  8.2 17 260   M    M   0 1      23 260
12  46  30  38  -7  27   0    T    M    0 12.7 22  60   M    M   7 126    28  70
13  31  27  29 -16  36   0 0.00  0.0    0  6.8 15  60   M    M  10 18     18  50
14  36  30  33 -12  32   0    T  0.0    0  4.9  9  70   M    M  10 1      12  50
15  56  33  45   0  20   0 0.00  0.0    0  5.8 13 340   M    M   3 1      17 300
16  59  27  43  -2  22   0 0.00  0.0    0  7.1 18 220   M    M   0        24 230
17  65  35  50   5  15   0 0.00  0.0    0 11.0 26  40   M    M   0        33 330
18  66  32  49   4  16   0 0.00  0.0    0  8.4 23 210   M    M   0        29 210
19  74  36  55  10  10   0 0.00  0.0    0  6.0 13 330   M    M   0        16 330
20  69  38  54   9  11   0 0.00  0.0    0  9.9 21 360   M    M   0        26 360
21  46  33  40  -5  25   0 0.03  0.0    0 12.1 20  80   M    M   7 18     23  70
22  41  32  37  -9  28   0 0.13    M    0 16.8 28  60   M    M  10 12     33  50
23  46  22  34 -12  31   0 0.01    M    0  9.2 17 290   M    M   4 1      22 290
24  57  31  44  -2  21   0 0.00  0.0    0  9.9 16 240   M    M   0        19 310
25  62  35  49   3  16   0 0.00  0.0    0  7.5 18  30   M    M   0        25  30
================================================================================
SM 1226  726       644   0  1.87     0.0 223.1          M       94
================================================================================
AV 49.0 29.0                               8.9 FASTST   M    M   4    MAX(MPH)
                                 MISC ---->  # 32  60               # 44   50
================================================================================
NOTES:
# LAST OF SEVERAL OCCURRENCES

COLUMN 17 PEAK WIND IN M.P.H.

PRELIMINARY LOCAL CLIMATOLOGICAL DATA (WS FORM: F-6) , PAGE 2

                                          STATION:  Odessa Schleymeyer
                                          MONTH:    JANUARY
                                          YEAR:     2015
                                          LATITUDE:   31 55 N
                                          LONGITUDE: 102 23 W

[TEMPERATURE DATA]      [PRECIPITATION DATA]       SYMBOLS USED IN COLUMN 16

AVERAGE MONTHLY: 39.0   TOTAL FOR MONTH:   1.87    1 = FOG OR MIST
DPTR FM NORMAL:  -5.9   DPTR FM NORMAL:    1.44    2 = FOG REDUCING VISIBILITY
HIGHEST:    74 ON 19    GRTST 24HR  1.67 ON  1- 2      TO 1/4 MILE OR LESS
LOWEST:     20 ON  8                               3 = THUNDER
                        SNOW, ICE PELLETS, HAIL    4 = ICE PELLETS
                        TOTAL MONTH:   0.0 INCH    5 = HAIL
                        GRTST 24HR     0.0         6 = FREEZING RAIN OR DRIZZLE
                        GRTST DEPTH:   0           7 = DUSTSTORM OR SANDSTORM:
                                                       VSBY 1/2 MILE OR LESS
                                                   8 = SMOKE OR HAZE
[NO. OF DAYS WITH]      [WEATHER - DAYS WITH]      9 = BLOWING SNOW
                                                   X = TORNADO
MAX 32 OR BELOW:   3    0.01 INCH OR MORE:   6
MAX 90 OR ABOVE:   0    0.10 INCH OR MORE:   2
MIN 32 OR BELOW:  19    0.50 INCH OR MORE:   1
MIN  0 OR BELOW:   0    1.00 INCH OR MORE:   1

[HDD (BASE 65) ]
TOTAL THIS MO.   644    CLEAR  (SCALE 0-3)  12
DPTR FM NORMAL   143    PTCLDY (SCALE 4-7)   8
TOTAL FM JUL 1  1604    CLOUDY (SCALE 8-10)  5
DPTR FM NORMAL    48

[CDD (BASE 65) ]
TOTAL THIS MO.     0
DPTR FM NORMAL     0    [PRESSURE DATA]
TOTAL FM JAN 1     0    HIGHEST SLP M ON M
DPTR FM NORMAL     0    LOWEST  SLP 29.84 ON  2

[REMARKS]
