000
CXUS54 KMAF 261100
CF6ODO
PRELIMINARY LOCAL CLIMATOLOGICAL DATA (WS FORM: F-6)

                                          STATION:   Odessa Schleymeyer
                                          MONTH:     JUNE
                                          YEAR:      2017
                                          LATITUDE:   31 55 N
                                          LONGITUDE: 102 23 W

  TEMPERATURE IN F:       :PCPN:    SNOW:  WIND      :SUNSHINE: SKY     :PK WND
================================================================================
1   2   3   4   5  6A  6B    7    8   9   10  11  12  13   14  15   16   17  18
                                     12Z  AVG MX 2MIN
DY MAX MIN AVG DEP HDD CDD  WTR  SNW DPTH SPD SPD DIR MIN PSBL S-S WX    SPD DR
================================================================================

 1  82  63  73  -6   0   8 0.22  0.0    0  8.0 26 110   M    M   2 13     34 120
 2  88  66  77  -2   0  12 0.01  0.0    0  8.1 26  40   M    M   2 3      33  50
 3  83  62  73  -6   0   8 0.62  0.0    0  7.5 23 320   M    M   4 13     33 310
 4  89  62  76  -3   0  11 0.00  0.0    0  7.2 14  40   M    M   0        19 320
 5  90  64  77  -3   0  12 0.00  0.0    0  8.3 17  40   M    M   0        22  40
 6  90  66  78  -2   0  13 0.00  0.0    0  7.8 16  40   M    M   2        20  40
 7  92  67  80   0   0  15 0.00  0.0    0  6.6 15 130   M    M   1        21 130
 8  89  67  78  -2   0  13 0.00  0.0    0  9.4 16 200   M    M   2        21 220
 9  97  69  83   3   0  18    T  0.0    0  9.2 24 180   M    M   1        32 340
10 100  74  87   7   0  22 0.00  0.0    0 16.1 25 170   M    M   0        32 160
11 102  73  88   8   0  23 0.00  0.0    0 15.0 26 160   M    M   0        31 160
12 103  74  89   8   0  24 0.01  0.0    0 12.5 51 200   M    M   1 38     68 230
13 100  73  87   6   0  22    T  0.0    0 14.9 26 180   M    M   0 3      34 180
14 101  72  87   6   0  22 0.11  0.0    0 12.4 46 190   M    M   1 138    64 180
15 104  75  90   9   0  25 0.03  0.0    0 14.3 25 160   M    M   0 3      31 160
16 108  75  92  11   0  27 0.00  0.0    0 13.6 25 150   M    M   0        32 140
17 109  77  93  12   0  28 0.00  0.0    0 11.6 23 180   M    M   0        31 180
18 100  78  89   8   0  24 0.00  0.0    0 15.3 26  40   M    M   1 8      35  30
19  93  73  83   1   0  18 0.00  0.0    0  9.9 21  90   M    M   5        28  80
20  98  74  86   4   0  21 0.00  0.0    0  7.8 18 110   M    M   1        23 100
21 101  75  88   6   0  23 0.00  0.0    0  8.9 17 130   M    M   0        23 130
22 102  74  88   6   0  23    T  0.0    0  8.2 16  40   M    M   1 3      25  20
23 107  73  90   8   0  25 0.33  0.0    0 12.4 35 340   M    M   0 38     47 330
24  89  68  79  -3   0  14 0.00  0.0    0 13.9 28  90   M    M   3        32  80
25  92  71  82   0   0  17 0.00  0.0    0 13.9 23 130   M    M   4        29 110
================================================================================
SM 2409 1765         0 468  1.33     0.0 272.8          M       31
================================================================================
AV 96.4 70.6                              10.9 FASTST   M    M   1    MAX(MPH)
                                 MISC ---->  # 51 200               # 68  230
================================================================================
NOTES:
# LAST OF SEVERAL OCCURRENCES

COLUMN 17 PEAK WIND IN M.P.H.

PRELIMINARY LOCAL CLIMATOLOGICAL DATA (WS FORM: F-6) , PAGE 2

                                          STATION:  Odessa Schleymeyer
                                          MONTH:    JUNE
                                          YEAR:     2017
                                          LATITUDE:   31 55 N
                                          LONGITUDE: 102 23 W

[TEMPERATURE DATA]      [PRECIPITATION DATA]       SYMBOLS USED IN COLUMN 16

AVERAGE MONTHLY: 83.5   TOTAL FOR MONTH:   1.33    1 = FOG OR MIST
DPTR FM NORMAL:   2.8   DPTR FM NORMAL:    0.02    2 = FOG REDUCING VISIBILITY
HIGHEST:   109 ON 17    GRTST 24HR  1.60 ON 31- 1      TO 1/4 MILE OR LESS
LOWEST:     62 ON  4, 3                            3 = THUNDER
                        SNOW, ICE PELLETS, HAIL    4 = ICE PELLETS
                        TOTAL MONTH:   0.0 INCH    5 = HAIL
                        GRTST 24HR     0.0         6 = FREEZING RAIN OR DRIZZLE
                        GRTST DEPTH:   0           7 = DUSTSTORM OR SANDSTORM:
                                                       VSBY 1/2 MILE OR LESS
                                                   8 = SMOKE OR HAZE
[NO. OF DAYS WITH]      [WEATHER - DAYS WITH]      9 = BLOWING SNOW
                                                   X = TORNADO
MAX 32 OR BELOW:   0    0.01 INCH OR MORE:   7
MAX 90 OR ABOVE:  19    0.10 INCH OR MORE:   4
MIN 32 OR BELOW:   0    0.50 INCH OR MORE:   1
MIN  0 OR BELOW:   0    1.00 INCH OR MORE:   0

[HDD (BASE 65) ]
TOTAL THIS MO.     0    CLEAR  (SCALE 0-3)  22
DPTR FM NORMAL     0    PTCLDY (SCALE 4-7)   3
TOTAL FM JUL 1  1660    CLOUDY (SCALE 8-10)  0
DPTR FM NORMAL  -824

[CDD (BASE 65) ]
TOTAL THIS MO.   468
DPTR FM NORMAL    78    [PRESSURE DATA]
TOTAL FM JAN 1  1027    HIGHEST SLP M ON M
DPTR FM NORMAL   195    LOWEST  SLP 29.52 ON M

[REMARKS]
