000
CXUS53 KGID 260730
CF6ODX
PRELIMINARY LOCAL CLIMATOLOGICAL DATA (WS FORM: F-6)

                                          STATION:   ORD NE
                                          MONTH:     FEBRUARY
                                          YEAR:      2015
                                          LATITUDE:   41 37 N
                                          LONGITUDE:  98 57 W

  TEMPERATURE IN F:       :PCPN:    SNOW:  WIND      :SUNSHINE: SKY     :PK WND
================================================================================
1   2   3   4   5  6A  6B    7    8   9   10  11  12  13   14  15   16   17  18
                                     12Z  AVG MX 2MIN
DY MAX MIN AVG DEP HDD CDD  WTR  SNW DPTH SPD SPD DIR MIN PSBL S-S WX    SPD DR
================================================================================

 1  23  -7   8 -18  57   0 0.25    M    M 20.5 33 340   M    M   8 189    43 340
 2  34 -11  12 -14  53   0 0.00    M    M  6.2 17 180   M    M   2        21 180
 3  50  10  30   4  35   0 0.00    M    M  7.2 18 350   M    M   2        25 350
 4  25  -6  10 -16  55   0 0.24    M    M 12.0 23 360   M    M   5 189    30 360
 5  32  -6  13 -13  52   0 0.00    M    M  7.1 17 210   M    M   0 1      21 220
 6  56  19  38  12  27   0 0.00    M    M  2.6 12  20   M    M   0 1      13  20
 7  66  26  46  20  19   0 0.00    M    M  7.2 23 270   M    M   0        29 260
 8  65  28  47  21  18   0 0.00    M    M 10.0 30 310   M    M   0 1      38 310
 9  39  24  32   6  33   0 0.00    M    M  7.2 20 150   M    M  10 12     26 140
10  66  33  50  23  15   0    T    M    M 13.7 32 330   M    M   6 18     39 330
11  39  20  30   3  35   0 0.00    M    M 16.9 31 330   M    M   6        40 330
12  27   8  18  -9  47   0 0.00    M    M  9.7 22  10   M    M   5        28 200
13  59  17  38  11  27   0 0.00    M    M  6.8 21 330   M    M   1        27 330
14  34  16  25  -2  40   0 0.00    M    M 10.4 22  20   M    M   4 1      29  40
15  26  14  20  -8  45   0 0.00    M    M  6.7 15 140   M    M   8        17 140
16  39  12  26  -2  39   0    T    M    M  7.3 22  20   M    M   7 18     27 340
17  27   6  17 -11  48   0 0.08    M    M 11.7 29 310   M    M   4 1289   35 310
18  19  -1   9 -19  56   0 0.00    M    M 10.0 23 320   M    M   2        28 320
19  26  14  20  -8  45   0 0.00    M    M 10.4 23 170   M    M   5        28 170
20  51  17  34   5  31   0 0.00    M    M  5.5 23 350   M    M   5        29 360
21  35  16  26  -3  39   0    T    M    M 11.5 26 360   M    M   6 18     33 360
22  18  -3   8 -21  57   0 0.00    M    M 11.8 24 350   M    M   3        32 330
23  32  -6  13 -17  52   0 0.00    M    M  9.9 21 240   M    M   0        27 230
24  50  16  33   3  32   0 0.00    M    M 10.6 26 330   M    M   0        34 350
25  41   9  25  -5  40   0    T    M    M 16.4 30 340   M    M   8        38 340
================================================================================
SM  979  265       997   0  0.57    M    249.3          M       97
================================================================================
AV 39.2 10.6                              10.0 FASTST   M    M   4    MAX(MPH)
                                 MISC ---->  # 33 340               # 43  340
================================================================================
NOTES:
# LAST OF SEVERAL OCCURRENCES

COLUMN 17 PEAK WIND IN M.P.H.

PRELIMINARY LOCAL CLIMATOLOGICAL DATA (WS FORM: F-6) , PAGE 2

                                          STATION:  ORD NE
                                          MONTH:    FEBRUARY
                                          YEAR:     2015
                                          LATITUDE:   41 37 N
                                          LONGITUDE:  98 57 W

[TEMPERATURE DATA]      [PRECIPITATION DATA]       SYMBOLS USED IN COLUMN 16

AVERAGE MONTHLY: 24.9   TOTAL FOR MONTH:   0.57    1 = FOG OR MIST
DPTR FM NORMAL:  -2.6   DPTR FM NORMAL:    0.16    2 = FOG REDUCING VISIBILITY
HIGHEST:    66 ON 10, 7 GRTST 24HR  0.25 ON  1- 1      TO 1/4 MILE OR LESS
LOWEST:    -11 ON  2                               3 = THUNDER
                        SNOW, ICE PELLETS, HAIL    4 = ICE PELLETS
                        TOTAL MONTH:    M          5 = HAIL
                        GRTST 24HR    M  ON   M    6 = FREEZING RAIN OR DRIZZLE
                        GRTST DEPTH:  M  ON   M    7 = DUSTSTORM OR SANDSTORM:
                                                       VSBY 1/2 MILE OR LESS
                                                   8 = SMOKE OR HAZE
[NO. OF DAYS WITH]      [WEATHER - DAYS WITH]      9 = BLOWING SNOW
                                                   X = TORNADO
MAX 32 OR BELOW:  10    0.01 INCH OR MORE:   3
MAX 90 OR ABOVE:   0    0.10 INCH OR MORE:   2
MIN 32 OR BELOW:  24    0.50 INCH OR MORE:   0
MIN  0 OR BELOW:   7    1.00 INCH OR MORE:   0

[HDD (BASE 65) ]
TOTAL THIS MO.   997    CLEAR  (SCALE 0-3)  11
DPTR FM NORMAL    58    PTCLDY (SCALE 4-7)  12
TOTAL FM JUL 1  4970    CLOUDY (SCALE 8-10)  2
DPTR FM NORMAL    55

[CDD (BASE 65) ]
TOTAL THIS MO.     0
DPTR FM NORMAL     0    [PRESSURE DATA]
TOTAL FM JAN 1     0    HIGHEST SLP M ON M
DPTR FM NORMAL     0    LOWEST  SLP 29.62 ON  7

[REMARKS]
