000
CXUS53 KGID 011600
CF6ODX

PRELIMINARY LOCAL CLIMATOLOGICAL DATA (WS FORM: F-6)

                                          STATION:   ORD NE
                                          MONTH:     FEBRUARY
                                          YEAR:      2017
                                          LATITUDE:   41 37 N
                                          LONGITUDE:  98 57 W

  TEMPERATURE IN F:       :PCPN:    SNOW:  WIND      :SUNSHINE: SKY     :PK WND
================================================================================
1   2   3   4   5  6A  6B    7    8   9   10  11  12  13   14  15   16   17  18
                                     12Z  AVG MX 2MIN
DY MAX MIN AVG DEP HDD CDD  WTR  SNW DPTH SPD SPD DIR MIN PSBL S-S WX    SPD DR
================================================================================

 1  28  14  21  -5  44   0 0.02    M    M 11.1 21 350   M    M   9 1      24 350
 2  23  12  18  -8  47   0    T    M    M  7.6 18 350   M    M   5        22 360
 3  27   3  15 -11  50   0 0.02    M    M  8.3 21 180   M    M   6        27 180
 4  52  22  37  11  28   0 0.00    M    M 13.2 23 350   M    M   0        29 350
 5  41  19  30   4  35   0 0.00    M    M  6.9 16 190   M    M   2        20 320
 6  55  24  40  14  25   0 0.00    M    M  3.8 18 340   M    M   0 1      23 340
 7  30  13  22  -4  43   0 0.11    M    M 16.3 26 350   M    M   9 1      34 350
 8  17   3  10 -16  55   0 0.10    M    M  9.2 18 350   M    M   5        21 350
 9  36   3  20  -6  45   0 0.00    M    M  9.0 23 180   M    M   3        29 180
10  68  23  46  19  19   0 0.00    M    M  4.0 17 330   M    M   0        22 330
11  50  35  43  16  22   0 0.01    M    M  7.4 20 340   M    M   4        26 340
12  48  25  37  10  28   0 0.00    M    M 10.5 31 330   M    M   0        39 330
13  51  23  37  10  28   0 0.00    M    M  9.0 20 240   M    M   1        25 240
14  50  25  38  11  27   0 0.00    M    M 12.1 24 350   M    M   0        31 360
15  63  20  42  14  23   0 0.00    M    M  7.2 18 220   M    M   0        24 230
16  72  25  49  21  16   0 0.00    M    M  3.6 12 300   M    M   0        16 320
17  68  24  46  18  19   0 0.00    M    M  6.2 25 360   M    M   0        32 360
18  63  25  44  16  21   0 0.00    M    M  5.2 14 150   M    M   0        19 140
19  73  33  53  25  12   0 0.00    M    M 12.5 25 180   M    M   0 18     34 170
20  62  30  46  17  19   0    T    M    M 12.2 30 330   M    M   4 18     38 310
21  78  26  52  23  13   0 0.00    M    M  9.0 26 260   M    M   0        31 270
22  66  32  49  20  16   0 0.00    M    M  9.7 28 300   M    M   0        35 300
23  41  26  34   4  31   0 0.35    M    M 16.5 26  30   M    M  10 16     36  40
24  26  12  19 -11  46   0 0.18    M    M 21.0 35 340   M    M   6 189    42 350
25  34  -1  17 -13  48   0 0.00    M    M  7.1 18 210   M    M   1        23 200
26  40  17  29  -2  36   0 0.00    M    M  5.9 15 240   M    M   0        17 250
27  51  12  32   1  33   0 0.00    M    M  5.8 23 170   M    M   0 1      29 180
28  43  30  37   6  28   0 0.00    M    M 11.6 21 330   M    M   6 12     24 320
================================================================================
SM 1356  555       857   0  0.79    M    261.9          M       71
================================================================================
AV 48.4 19.8                               9.4 FASTST   M    M   3    MAX(MPH)
                                 MISC ---->  # 35 340               # 42  350
================================================================================
NOTES:
# LAST OF SEVERAL OCCURRENCES

COLUMN 17 PEAK WIND IN M.P.H.

PRELIMINARY LOCAL CLIMATOLOGICAL DATA (WS FORM: F-6) , PAGE 2

                                          STATION:  ORD NE
                                          MONTH:    FEBRUARY
                                          YEAR:     2017
                                          LATITUDE:   41 37 N
                                          LONGITUDE:  98 57 W

[TEMPERATURE DATA]      [PRECIPITATION DATA]       SYMBOLS USED IN COLUMN 16

AVERAGE MONTHLY: 34.1   TOTAL FOR MONTH:   0.79    1 = FOG OR MIST
DPTR FM NORMAL:   6.3   DPTR FM NORMAL:    0.35    2 = FOG REDUCING VISIBILITY
HIGHEST:    78 ON 21    GRTST 24HR  0.35 ON 23-23      TO 1/4 MILE OR LESS
LOWEST:     -1 ON 25                               3 = THUNDER
                        SNOW, ICE PELLETS, HAIL    4 = ICE PELLETS
                        TOTAL MONTH:    M          5 = HAIL
                        GRTST 24HR    M  ON   M    6 = FREEZING RAIN OR DRIZZLE
                        GRTST DEPTH:  M  ON   M    7 = DUSTSTORM OR SANDSTORM:
                                                       VSBY 1/2 MILE OR LESS
                                                   8 = SMOKE OR HAZE
[NO. OF DAYS WITH]      [WEATHER - DAYS WITH]      9 = BLOWING SNOW
                                                   X = TORNADO
MAX 32 OR BELOW:   6    0.01 INCH OR MORE:   7
MAX 90 OR ABOVE:   0    0.10 INCH OR MORE:   4
MIN 32 OR BELOW:  26    0.50 INCH OR MORE:   0
MIN  0 OR BELOW:   1    1.00 INCH OR MORE:   0

[HDD (BASE 65) ]
TOTAL THIS MO.   857    CLEAR  (SCALE 0-3)  18
DPTR FM NORMAL  -184    PTCLDY (SCALE 4-7)   7
TOTAL FM JUL 1  4511    CLOUDY (SCALE 8-10)  3
DPTR FM NORMAL  -506

[CDD (BASE 65) ]
TOTAL THIS MO.     0
DPTR FM NORMAL     0    [PRESSURE DATA]
TOTAL FM JAN 1     0    HIGHEST SLP 30.65 ON  3
DPTR FM NORMAL     0    LOWEST  SLP 29.51 ON  6

[REMARKS]
SUBSTITUED LIQUID PRECIPITATION ON 2/1 2/3 2/7 2/8 AND 2/23 FROM COOP SITE 25-6336
DUE TO AUTOMATED SITE UNDER REPESENTING PRECIPITATION FROM SNOW EVENTS.
#FINAL-02-17#
