000
CXHW52 PHFO 201250
CF6OGG
PRELIMINARY LOCAL CLIMATOLOGICAL DATA (WS FORM: F-6)

                                          STATION:   KAHULUI HI
                                          MONTH:     OCTOBER
                                          YEAR:      2014
                                          LATITUDE:   20 53 N
                                          LONGITUDE: 156 26 W

  TEMPERATURE IN F:       :PCPN:    SNOW:  WIND      :SUNSHINE: SKY     :PK WND
================================================================================
1   2   3   4   5  6A  6B    7    8   9   10  11  12  13   14  15   16   17  18
                                     12Z  AVG MX 2MIN
DY MAX MIN AVG DEP HDD CDD  WTR  SNW DPTH SPD SPD DIR MIN PSBL S-S WX    SPD DR
================================================================================

 1  91  69  80   1   0  15 0.00  0.0    0  8.9 23  40   M    M   2        26  40
 2  90  69  80   1   0  15 0.00  0.0    0 10.7 23  40   M    M   3 8      28  40
 3  92  68  80   1   0  15 0.00  0.0    0 10.5 24  40   M    M   3 8      29  40
 4  93  70  82   3   0  17 0.02  0.0    0  5.8 21  40   M    M   4        25  30
 5  89  70  80   1   0  15 0.00  0.0    0  5.4 13  30   M    M   4        20 310
 6  89  70  80   1   0  15 0.00  0.0    0  4.7 14  20   M    M   2        17  40
 7  92  70  81   2   0  16 0.00  0.0    0  6.5 17  30   M    M   2        20  30
 8  90  70  80   1   0  15 0.00  0.0    0 11.3 24  30   M    M   4        28  60
 9  90  76  83   4   0  18 0.00  0.0    0 14.0 26  40   M    M   3        40  40
10  90  75  83   4   0  18    T  0.0    0 15.0 28  70   M    M   3 1      35  60
11  89  75  82   4   0  17 0.00  0.0    0 18.2 32  40   M    M   2        40  40
12  89  70  80   2   0  15 0.00  0.0    0 14.3 25  40   M    M   2        30  50
13  87  72  80   2   0  15    T  0.0    0  8.8 21  30   M    M   4        28  60
14  90  68  79   1   0  14 0.01  0.0    0 13.1 24  80   M    M   3 8      31  80
15  89  74  82   4   0  17 0.00  0.0    0  9.7 22  40   M    M   4        29  60
16  90  72  81   3   0  16    T  0.0    0 11.4 22  40   M    M   4        28  30
17  88  74  81   3   0  16    T  0.0    0 15.4 29  60   M    M   7 1      36  60
18  80  76  78   0   0  13 0.37  0.0    0  3.9 16 350   M    M   6 1      20 340
19  82  76  79   1   0  14 0.07  0.0    0 11.3 23  40   M    M   5        32  40
================================================================================
SM 1690 1364         0 296  0.47     0.0 198.9          M       67
================================================================================
AV 88.9 71.8                              10.5 FASTST   M    M   4    MAX(MPH)
                                 MISC ---->  # 32  40               # 40   40
================================================================================
NOTES:
# LAST OF SEVERAL OCCURRENCES

COLUMN 17 PEAK WIND IN M.P.H.

PRELIMINARY LOCAL CLIMATOLOGICAL DATA (WS FORM: F-6) , PAGE 2

                                          STATION:  KAHULUI HI
                                          MONTH:    OCTOBER
                                          YEAR:     2014
                                          LATITUDE:   20 53 N
                                          LONGITUDE: 156 26 W

[TEMPERATURE DATA]      [PRECIPITATION DATA]       SYMBOLS USED IN COLUMN 16

AVERAGE MONTHLY: 80.4   TOTAL FOR MONTH:   0.47    1 = FOG OR MIST
DPTR FM NORMAL:   1.8   DPTR FM NORMAL:   -0.15    2 = FOG REDUCING VISIBILITY
HIGHEST:    93 ON  4    GRTST 24HR  0.44 ON 18-19      TO 1/4 MILE OR LESS
LOWEST:     68 ON 14, 3                            3 = THUNDER
                        SNOW, ICE PELLETS, HAIL    4 = ICE PELLETS
                        TOTAL MONTH:   0.0 INCH    5 = HAIL
                        GRTST 24HR     0.0         6 = FREEZING RAIN OR DRIZZLE
                        GRTST DEPTH:   0           7 = DUSTSTORM OR SANDSTORM:
                                                       VSBY 1/2 MILE OR LESS
                                                   8 = SMOKE OR HAZE
[NO. OF DAYS WITH]      [WEATHER - DAYS WITH]      9 = BLOWING SNOW
                                                   X = TORNADO
MAX 32 OR BELOW:   0    0.01 INCH OR MORE:   4
MAX 90 OR ABOVE:  10    0.10 INCH OR MORE:   1
MIN 32 OR BELOW:   0    0.50 INCH OR MORE:   0
MIN  0 OR BELOW:   0    1.00 INCH OR MORE:   0

[HDD (BASE 65) ]
TOTAL THIS MO.     0    CLEAR  (SCALE 0-3)   8
DPTR FM NORMAL     0    PTCLDY (SCALE 4-7)  11
TOTAL FM JUL 1     0    CLOUDY (SCALE 8-10)  0
DPTR FM NORMAL     0

[CDD (BASE 65) ]
TOTAL THIS MO.   296
DPTR FM NORMAL    40    [PRESSURE DATA]
TOTAL FM JAN 1  3661    HIGHEST SLP M ON M
DPTR FM NORMAL   437    LOWEST  SLP 29.87 ON M

[REMARKS]
