000
CXHW52 PHFO 252327
CF6OGG
PRELIMINARY LOCAL CLIMATOLOGICAL DATA (WS FORM: F-6)

                                          STATION:   KAHULUI HI
                                          MONTH:     JULY
                                          YEAR:      2017
                                          LATITUDE:   20 53 N
                                          LONGITUDE: 156 26 W

  TEMPERATURE IN F:       :PCPN:    SNOW:  WIND      :SUNSHINE: SKY     :PK WND
================================================================================
1   2   3   4   5  6A  6B    7    8   9   10  11  12  13   14  15   16   17  18
                                     12Z  AVG MX 2MIN
DY MAX MIN AVG DEP HDD CDD  WTR  SNW DPTH SPD SPD DIR MIN PSBL S-S WX    SPD DR
================================================================================

 1  89  72  81   2   0  16    T  0.0    M 14.3 26  40   M    M   M 1      31  40
 2  90  66  78  -1   0  13 0.00  0.0    M 14.1 29  30   M    M   M        34  40
 3  88  74  81   2   0  16 0.04  0.0    M 18.4 29  40   M    M   M 1      37  40
 4  90  75  83   4   0  18 0.00  0.0    M 19.0 29  50   M    M   M        41  50
 5  88  76  82   3   0  17 0.00  0.0    M 16.2 26  40   M    M   M        31  50
 6  87  72  80   1   0  15 0.01  0.0    M 15.9 29  30   M    M   M 1      32  40
 7  88  74  81   2   0  16 0.00  0.0    M 17.1 30  40   M    M   M        36  30
 8  88  65  77  -2   0  12 0.00  0.0    M 14.4 28  40   M    M   M        33  40
 9  91  70  81   2   0  16 0.00  0.0    M 14.0 25  50   M    M   M        33  50
10  88  66  77  -2   0  12 0.00  0.0    M 13.3 28  40   M    M   M        31  20
11  92  68  80   1   0  15 0.00  0.0    M 11.4 25  70   M    M   M        31  60
12  90  70  80   1   0  15    T  0.0    M 13.2 28  30   M    M   M        33  40
13  91  72  82   3   0  17 0.00  0.0    M 14.6 25  40   M    M   M        35  50
14  90  76  83   4   0  18 0.00  0.0    M 17.0 26  40   M    M   M        31  40
15  88  75  82   3   0  17    T  0.0    M 15.2 26  40   M    M   M        31  40
16  88  73  81   2   0  16    T  0.0    M 13.8 28  40   M    M   M        33  30
17  90  74  82   3   0  17 0.01  0.0    M 15.7 33  50   M    M   M        39  40
18   M   M   M   M   M   M    M    M    M   M   M   M   M    M   M         M  M
19  87  73  80   1   0  15 0.01  0.0    M 15.3 29  60   M    M   M 1      37  60
20  89  75  82   3   0  17 0.00  0.0    M 17.0 29  60   M    M   M        40  60
21  87  74  81   2   0  16 0.01  0.0    M 13.8 30  40   M    M   M 1      35  40
22  90  75  83   4   0  18    T  0.0    M 13.4 25  80   M    M   M        34  70
23  88  75  82   3   0  17 0.10  0.0    M 14.3 25  30   M    M   M 1      30  40
24   M   M   M   M   M   M    M    M    M   M   M   M   M    M   M         M  M
================================================================================
SM 1957 1590         0 349  0.18     0.0 331.4          M        M
================================================================================
AV 89.0 72.3                              15.1 FASTST   M    M -nan   MAX(MPH)
                                 MISC ---->  # 33  50               # 41   50
================================================================================
NOTES:
# LAST OF SEVERAL OCCURRENCES

COLUMN 17 PEAK WIND IN M.P.H.

PRELIMINARY LOCAL CLIMATOLOGICAL DATA (WS FORM: F-6) , PAGE 2

                                          STATION:  KAHULUI HI
                                          MONTH:    JULY
                                          YEAR:     2017
                                          LATITUDE:   20 53 N
                                          LONGITUDE: 156 26 W

[TEMPERATURE DATA]      [PRECIPITATION DATA]       SYMBOLS USED IN COLUMN 16

AVERAGE MONTHLY: 80.6   TOTAL FOR MONTH:   0.18    1 = FOG OR MIST
DPTR FM NORMAL:   1.6   DPTR FM NORMAL:   -0.19    2 = FOG REDUCING VISIBILITY
HIGHEST:    92 ON 11    GRTST 24HR  0.10 ON 23-23      TO 1/4 MILE OR LESS
LOWEST:     65 ON  8                               3 = THUNDER
                        SNOW, ICE PELLETS, HAIL    4 = ICE PELLETS
                        TOTAL MONTH:   0.0 INCH    5 = HAIL
                        GRTST 24HR     0.0         6 = FREEZING RAIN OR DRIZZLE
                        GRTST DEPTH:  M  ON   M    7 = DUSTSTORM OR SANDSTORM:
                                                       VSBY 1/2 MILE OR LESS
                                                   8 = SMOKE OR HAZE
[NO. OF DAYS WITH]      [WEATHER - DAYS WITH]      9 = BLOWING SNOW
                                                   X = TORNADO
MAX 32 OR BELOW:   0    0.01 INCH OR MORE:   6
MAX 90 OR ABOVE:   9    0.10 INCH OR MORE:   1
MIN 32 OR BELOW:   0    0.50 INCH OR MORE:   0
MIN  0 OR BELOW:   0    1.00 INCH OR MORE:   0

[HDD (BASE 65) ]
TOTAL THIS MO.     0    CLEAR  (SCALE 0-3)   0
DPTR FM NORMAL     0    PTCLDY (SCALE 4-7)   0
TOTAL FM JUL 1     0    CLOUDY (SCALE 8-10)  0
DPTR FM NORMAL     0

[CDD (BASE 65) ]
TOTAL THIS MO.   349
DPTR FM NORMAL    13    [PRESSURE DATA]
TOTAL FM JAN 1  2152    HIGHEST SLP M ON M
DPTR FM NORMAL   169    LOWEST  SLP 29.93 ON M

[REMARKS]
