000
CXUS55 KEAX 300736
CF6OJC
PRELIMINARY LOCAL CLIMATOLOGICAL DATA (WS FORM: F-6)

                                          STATION:   Johnson County Executive KS
                                          MONTH:     MAY
                                          YEAR:      2016
                                          LATITUDE:   38 50 N
                                          LONGITUDE:  94 44 W

  TEMPERATURE IN F:       :PCPN:    SNOW:  WIND      :SUNSHINE: SKY     :PK WND
================================================================================
1   2   3   4   5  6A  6B    7    8   9   10  11  12  13   14  15   16   17  18
                                     12Z  AVG MX 2MIN
DY MAX MIN AVG DEP HDD CDD  WTR  SNW DPTH SPD SPD DIR MIN PSBL S-S WX    SPD DR
================================================================================

 1  60  47  54  -6  11   0 0.00    M    M  8.4 17 350   M    M   7        22 330
 2  55  45  50 -10  15   0    T    M    M  5.4 10  10   M    M   8        16  10
 3  68  44  56  -5   9   0 0.00    M    M  4.7 14 270   M    M   1        18 310
 4  70  52  61   0   4   0 0.00    M    M 10.4 21 330   M    M   0        30 320
 5  73  48  61   0   4   0 0.00    M    M  4.3 14  40   M    M   0        17  40
 6  79  50  65   3   0   0 0.00    M    M  6.4 14 210   M    M   0        17 220
 7  84  59  72  10   0   7 0.00    M    M  7.5 17 210   M    M   0        22 200
 8  70  60  65   3   0   0 1.51    M    M  7.8 16 200   M    M   5 13     21 210
 9  73  56  65   3   0   0 0.14    M    M 10.0 24 200   M    M   7 13     34 200
10  79  53  66   3   0   1 0.00    M    M  4.3 10 170   M    M   2        15 170
11  76  58  67   4   0   2 0.19    M    M  9.6 23 190   M    M   5 13     32 180
12  70  53  62  -2   3   0 0.00    M    M  7.9 21 320   M    M   0        28 320
13  78  47  63  -1   2   0 0.14    M    M 10.4 26 350   M    M   3 3      37 360
14  59  43  51 -13  14   0 0.00    M    M  9.2 20 360   M    M   2        28 360
15  65  40  53 -11  12   0 0.12    M    M  3.7 10  40   M    M   3 1      17 160
16  52  49  51 -14  14   0 0.67    M    M  9.8 16  70   M    M  10 1      23 130
17  58  45  52 -13  13   0 0.16    M    M  9.1 18  50   M    M   8 1      24  40
18  66  43  55 -10  10   0 0.00    M    M  3.6 12  80   M    M   6        15  60
19  65  45  55 -11  10   0 0.08    M    M  4.7 16 150   M    M   4        22 170
20  65  53  59  -7   6   0 0.02    M    M  5.6 10 110   M    M  10 1      14 120
21  73  49  61  -5   4   0    T    M    M  5.2 13 140   M    M   2 13     19 100
22  78  55  67   0   0   2 0.00    M    M  9.6 20 160   M    M   0        23 170
23  69  60  65  -2   0   0 1.54    M    M  7.8 18 170   M    M   4 13     24 170
24  77  60  69   2   0   4 0.27    M    M  8.3 22 150   M    M   4 13     27 130
25  80  62  71   3   0   6 0.22    M    M  9.3 28 240   M    M   4 13     41 230
26  82  60  71   3   0   6 1.90    M    M 11.4 31 360   M    M   8 13     43 350
27  78  58  68   0   0   3 0.57    M    M  8.0 21 260   M    M   7 13     28 270
28  76  57  67  -1   0   2 0.00    M    M  6.8 17 250   M    M   5        24 220
29  83  58  71   2   0   6 0.00    M    M  4.5 10 210   M    M   0        14 260
================================================================================
SM 2061 1509       131  39  7.53    M    213.7          M      115
================================================================================
AV 71.1 52.0                               7.4 FASTST   M    M   4    MAX(MPH)
                                 MISC ---->  # 31 360               # 43  350
================================================================================
NOTES:
# LAST OF SEVERAL OCCURRENCES

COLUMN 17 PEAK WIND IN M.P.H.

PRELIMINARY LOCAL CLIMATOLOGICAL DATA (WS FORM: F-6) , PAGE 2

                                          STATION:  Johnson County Executive KS
                                          MONTH:    MAY
                                          YEAR:     2016
                                          LATITUDE:   38 50 N
                                          LONGITUDE:  94 44 W

[TEMPERATURE DATA]      [PRECIPITATION DATA]       SYMBOLS USED IN COLUMN 16

AVERAGE MONTHLY: 61.6   TOTAL FOR MONTH:   7.53    1 = FOG OR MIST
DPTR FM NORMAL:  -2.9   DPTR FM NORMAL:    2.45    2 = FOG REDUCING VISIBILITY
HIGHEST:    84 ON  7    GRTST 24HR  1.90 ON 26-26      TO 1/4 MILE OR LESS
LOWEST:     40 ON 15                               3 = THUNDER
                        SNOW, ICE PELLETS, HAIL    4 = ICE PELLETS
                        TOTAL MONTH:    M          5 = HAIL
                        GRTST 24HR    M  ON   M    6 = FREEZING RAIN OR DRIZZLE
                        GRTST DEPTH:  M  ON   M    7 = DUSTSTORM OR SANDSTORM:
                                                       VSBY 1/2 MILE OR LESS
                                                   8 = SMOKE OR HAZE
[NO. OF DAYS WITH]      [WEATHER - DAYS WITH]      9 = BLOWING SNOW
                                                   X = TORNADO
MAX 32 OR BELOW:   0    0.01 INCH OR MORE:  14
MAX 90 OR ABOVE:   0    0.10 INCH OR MORE:  12
MIN 32 OR BELOW:   0    0.50 INCH OR MORE:   5
MIN  0 OR BELOW:   0    1.00 INCH OR MORE:   3

[HDD (BASE 65) ]
TOTAL THIS MO.   131    CLEAR  (SCALE 0-3)  12
DPTR FM NORMAL    40    PTCLDY (SCALE 4-7)  15
TOTAL FM JUL 1  4139    CLOUDY (SCALE 8-10)  2
DPTR FM NORMAL  -783

[CDD (BASE 65) ]
TOTAL THIS MO.    39
DPTR FM NORMAL   -36    [PRESSURE DATA]
TOTAL FM JAN 1    45    HIGHEST SLP  0.00 ON M
DPTR FM NORMAL   -48    LOWEST  SLP  0.00 ON M

[REMARKS]
