000
CXUS56 KSGX 261545
CF6OKB
PRELIMINARY LOCAL CLIMATOLOGICAL DATA (WS FORM: F-6)

                                          STATION:   OCEANSIDE AIRPORT CA
                                          MONTH:     MAY
                                          YEAR:      2016
                                          LATITUDE:   33 13 N
                                          LONGITUDE: 117 21 W

  TEMPERATURE IN F:       :PCPN:    SNOW:  WIND      :SUNSHINE: SKY     :PK WND
================================================================================
1   2   3   4   5  6A  6B    7    8   9   10  11  12  13   14  15   16   17  18
                                     12Z  AVG MX 2MIN
DY MAX MIN AVG DEP HDD CDD  WTR  SNW DPTH SPD SPD DIR MIN PSBL S-S WX    SPD DR
================================================================================

 1  69  48  59  -1   6   0 0.00  0.0    0  4.3 15 240   M    M   5        20 230
 2  71  49  60   0   5   0 0.00  0.0    0  5.8 18 260   M    M   2 18     24 250
 3  70  50  60   0   5   0 0.00  0.0    0  5.5 15 230   M    M   5 18     20 240
 4  68  50  59  -2   6   0 0.00  0.0    0  4.5 16 250   M    M   8        21 250
 5  69  57  63   2   2   0 0.06  0.0    0  5.3 15 230   M    M  10 1      21 240
 6  65  52  59  -2   6   0 0.23  0.0    0  5.1 14 250   M    M   7 1      19 240
 7  69  51  60  -1   5   0 0.24  0.0    0  4.7 16 260   M    M   5 1      21 260
 8  69  48  59  -2   6   0 0.00  0.0    0  6.4 16 290   M    M   2 1      23 240
 9  70  52  61   0   4   0 0.00  0.0    0  6.4 17 250   M    M   4        23 250
10  71  58  65   4   0   0 0.00  0.0    0  4.9 16 260   M    M   8        21 290
11  72  61  67   6   0   2 0.00  0.0    0  6.1 17 290   M    M   8        24 260
12  68  60  64   3   1   0 0.00  0.0    0  5.5 14 260   M    M   9 8      18 230
13  69  60  65   4   0   0 0.00  0.0    0  5.5 13 260   M    M   8 8      21 240
14  66  62  64   2   1   0 0.00  0.0    0  5.8 12 260   M    M  10        15 250
15  70  61  66   4   0   1 0.00  0.0    0  8.1 16 240   M    M   9        20 250
16  69  60  65   3   0   0    T  0.0    0  4.9 12 250   M    M  10 8      22 130
17  68  62  65   3   0   0 0.00  0.0    0  5.8 15 250   M    M  10        26 240
18  72  61  67   5   0   2 0.00  0.0    0  7.2 17 250   M    M   9        22 250
19  71  61  66   4   0   1 0.00  0.0    0  5.7 15 250   M    M  10 18     19 250
20  68  60  64   2   1   0 0.00  0.0    0  8.4 17 250   M    M   9        27 100
21  67  56  62   0   3   0    T  0.0    0  7.9 16 260   M    M   5        22 240
22  69  50  60  -2   5   0    T  0.0    0  6.1 16 240   M    M   2        24 170
23  68  49  59  -3   6   0 0.00  0.0    0  6.2 15 210   M    M   4        25 100
24  69  59  64   2   1   0 0.01  0.0    0  8.2 16 260   M    M   9        26 310
25  70  50  60  -3   5   0 0.00  0.0    0  6.8 18 260   M    M   3        24 250
================================================================================
SM 1727 1387        68   6  0.54     0.0 151.1          M      171
================================================================================
AV 69.1 55.5                               6.0 FASTST   M    M   7    MAX(MPH)
                                 MISC ---->  # 18 260               # 27  100
================================================================================
NOTES:
# LAST OF SEVERAL OCCURRENCES

COLUMN 17 PEAK WIND IN M.P.H.

PRELIMINARY LOCAL CLIMATOLOGICAL DATA (WS FORM: F-6) , PAGE 2

                                          STATION:  OCEANSIDE AIRPORT CA
                                          MONTH:    MAY
                                          YEAR:     2016
                                          LATITUDE:   33 13 N
                                          LONGITUDE: 117 21 W

[TEMPERATURE DATA]      [PRECIPITATION DATA]       SYMBOLS USED IN COLUMN 16

AVERAGE MONTHLY: 62.3   TOTAL FOR MONTH:   0.54    1 = FOG OR MIST
DPTR FM NORMAL:   0.9   DPTR FM NORMAL:    0.29    2 = FOG REDUCING VISIBILITY
HIGHEST:    72 ON 18,11 GRTST 24HR  0.34 ON  6- 7      TO 1/4 MILE OR LESS
LOWEST:     48 ON  8, 1                            3 = THUNDER
                        SNOW, ICE PELLETS, HAIL    4 = ICE PELLETS
                        TOTAL MONTH:   0.0 INCH    5 = HAIL
                        GRTST 24HR     0.0         6 = FREEZING RAIN OR DRIZZLE
                        GRTST DEPTH:   0           7 = DUSTSTORM OR SANDSTORM:
                                                       VSBY 1/2 MILE OR LESS
                                                   8 = SMOKE OR HAZE
[NO. OF DAYS WITH]      [WEATHER - DAYS WITH]      9 = BLOWING SNOW
                                                   X = TORNADO
MAX 32 OR BELOW:   0    0.01 INCH OR MORE:   4
MAX 90 OR ABOVE:   0    0.10 INCH OR MORE:   2
MIN 32 OR BELOW:   0    0.50 INCH OR MORE:   0
MIN  0 OR BELOW:   0    1.00 INCH OR MORE:   0

[HDD (BASE 65) ]
TOTAL THIS MO.    68    CLEAR  (SCALE 0-3)   4
DPTR FM NORMAL   -27    PTCLDY (SCALE 4-7)  10
TOTAL FM JUL 1  1599    CLOUDY (SCALE 8-10) 11
DPTR FM NORMAL  -390

[CDD (BASE 65) ]
TOTAL THIS MO.     6
DPTR FM NORMAL     6    [PRESSURE DATA]
TOTAL FM JAN 1    16    HIGHEST SLP M ON M
DPTR FM NORMAL    13    LOWEST  SLP 29.81 ON 20

[REMARKS]
