000
CXUS56 KSGX 201445
CF6OKB
PRELIMINARY LOCAL CLIMATOLOGICAL DATA (WS FORM: F-6)

                                          STATION:   OCEANSIDE AIRPORT CA
                                          MONTH:     APRIL
                                          YEAR:      2014
                                          LATITUDE:   33 13 N
                                          LONGITUDE: 117 21 W

  TEMPERATURE IN F:       :PCPN:    SNOW:  WIND      :SUNSHINE: SKY     :PK WND
================================================================================
1   2   3   4   5  6A  6B    7    8   9   10  11  12  13   14  15   16   17  18
                                     12Z  AVG MX 2MIN
DY MAX MIN AVG DEP HDD CDD  WTR  SNW DPTH SPD SPD DIR MIN PSBL S-S WX    SPD DR
================================================================================

 1  64  47  56  -1   9   0 0.16  0.0    0  5.8 17 290   M    M   4 1      24 290
 2  64  44  54  -3  11   0 0.12  0.0    0  5.3 22 300   M    M   3 1      33 300
 3  66  40  53  -4  12   0 0.00  0.0    0  4.8 16 240   M    M   0        24 290
 4  65  44  55  -2  10   0 0.00  0.0    0  2.8 15 240   M    M   1        19 250
 5  66  46  56  -1   9   0 0.02    M    0  4.6 16 250   M    M   4 1      22 250
 6  72  42  57  -1   8   0 0.00  0.0    0  4.6 14 250   M    M   0 8      19 240
 7  79  43  61   3   4   0 0.00  0.0    0  4.6 14 240   M    M   0        19 240
 8  86  47  67   9   0   2 0.00  0.0    0  3.9 14 280   M    M   0        21 290
 9  82  44  63   5   2   0 0.00  0.0    0  3.5 13 250   M    M   0 1      17 250
10  71  39  55  -3  10   0 0.00  0.0    0  3.4 13 240   M    M   2 128    14 250
11  76  49  63   5   2   0 0.00  0.0    0  5.6 14 250   M    M   3 18     17 240
12  69  58  64   6   1   0 0.00  0.0    0  6.9 15 240   M    M   8        21 240
13  68  56  62   4   3   0 0.00  0.0    0  4.4 15 240   M    M   7        21 220
14  72  46  59   1   6   0 0.00  0.0    0  4.4 16 280   M    M   1 1      24 290
15  66  48  57  -1   8   0 0.00  0.0    0  4.3 15 240   M    M   5 18     19 250
16  68  51  60   1   5   0 0.00  0.0    0  3.8 14 230   M    M   6 8      21 240
17  67  58  63   4   2   0 0.00  0.0    0  5.6 14 220   M    M  10 8      20 240
18  70  54  62   3   3   0 0.00  0.0    0  4.3 15 240   M    M   5        21 230
19  69  47  58  -1   7   0 0.00  0.0    0  4.0 15 250   M    M   2 1      22 250
================================================================================
SM 1340  903       112   2  0.30     0.0  86.6          M       61
================================================================================
AV 70.5 47.5                               4.6 FASTST   M    M   3    MAX(MPH)
                                 MISC ---->  # 22 300               # 33  300
================================================================================
NOTES:
# LAST OF SEVERAL OCCURRENCES

COLUMN 17 PEAK WIND IN M.P.H.

PRELIMINARY LOCAL CLIMATOLOGICAL DATA (WS FORM: F-6) , PAGE 2

                                          STATION:  OCEANSIDE AIRPORT CA
                                          MONTH:    APRIL
                                          YEAR:     2014
                                          LATITUDE:   33 13 N
                                          LONGITUDE: 117 21 W

[TEMPERATURE DATA]      [PRECIPITATION DATA]       SYMBOLS USED IN COLUMN 16

AVERAGE MONTHLY: 59.0   TOTAL FOR MONTH:   0.30    1 = FOG OR MIST
DPTR FM NORMAL:   1.1   DPTR FM NORMAL:   -0.35    2 = FOG REDUCING VISIBILITY
HIGHEST:    86 ON  8    GRTST 24HR  0.28 ON  1- 2      TO 1/4 MILE OR LESS
LOWEST:     39 ON 10                               3 = THUNDER
                        SNOW, ICE PELLETS, HAIL    4 = ICE PELLETS
                        TOTAL MONTH:   0.0 INCH    5 = HAIL
                        GRTST 24HR     0.0         6 = FREEZING RAIN OR DRIZZLE
                        GRTST DEPTH:   0           7 = DUSTSTORM OR SANDSTORM:
                                                       VSBY 1/2 MILE OR LESS
                                                   8 = SMOKE OR HAZE
[NO. OF DAYS WITH]      [WEATHER - DAYS WITH]      9 = BLOWING SNOW
                                                   X = TORNADO
MAX 32 OR BELOW:   0    0.01 INCH OR MORE:   3
MAX 90 OR ABOVE:   0    0.10 INCH OR MORE:   2
MIN 32 OR BELOW:   0    0.50 INCH OR MORE:   0
MIN  0 OR BELOW:   0    1.00 INCH OR MORE:   0

[HDD (BASE 65) ]
TOTAL THIS MO.   112    CLEAR  (SCALE 0-3)  10
DPTR FM NORMAL   -23    PTCLDY (SCALE 4-7)   7
TOTAL FM JUL 1  1452    CLOUDY (SCALE 8-10)  2
DPTR FM NORMAL  -381

[CDD (BASE 65) ]
TOTAL THIS MO.     2
DPTR FM NORMAL     2    [PRESSURE DATA]
TOTAL FM JAN 1     4    HIGHEST SLP M ON M
DPTR FM NORMAL     3    LOWEST  SLP 29.78 ON 16

[REMARKS]
