000
CXUS55 KTWC 220855
CF6OLS
PRELIMINARY LOCAL CLIMATOLOGICAL DATA (WS FORM: F-6)

                                          STATION:   NOGALES AZ AIRPORT
                                          MONTH:     FEBRUARY
                                          YEAR:      2018
                                          LATITUDE:   31 25 N
                                          LONGITUDE: 110 51 W

  TEMPERATURE IN F:       :PCPN:    SNOW:  WIND      :SUNSHINE: SKY     :PK WND
================================================================================
1   2   3   4   5  6A  6B    7    8   9   10  11  12  13   14  15   16   17  18
                                     12Z  AVG MX 2MIN
DY MAX MIN AVG DEP HDD CDD  WTR  SNW DPTH SPD SPD DIR MIN PSBL S-S WX    SPD DR
================================================================================

 1  78  32  55   4  10   0 0.00  0.0    0  3.1 12 250   M    M   M        14 190
 2  74  37  56   5   9   0 0.00  0.0    0  2.7 13 250   M    M   M        17 270
 3  76  44  60   9   5   0 0.00  0.0    0  4.6 16 290   M    M   M        22 270
 4  78  35  57   6   8   0 0.00  0.0    0  3.3  9  30   M    M   M        12 300
 5   M   M   M   M   M   M    M    M    M   M   M   M   M    M   M         M  M
 6  75  37  56   5   9   0 0.00  0.0    M  5.5 20 230   M    M   M        28 220
 7  76  36  56   5   9   0 0.00  0.0    M  5.9 16  20   M    M   M        22  20
 8  81  39  60   9   5   0 0.00  0.0    M  4.2 12  40   M    M   M        14  40
 9  80  37  59   8   6   0 0.00  0.0    M  4.2 16 240   M    M   M        21 290
10  75  39  57   6   8   0 0.00  0.0    M  7.8 24 220   M    M   M        32 170
11  72  44  58   7   7   0 0.00  0.0    M  8.4 20 210   M    M   M        26 230
12  67  43  55   4  10   0 0.00  0.0    M 14.5 31 180   M    M   M        41 140
13  70  39  55   4  10   0 0.00  0.0    M  8.9 25 190   M    M   M        31 190
14   M   M   M   M   M   M    M    M    M   M   M   M   M    M   M         M  M
15   M   M   M   M   M   M    M    M    M   M   M   M   M    M   M 1       M  M
16  57  51  54   2  11   0 0.30  0.0    M  2.8  9 160   M    M   M 2      12 150
17  68  45  57   5   8   0 0.00  0.0    M  2.6 10 190   M    M   M 2      12 190
18  67  47  57   5   8   0 0.09    M    M  6.5 21 210   M    M   M 1      24 200
19  61  48  55   3  10   0 0.17    M    M 15.0 32 220   M    M   M 1      41 210
20  55  34  45  -7  20   0 0.02  0.0    0  7.1 18 220   M    M   M        24 200
21  58  32  45  -7  20   0 0.00  0.0    M  5.8 18 190   M    M   M        26 190
================================================================================
SM 1268  719       173   0  0.58     0.0 112.9          M        M
================================================================================
AV 70.4 39.9                               6.3 FASTST   M    M -nan   MAX(MPH)
                                 MISC ---->  # 32 220               # 41  140
================================================================================
NOTES:
# LAST OF SEVERAL OCCURRENCES

COLUMN 17 PEAK WIND IN M.P.H.

PRELIMINARY LOCAL CLIMATOLOGICAL DATA (WS FORM: F-6) , PAGE 2

                                          STATION:  NOGALES AZ AIRPORT
                                          MONTH:    FEBRUARY
                                          YEAR:     2018
                                          LATITUDE:   31 25 N
                                          LONGITUDE: 110 51 W

[TEMPERATURE DATA]      [PRECIPITATION DATA]       SYMBOLS USED IN COLUMN 16

AVERAGE MONTHLY: 55.2   TOTAL FOR MONTH:   0.58    1 = FOG OR MIST
DPTR FM NORMAL:   3.9   DPTR FM NORMAL:   -0.08    2 = FOG REDUCING VISIBILITY
HIGHEST:    81 ON  8    GRTST 24HR  0.30 ON 16-16      TO 1/4 MILE OR LESS
LOWEST:     32 ON 21, 1                            3 = THUNDER
                        SNOW, ICE PELLETS, HAIL    4 = ICE PELLETS
                        TOTAL MONTH:   0.0 INCH    5 = HAIL
                        GRTST 24HR     0.0         6 = FREEZING RAIN OR DRIZZLE
                        GRTST DEPTH:   0           7 = DUSTSTORM OR SANDSTORM:
                                                       VSBY 1/2 MILE OR LESS
                                                   8 = SMOKE OR HAZE
[NO. OF DAYS WITH]      [WEATHER - DAYS WITH]      9 = BLOWING SNOW
                                                   X = TORNADO
MAX 32 OR BELOW:   0    0.01 INCH OR MORE:   4
MAX 90 OR ABOVE:   0    0.10 INCH OR MORE:   2
MIN 32 OR BELOW:   2    0.50 INCH OR MORE:   0
MIN  0 OR BELOW:   0    1.00 INCH OR MORE:   0

[HDD (BASE 65) ]
TOTAL THIS MO.   173    CLEAR  (SCALE 0-3)   0
DPTR FM NORMAL  -115    PTCLDY (SCALE 4-7)   0
TOTAL FM JUL 1   890    CLOUDY (SCALE 8-10)  0
DPTR FM NORMAL  -714

[CDD (BASE 65) ]
TOTAL THIS MO.     0
DPTR FM NORMAL     0    [PRESSURE DATA]
TOTAL FM JAN 1     0    HIGHEST SLP M ON M
DPTR FM NORMAL     0    LOWEST  SLP 29.65 ON 19

[REMARKS]
