000
CXUS55 KTWC 270855
CF6OLS
PRELIMINARY LOCAL CLIMATOLOGICAL DATA (WS FORM: F-6)

                                          STATION:   NOGALES AZ AIRPORT
                                          MONTH:     SEPTEMBER
                                          YEAR:      2016
                                          LATITUDE:   31 25 N
                                          LONGITUDE: 110 51 W

  TEMPERATURE IN F:       :PCPN:    SNOW:  WIND      :SUNSHINE: SKY     :PK WND
================================================================================
1   2   3   4   5  6A  6B    7    8   9   10  11  12  13   14  15   16   17  18
                                     12Z  AVG MX 2MIN
DY MAX MIN AVG DEP HDD CDD  WTR  SNW DPTH SPD SPD DIR MIN PSBL S-S WX    SPD DR
================================================================================

 1  95  62  79   2   0  14 0.00    M    M  5.0 22 150   M    M   1        28 150
 2  97  65  81   4   0  16 0.00    M    M  6.0 17 220   M    M   1        23 210
 3  95  61  78   1   0  13 0.00    M    M  6.6 23 220   M    M   1        31 180
 4  96  57  77   0   0  12 0.00    M    M  6.4 22 220   M    M   0        27 190
 5  99  58  79   2   0  14 0.00    M    M  7.4 22 230   M    M   0        32 200
 6  87  65  76  -1   0  11 0.33    M    M  5.1 25 150   M    M   5 13     33 150
 7  69  64  67 -10   0   2 1.79    M    M  8.9 23 150   M    M  10 1      35 140
 8  84  64  74  -3   0   9 0.01    M    M  3.8 13 320   M    M   5 1      19 330
 9  89  60  75  -2   0  10 0.00    M    M  4.2 13 290   M    M   0        18 270
10  93  59  76   0   0  11 0.00    M    M  3.4 15  70   M    M   3        19  60
11  91  62  77   1   0  12 0.00    M    M  5.2 25  90   M    M   1 3      34  80
12  88  58  73  -3   0   8 0.00    M    M  6.1 21 220   M    M   1 3      27 250
13  88  63  76   0   0  11    T    M    M  6.1 17 190   M    M   1 3      23 200
14  90  59  75  -1   0  10 0.00    M    M  4.7 16 230   M    M   0        23 240
15  88  55  72  -4   0   7 0.00    M    M  4.3 16 240   M    M   0        22 240
16  87  50  69  -6   0   4 0.00    M    M  3.3 13 260   M    M   0        18 250
17  90  51  71  -4   0   6 0.00    M    M  2.6 12 280   M    M   0        17 280
18  95  54  75   0   0  10 0.00    M    M  2.7 12 170   M    M   0        15 160
19  88  59  74   0   0   9    T    M    M  3.9 10 210   M    M   1        14 270
20  89  64  77   3   0  12 0.00    M    M  4.6 14 220   M    M   2        18 180
21  91  64  78   4   0  13 0.00    M    M  6.6 18 200   M    M   0        25 210
22  89  54  72  -2   0   7 0.00    M    M  7.5 23 200   M    M   0        29 210
23  81  60  71  -2   0   6 0.00    M    M  7.0 18 200   M    M   6        23 190
24  83  52  68  -5   0   3 0.00    M    M  3.9 13 300   M    M   3        17 260
25  85  48  67  -6   0   2    T    M    M  5.1 26 110   M    M   2 3      35 120
26  72  58  65  -7   0   0 0.03  0.0    M 10.8 26 100   M    M   M        35 110
================================================================================
SM 2299 1526         0 232  2.16     0.0 141.2          M       43
================================================================================
AV 88.4 58.7                               5.4 FASTST   M    M   2    MAX(MPH)
                                 MISC ---->  # 26 110               # 35  140
================================================================================
NOTES:
# LAST OF SEVERAL OCCURRENCES

COLUMN 17 PEAK WIND IN M.P.H.

PRELIMINARY LOCAL CLIMATOLOGICAL DATA (WS FORM: F-6) , PAGE 2

                                          STATION:  NOGALES AZ AIRPORT
                                          MONTH:    SEPTEMBER
                                          YEAR:     2016
                                          LATITUDE:   31 25 N
                                          LONGITUDE: 110 51 W

[TEMPERATURE DATA]      [PRECIPITATION DATA]       SYMBOLS USED IN COLUMN 16

AVERAGE MONTHLY: 73.6   TOTAL FOR MONTH:   2.16    1 = FOG OR MIST
DPTR FM NORMAL:  -1.9   DPTR FM NORMAL:    0.79    2 = FOG REDUCING VISIBILITY
HIGHEST:    99 ON  5    GRTST 24HR  1.86 ON  6- 7      TO 1/4 MILE OR LESS
LOWEST:     48 ON 25                               3 = THUNDER
                        SNOW, ICE PELLETS, HAIL    4 = ICE PELLETS
                        TOTAL MONTH:   0.0 INCH    5 = HAIL
                        GRTST 24HR     0.0         6 = FREEZING RAIN OR DRIZZLE
                        GRTST DEPTH:  M  ON   M    7 = DUSTSTORM OR SANDSTORM:
                                                       VSBY 1/2 MILE OR LESS
                                                   8 = SMOKE OR HAZE
[NO. OF DAYS WITH]      [WEATHER - DAYS WITH]      9 = BLOWING SNOW
                                                   X = TORNADO
MAX 32 OR BELOW:   0    0.01 INCH OR MORE:   4
MAX 90 OR ABOVE:  11    0.10 INCH OR MORE:   2
MIN 32 OR BELOW:   0    0.50 INCH OR MORE:   1
MIN  0 OR BELOW:   0    1.00 INCH OR MORE:   1

[HDD (BASE 65) ]
TOTAL THIS MO.     0    CLEAR  (SCALE 0-3)  21
DPTR FM NORMAL     0    PTCLDY (SCALE 4-7)   3
TOTAL FM JUL 1     0    CLOUDY (SCALE 8-10)  1
DPTR FM NORMAL     0

[CDD (BASE 65) ]
TOTAL THIS MO.   232
DPTR FM NORMAL   -39    [PRESSURE DATA]
TOTAL FM JAN 1  1762    HIGHEST SLP M ON M
DPTR FM NORMAL    33    LOWEST  SLP 29.57 ON  5

[REMARKS]
