190
CXUS53 KARX 271053
CF6OLZ
PRELIMINARY LOCAL CLIMATOLOGICAL DATA (WS FORM: F-6)

                                          STATION:   OELWEIN IA
                                          MONTH:     JUNE
                                          YEAR:      2017
                                          LATITUDE:   42 40 N
                                          LONGITUDE:  91 58 W

  TEMPERATURE IN F:       :PCPN:    SNOW:  WIND      :SUNSHINE: SKY     :PK WND
================================================================================
1   2   3   4   5  6A  6B    7    8   9   10  11  12  13   14  15   16   17  18
                                     12Z  AVG MX 2MIN
DY MAX MIN AVG DEP HDD CDD  WTR  SNW DPTH SPD SPD DIR MIN PSBL S-S WX    SPD DR
================================================================================

 1  81  50  66   M   0   1 0.00  0.0    0  3.5 10 320   M    M   0        17 320
 2  86  57  72   M   0   7 0.00  0.0    0  9.2 17 200   M    M   1        24 200
 3  91  68  80   M   0  15 0.00  0.0    0 11.3 23 220   M    M   3        30 250
 4  90  64  77   M   0  12 0.00  0.0    0  5.3 16 320   M    M   1        21 290
 5  82  63  73   M   0   8 0.00  0.0    0 11.7 17  40   M    M   1        24  30
 6  77  55  66   M   0   1 0.00  0.0    0  7.1 13  90   M    M   0        16  60
 7  81  54  68   M   0   3 0.00  0.0    0  6.2 12 150   M    M   0        12   0
 8  84  57  71   M   0   6 0.00  0.0    0 10.9 21 230   M    M   4        27 230
 9  90  59  75   M   0  10 0.00  0.0    0  8.4 20 220   M    M   2        21 250
10  91  66  79   M   0  14 0.00  0.0    0 21.0 33 200   M    M   0        41 200
11  95  73  84   M   0  19 0.00  0.0    0 20.0 29 190   M    M   2        41 190
12  90  66  78   M   0  13 0.69  0.0    0 11.8 21  10   M    M   4        30  10
13  91  68  80   M   0  15 0.00  0.0    0 13.7 24 170   M    M   2        32 160
14  84  66  75   M   0  10 0.67  0.0    0  9.6 20 250   M    M   4        35 250
15  88  66  77   M   0  12 0.05  0.0    0  7.2 12 290   M    M   2        16 290
16  88  66  77   M   0  12 0.54  0.0    0  9.6 15 210   M    M   3        18 200
17  81  64  73   M   0   8    T  0.0    0  5.8 14 330   M    M   5        23 330
18  73  59  66   M   0   1 0.00  0.0    0 14.9 21 290   M    M   6        29 290
19  77  55  66   M   0   1 0.01  0.0    0 13.1 27 290   M    M   1        29 320
20  82  54  68   M   0   3 0.00  0.0    0 10.0 17 240   M    M   0        24 220
21  73  55  64   M   1   0 0.10  0.0    0 10.5 17 160   M    M   4        24 170
22  81  68  75   M   0  10 1.57  0.0    0 10.1 20 140   M    M   7 1      28 150
23  73  59  66   M   0   1 0.00  0.0    0 12.7 23 300   M    M   4 12     31 290
24  70  52  61   M   4   0 0.00  0.0    0 12.3 22 310   M    M   2        31 330
25  68  48  58   M   7   0 0.00  0.0    0 12.0 20 310   M    M   4        28 310
26  70  50  60   M   5   0 0.00  0.0    0  9.8 16  10   M    M   2        28 300
================================================================================
SM 2137 1562        17 182  3.63     0.0 277.7          M       64
================================================================================
AV 82.2 60.1                              10.7 FASTST   M    M   2    MAX(MPH)
                                 MISC ---->  # 33 200               # 41  200
================================================================================
NOTES:
# LAST OF SEVERAL OCCURRENCES

COLUMN 17 PEAK WIND IN M.P.H.

PRELIMINARY LOCAL CLIMATOLOGICAL DATA (WS FORM: F-6) , PAGE 2

                                          STATION:  OELWEIN IA
                                          MONTH:    JUNE
                                          YEAR:     2017
                                          LATITUDE:   42 40 N
                                          LONGITUDE:  91 58 W

[TEMPERATURE DATA]      [PRECIPITATION DATA]       SYMBOLS USED IN COLUMN 16

AVERAGE MONTHLY: 71.1   TOTAL FOR MONTH:   3.63    1 = FOG OR MIST
DPTR FM NORMAL:     M   DPTR FM NORMAL:       M    2 = FOG REDUCING VISIBILITY
HIGHEST:    95 ON 11    GRTST 24HR  1.57 ON 22-22      TO 1/4 MILE OR LESS
LOWEST:     48 ON 25                               3 = THUNDER
                        SNOW, ICE PELLETS, HAIL    4 = ICE PELLETS
                        TOTAL MONTH:   0.0 INCH    5 = HAIL
                        GRTST 24HR     0.0         6 = FREEZING RAIN OR DRIZZLE
                        GRTST DEPTH:   0           7 = DUSTSTORM OR SANDSTORM:
                                                       VSBY 1/2 MILE OR LESS
                                                   8 = SMOKE OR HAZE
[NO. OF DAYS WITH]      [WEATHER - DAYS WITH]      9 = BLOWING SNOW
                                                   X = TORNADO
MAX 32 OR BELOW:   0    0.01 INCH OR MORE:   7
MAX 90 OR ABOVE:   7    0.10 INCH OR MORE:   5
MIN 32 OR BELOW:   0    0.50 INCH OR MORE:   4
MIN  0 OR BELOW:   0    1.00 INCH OR MORE:   1

[HDD (BASE 65) ]
TOTAL THIS MO.    17    CLEAR  (SCALE 0-3)  17
DPTR FM NORMAL     M    PTCLDY (SCALE 4-7)   9
TOTAL FM JUL 1  6147    CLOUDY (SCALE 8-10)  0
DPTR FM NORMAL     M

[CDD (BASE 65) ]
TOTAL THIS MO.   182
DPTR FM NORMAL     M    [PRESSURE DATA]
TOTAL FM JAN 1   215    HIGHEST SLP M ON M
DPTR FM NORMAL     M    LOWEST  SLP M ON M

[REMARKS]
