000
CXUS53 KARX 280930
CF6OLZ
PRELIMINARY LOCAL CLIMATOLOGICAL DATA (WS FORM: F-6)

                                          STATION:   OELWEIN IA
                                          MONTH:     FEBRUARY
                                          YEAR:      2015
                                          LATITUDE:   42 40 N
                                          LONGITUDE:  91 58 W

  TEMPERATURE IN F:       :PCPN:    SNOW:  WIND      :SUNSHINE: SKY     :PK WND
================================================================================
1   2   3   4   5  6A  6B    7    8   9   10  11  12  13   14  15   16   17  18
                                     12Z  AVG MX 2MIN
DY MAX MIN AVG DEP HDD CDD  WTR  SNW DPTH SPD SPD DIR MIN PSBL S-S WX    SPD DR
================================================================================

 1  28   5  17   M  48   0    M    M    7 22.0 30  70   M    M   8 8      38  70
 2  10  -6   2   M  63   0 0.00  0.0    8  8.0 14 340   M    M   2         M  M
 3  18   0   9   M  56   0    M    M    8  5.2 10 140   M    M   7         M  M
 4  16  -4   6   M  59   0    M    M    9 13.0 20 320   M    M   5        25 320
 5  10 -13  -1   M  66   0 0.00  0.0    9 10.5 20 180   M    M   2         M  M
 6  28   5  17   M  48   0 0.00  0.0    9  9.2 13 150   M    M   3 1       M  M
 7  39  21  30   M  35   0 0.00  0.0    9  9.0 15 180   M    M   3 1       M  M
 8  36  28  32   M  33   0    T  0.0    4 10.5 21  30   M    M   8 168    18 250
 9  28  16  22   M  43   0 0.00  0.0    3  6.0 10  40   M    M   8 1       M  M
10  28  18  23   M  42   0    M    M    3 13.5 24 150   M    M   7 146    31 160
11  34   7  21   M  44   0    M    M    3 23.7 32 320   M    M   7 169    37 320
12  10   0   5   M  60   0 0.00  0.0    3 12.9 32 330   M    M   3        41 330
13  32   5  19   M  46   0 0.00  0.0    3 13.8 23 330   M    M   8        30 300
14  19  -2   9   M  56   0 0.00  0.0    3 20.5 35 350   M    M   3        48 330
15  10   0   5   M  60   0 0.00  0.0    3 10.3 14 150   M    M   9         M  M
16  21   7  14   M  51   0 0.00  0.0    3  8.7 21 320   M    M  10        15 250
17  14   7  11   M  54   0 0.00  0.0    3 14.2 22 300   M    M   6        30 300
18   7  -4   2   M  63   0    T    T    3 20.3 28 330   M    M   5        32 320
19   7 -11  -2   M  67   0 0.00  0.0    3  6.0 12 320   M    M   1        12 360
20  27   3  15   M  50   0    M  0.0    0 14.4 23 180   M    M   9 8      29 180
21  28   9  19   M  46   0    T  0.0    0 11.3 21 320   M    M   8 18     24 330
22   9  -8   1   M  64   0 0.00  0.0    0 15.5 22 330   M    M   1        29 330
23  10 -11   0   M  65   0 0.00  0.0    M 10.2 18 200   M    M   2         M  M
24  36  10  23   M  42   0    M    M    M 20.3 30 310   M    M   5        38 310
25  18   5  12   M  53   0    M    M    M 11.1 16  60   M    M   9         M  M
26   7 -13  -3   M  68   0 0.00  0.0    M 12.3 17 320   M    M   2        17 340
27   5 -22  -8   M  73   0 0.00  0.0    M  4.9  9 330   M    M   0 8       M  M
================================================================================
SM  535   52      1455   0    T     T    337.3          M      141
================================================================================
AV 19.8  1.9                              12.5 FASTST   M    M   5    MAX(MPH)
                                 MISC ---->  # 35 350                 48    M
================================================================================
NOTES:
# LAST OF SEVERAL OCCURRENCES

COLUMN 17 PEAK WIND IN M.P.H.

PRELIMINARY LOCAL CLIMATOLOGICAL DATA (WS FORM: F-6) , PAGE 2

                                          STATION:  OELWEIN IA
                                          MONTH:    FEBRUARY
                                          YEAR:     2015
                                          LATITUDE:   42 40 N
                                          LONGITUDE:  91 58 W

[TEMPERATURE DATA]      [PRECIPITATION DATA]       SYMBOLS USED IN COLUMN 16

AVERAGE MONTHLY: 10.9   TOTAL FOR MONTH:      T    1 = FOG OR MIST
DPTR FM NORMAL:     M   DPTR FM NORMAL:       M    2 = FOG REDUCING VISIBILITY
HIGHEST:    39 ON  7    GRTST 24HR    T  ON 21-21      TO 1/4 MILE OR LESS
LOWEST:    -22 ON 27                               3 = THUNDER
                        SNOW, ICE PELLETS, HAIL    4 = ICE PELLETS
                        TOTAL MONTH:    T          5 = HAIL
                        GRTST 24HR    T  ON 18-18  6 = FREEZING RAIN OR DRIZZLE
                        GRTST DEPTH:   9 ON  7, 6  7 = DUSTSTORM OR SANDSTORM:
                                                       VSBY 1/2 MILE OR LESS
                                                   8 = SMOKE OR HAZE
[NO. OF DAYS WITH]      [WEATHER - DAYS WITH]      9 = BLOWING SNOW
                                                   X = TORNADO
MAX 32 OR BELOW:  23    0.01 INCH OR MORE:   0
MAX 90 OR ABOVE:   0    0.10 INCH OR MORE:   0
MIN 32 OR BELOW:  27    0.50 INCH OR MORE:   0
MIN  0 OR BELOW:  13    1.00 INCH OR MORE:   0

[HDD (BASE 65) ]
TOTAL THIS MO.  1455    CLEAR  (SCALE 0-3)  10
DPTR FM NORMAL     M    PTCLDY (SCALE 4-7)  13
TOTAL FM JUL 1  5753    CLOUDY (SCALE 8-10)  4
DPTR FM NORMAL     M

[CDD (BASE 65) ]
TOTAL THIS MO.     0
DPTR FM NORMAL     M    [PRESSURE DATA]
TOTAL FM JAN 1     0    HIGHEST SLP M ON M
DPTR FM NORMAL     M    LOWEST  SLP M ON M

[REMARKS]
