247
CXUS56 KSGX 011545
CF6ONT
PRELIMINARY LOCAL CLIMATOLOGICAL DATA (WS FORM: F-6)

                                          STATION:   ONTARIO INTL AIRPORT CA
                                          MONTH:     APRIL
                                          YEAR:      2016
                                          LATITUDE:   34  2 N
                                          LONGITUDE: 117 37 W

  TEMPERATURE IN F:       :PCPN:    SNOW:  WIND      :SUNSHINE: SKY     :PK WND
================================================================================
1   2   3   4   5  6A  6B    7    8   9   10  11  12  13   14  15   16   17  18
                                     12Z  AVG MX 2MIN
DY MAX MIN AVG DEP HDD CDD  WTR  SNW DPTH SPD SPD DIR MIN PSBL S-S WX    SPD DR
================================================================================

 1  78  47  63   3   2   0 0.00  0.0    0  4.8 17 260   M    M   2        25 250
 2  85  53  69   9   0   4 0.00  0.0    0  4.5 17 230   M    M   1 8      22 280
 3  87  52  70  10   0   5 0.00  0.0    0  4.7 20 270   M    M   4        24 270
 4  86  55  71  11   0   6 0.00  0.0    0  4.7 20 230   M    M   4        26 220
 5  93  55  74  14   0   9 0.00  0.0    0  4.5 18 220   M    M   4        22 230
 6  98  57  78  17   0  13 0.00  0.0    0  9.4 25  20   M    M   8 7      39  20
 7  69  57  63   2   2   0 0.04  0.0    0  4.2 13 270   M    M  10 1      16 260
 8  62  56  59  -2   6   0 0.09  0.0    0  4.6 10 270   M    M   9 18     14 240
 9  65  55  60  -1   5   0 0.03  0.0    0  3.8 15 260   M    M   9 18     19 290
10  69  55  62   1   3   0 0.01  0.0    0  5.5 15 220   M    M   8        20 210
11  76  55  66   5   0   1 0.00  0.0    0  4.4 16 230   M    M   7 1      21 240
12  77  53  65   3   0   0 0.00  0.0    0  5.7 20 240   M    M   2        30 220
13  77  52  65   3   0   0 0.00  0.0    0  5.9 15 230   M    M   2 128    22 280
14  73  53  63   1   2   0 0.00  0.0    0  7.7 16 210   M    M   6 18     25 220
15  79  50  65   3   0   0 0.00  0.0    0  8.4 32  40   M    M   4        40  40
16  85  58  72  10   0   7 0.00  0.0    0  9.8 25  40   M    M   0        36  40
17  91  54  73  11   0   8 0.00  0.0    0 12.0 30  60   M    M   0        42  60
18  91  57  74  11   0   9 0.00  0.0    0  5.0 20 230   M    M   1        25 220
19  92  60  76  13   0  11 0.00  0.0    0  6.3 18 270   M    M   5        25 250
20  90  58  74  11   0   9 0.00  0.0    0  5.7 17 260   M    M   5        21 260
21  87  56  72   9   0   7 0.00  0.0    0  6.7 18 270   M    M   8 8      26 220
22  79  55  67   4   0   2 0.00  0.0    0  8.4 21 260   M    M   4        28 260
23  79  54  67   3   0   2 0.00  0.0    0  7.1 18 270   M    M   4        23 220
24  77  52  65   1   0   0 0.00  0.0    0  7.4 20 230   M    M   4        26 220
25  68  49  59  -5   6   0 0.11    M    0 11.1 28 220   M    M   5 38     36 220
26  72  47  60  -4   5   0 0.00  0.0    0  6.6 17 240   M    M   4        24 260
27  73  52  63  -1   2   0 0.00  0.0    0  7.8 21 230   M    M   5        27 230
28  67  51  59  -5   6   0 0.00  0.0    0  7.7 22 240   M    M   7        28 270
29  72  49  61  -4   4   0 0.00  0.0    0  6.6 17 220   M    M   4        27 260
30  67  52  60  -5   5   0 0.01  0.0    0  9.0 18 270   M    M   8 1      24 270
================================================================================
SM 2364 1609        48  93  0.29     0.0 200.0          M      144
================================================================================
AV 78.8 53.6                               6.7 FASTST   M    M   5    MAX(MPH)
                                 MISC ---->  # 32  40               # 42   60
================================================================================
NOTES:
# LAST OF SEVERAL OCCURRENCES

COLUMN 17 PEAK WIND IN M.P.H.

PRELIMINARY LOCAL CLIMATOLOGICAL DATA (WS FORM: F-6) , PAGE 2

                                          STATION:  ONTARIO INTL AIRPORT CA
                                          MONTH:    APRIL
                                          YEAR:     2016
                                          LATITUDE:   34  2 N
                                          LONGITUDE: 117 37 W

[TEMPERATURE DATA]      [PRECIPITATION DATA]       SYMBOLS USED IN COLUMN 16

AVERAGE MONTHLY: 66.2   TOTAL FOR MONTH:   0.29    1 = FOG OR MIST
DPTR FM NORMAL:   3.9   DPTR FM NORMAL:   -0.65    2 = FOG REDUCING VISIBILITY
HIGHEST:    98 ON  6    GRTST 24HR  0.11 ON 25-25      TO 1/4 MILE OR LESS
LOWEST:     47 ON 26, 1                            3 = THUNDER
                        SNOW, ICE PELLETS, HAIL    4 = ICE PELLETS
                        TOTAL MONTH:   0.0 INCH    5 = HAIL
                        GRTST 24HR     0.0         6 = FREEZING RAIN OR DRIZZLE
                        GRTST DEPTH:   0           7 = DUSTSTORM OR SANDSTORM:
                                                       VSBY 1/2 MILE OR LESS
                                                   8 = SMOKE OR HAZE
[NO. OF DAYS WITH]      [WEATHER - DAYS WITH]      9 = BLOWING SNOW
                                                   X = TORNADO
MAX 32 OR BELOW:   0    0.01 INCH OR MORE:   6
MAX 90 OR ABOVE:   6    0.10 INCH OR MORE:   1
MIN 32 OR BELOW:   0    0.50 INCH OR MORE:   0
MIN  0 OR BELOW:   0    1.00 INCH OR MORE:   0

[HDD (BASE 65) ]
TOTAL THIS MO.    48    CLEAR  (SCALE 0-3)   7
DPTR FM NORMAL   -76    PTCLDY (SCALE 4-7)  19
TOTAL FM JUL 1  1174    CLOUDY (SCALE 8-10)  4
DPTR FM NORMAL  -319

[CDD (BASE 65) ]
TOTAL THIS MO.    93
DPTR FM NORMAL    52    [PRESSURE DATA]
TOTAL FM JAN 1   157    HIGHEST SLP 30.16 ON  2
DPTR FM NORMAL    98    LOWEST  SLP 29.72 ON 27

[REMARKS]
#FINAL-04-16#
