000
CXUS54 KMRX 011000
CF6OQT
PRELIMINARY LOCAL CLIMATOLOGICAL DATA (WS FORM: F-6)

                                          STATION:   OAK_RIDGE_(ASOS)
                                          MONTH:     SEPTEMBER
                                          YEAR:      2014
                                          LATITUDE:   36  1 N
                                          LONGITUDE:  84 14 W

  TEMPERATURE IN F:       :PCPN:    SNOW:  WIND      :SUNSHINE: SKY     :PK WND
================================================================================
1   2   3   4   5  6A  6B    7    8   9   10  11  12  13   14  15   16   17  18
                                     12Z  AVG MX 2MIN
DY MAX MIN AVG DEP HDD CDD  WTR  SNW DPTH SPD SPD DIR MIN PSBL S-S WX    SPD DR
================================================================================

 1  92  70  81   6   0  16 0.00    M    M  2.5 10 220   M    M   M        18 190
 2  92  71  82   7   0  17 0.68    M    M  3.7 15 200   M    M   M 1      29 180
 3  85  71  78   3   0  13 0.00    M    M  1.2  8  70   M    M   M        12  70
 4  88  73  81   6   0  16    T    M    M  1.9 10 190   M    M   M        13 180
 5  88  69  79   5   0  14 0.00    M    M  1.1  7 170   M    M   M 1       9 260
 6  91  70  81   7   0  16 0.29    M    M  1.3 14 360   M    M   M 1      27  10
 7  87  68  78   4   0  13    T    M    M  3.0  9  70   M    M   M 1      14  60
 8  87  66  77   3   0  12 0.00    M    M  1.2  7 160   M    M   M         9 150
 9  84  71  78   5   0  13    T    M    M  2.0  8 210   M    M   M        12 270
10  86  70  78   5   0  13 0.00    M    M  3.3 13 190   M    M   M        21 200
11  87  73  80   8   0  15 1.36    M    M  2.4 15 320   M    M   M 1      27 290
12  83  69  76   4   0  11 0.00    M    M  1.5  6  70   M    M   M 12     10 360
13  73  64  69  -3   0   4 0.00    M    M  3.1 13  70   M    M   M        17 330
14  77  61  69  -2   0   4 0.00    M    M  1.9  8  60   M    M   M        11  70
15  76  65  71   0   0   6 0.01    M    M  1.8  8 220   M    M   M 12     11 270
16  80  62  71   0   0   6 0.00    M    M  2.0  9 260   M    M   M 1      14 280
17  79  57  68  -2   0   3 0.00    M    M  1.9  8 170   M    M   M 1      11 160
18  79  60  70   0   0   5 0.00    M    M  1.2  8  70   M    M   M        12  70
19  85  57  71   1   0   6 0.00    M    M  1.5  7 200   M    M   M        10 140
20  85  61  73   4   0   8 0.00    M    M  1.2  8 260   M    M   M 12     10 270
21  80  62  71   2   0   6 0.12    M    M  2.7 10 350   M    M   M 18     16 350
22  74  54  64  -4   1   0 0.00    M    M  2.7 14  60   M    M   M        21  70
23  78  50  64  -4   1   0 0.00    M    M  2.2 12  70   M    M   M        15  70
24  80  54  67  -1   0   2 0.00    M    M  2.6 10  70   M    M   M        15  60
25  84  56  70   3   0   5 0.00    M    M  2.1 13  70   M    M   M        20  70
26  85  61  73   6   0   8 0.00    M    M  1.4  9  60   M    M   M 1      14  70
27  82  63  73   7   0   8 0.00    M    M  0.5  7  70   M    M   M 1       9  70
28  81  62  72   6   0   7    T    M    M  0.3  6  90   M    M   M 1       9  90
29  82  63  73   7   0   8 0.06    M    M  0.6  6  70   M    M   M 1       9  90
30  83  60  72   7   0   7 0.00    M    M  0.3  6  90   M    M   5 12     10 100
================================================================================
SM 2493 1913         2 262  2.52    M     55.1          M        5
================================================================================
AV 83.1 63.8                               1.8 FASTST   M    M   5    MAX(MPH)
                                 MISC ---->  # 15 200               # 29  180
================================================================================
NOTES:
# LAST OF SEVERAL OCCURRENCES

COLUMN 17 PEAK WIND IN M.P.H.

PRELIMINARY LOCAL CLIMATOLOGICAL DATA (WS FORM: F-6) , PAGE 2

                                          STATION:  OAK_RIDGE_(ASOS)
                                          MONTH:    SEPTEMBER
                                          YEAR:     2014
                                          LATITUDE:   36  1 N
                                          LONGITUDE:  84 14 W

[TEMPERATURE DATA]      [PRECIPITATION DATA]       SYMBOLS USED IN COLUMN 16

AVERAGE MONTHLY: 73.4   TOTAL FOR MONTH:   2.52    1 = FOG OR MIST
DPTR FM NORMAL:   2.7   DPTR FM NORMAL:   -1.17    2 = FOG REDUCING VISIBILITY
HIGHEST:    92 ON  2, 1 GRTST 24HR  1.36 ON 11-11      TO 1/4 MILE OR LESS
LOWEST:     50 ON 23                               3 = THUNDER
                        SNOW, ICE PELLETS, HAIL    4 = ICE PELLETS
                        TOTAL MONTH:    M          5 = HAIL
                        GRTST 24HR    M  ON   M    6 = FREEZING RAIN OR DRIZZLE
                        GRTST DEPTH:  M  ON   M    7 = DUSTSTORM OR SANDSTORM:
                                                       VSBY 1/2 MILE OR LESS
                                                   8 = SMOKE OR HAZE
[NO. OF DAYS WITH]      [WEATHER - DAYS WITH]      9 = BLOWING SNOW
                                                   X = TORNADO
MAX 32 OR BELOW:   0    0.01 INCH OR MORE:   6
MAX 90 OR ABOVE:   3    0.10 INCH OR MORE:   4
MIN 32 OR BELOW:   0    0.50 INCH OR MORE:   2
MIN  0 OR BELOW:   0    1.00 INCH OR MORE:   1

[HDD (BASE 65) ]
TOTAL THIS MO.     2    CLEAR  (SCALE 0-3)   0
DPTR FM NORMAL   -19    PTCLDY (SCALE 4-7)   1
TOTAL FM JUL 1     2    CLOUDY (SCALE 8-10)  0
DPTR FM NORMAL   -19

[CDD (BASE 65) ]
TOTAL THIS MO.   262
DPTR FM NORMAL    70    [PRESSURE DATA]
TOTAL FM JAN 1  1566    HIGHEST SLP 30.34 ON 24
DPTR FM NORMAL   116    LOWEST  SLP 29.87 ON 30

[REMARKS]
#FINAL-09-14#
