000
CXUS54 KMRX 231224
CF6OQT
PRELIMINARY LOCAL CLIMATOLOGICAL DATA (WS FORM: F-6)

                                          STATION:   OAK_RIDGE_(ASOS)
                                          MONTH:     MARCH
                                          YEAR:      2017
                                          LATITUDE:   36  1 N
                                          LONGITUDE:  84 14 W

  TEMPERATURE IN F:       :PCPN:    SNOW:  WIND      :SUNSHINE: SKY     :PK WND
================================================================================
1   2   3   4   5  6A  6B    7    8   9   10  11  12  13   14  15   16   17  18
                                     12Z  AVG MX 2MIN
DY MAX MIN AVG DEP HDD CDD  WTR  SNW DPTH SPD SPD DIR MIN PSBL S-S WX    SPD DR
================================================================================

 1  68  48  58  12   7   0 0.99    M    M  7.8 18 190   M    M   9 18     31 260
 2  56  34  45  -1  20   0 0.00    M    M  3.6 13 290   M    M   1        22 270
 3  52  30  41  -5  24   0 0.00    M    M  2.3 13 290   M    M   1        20 260
 4  61  26  44  -3  21   0 0.00    M    M  1.3  9 170   M    M   0        15 180
 5  68  31  50   3  15   0 0.00    M    M  1.6 10 200   M    M   1        19 220
 6  68  50  59  12   6   0 0.02    M    M  5.2 16 170   M    M   8        23 170
 7  65  53  59  11   6   0 0.74    M    M  7.3 20 200   M    M   8 1      29 210
 8  68  38  53   5  12   0 0.00    M    M  2.5 15 280   M    M   1        23 310
 9  73  33  53   5  12   0 0.00    M    M  2.0 10 200   M    M   0        16 210
10  59  38  49   0  16   0 0.73    M    M  5.5 15 330   M    M   5 1      24 320
11  42  35  39 -10  26   0 0.00    M    M  3.7 10  70   M    M   7        18  60
12  54  32  43  -6  22   0 0.00    M    M  2.8 12  80   M    M   2        16  70
13  53  27  40 -10  25   0 0.59    M    M  1.8  8 260   M    M   5 1      13 240
14  41  29  35 -15  30   0    T    M    M  4.7 14 330   M    M   9        23 330
15  38  22  30 -20  35   0    T    M    M  6.1 14 320   M    M   3        24 350
16  50  20  35 -15  30   0 0.00    M    M  1.7  9 190   M    M   0        15 270
17  57  29  43  -8  22   0 0.41    M    M  1.2 10 260   M    M   8 1      16 260
18  68  45  57   6   8   0 0.54    M    M  6.5 20 260   M    M   5 1      35 290
19  58  38  48  -3  17   0 0.00    M    M  3.1 12  80   M    M   4        15  70
20  67  33  50  -2  15   0 0.00    M    M  1.3  9 170   M    M   2        11 160
21  83  45  64  12   1   0    T    M    M  2.5 13 340   M    M   4        20  20
22  61  47  54   2  11   0 0.00    M    M  5.4 16  80   M    M   0        22  10
================================================================================
SM 1310  783       381   0  4.02    M     79.9          M       83
================================================================================
AV 59.6 35.6                               3.6 FASTST   M    M   4    MAX(MPH)
                                 MISC ---->  # 20 200               # 35  290
================================================================================
NOTES:
# LAST OF SEVERAL OCCURRENCES

COLUMN 17 PEAK WIND IN M.P.H.

PRELIMINARY LOCAL CLIMATOLOGICAL DATA (WS FORM: F-6) , PAGE 2

                                          STATION:  OAK_RIDGE_(ASOS)
                                          MONTH:    MARCH
                                          YEAR:     2017
                                          LATITUDE:   36  1 N
                                          LONGITUDE:  84 14 W

[TEMPERATURE DATA]      [PRECIPITATION DATA]       SYMBOLS USED IN COLUMN 16

AVERAGE MONTHLY: 47.6   TOTAL FOR MONTH:   4.02    1 = FOG OR MIST
DPTR FM NORMAL:  -1.5   DPTR FM NORMAL:    0.61    2 = FOG REDUCING VISIBILITY
HIGHEST:    83 ON 21    GRTST 24HR  0.99 ON  1- 1      TO 1/4 MILE OR LESS
LOWEST:     20 ON 16                               3 = THUNDER
                        SNOW, ICE PELLETS, HAIL    4 = ICE PELLETS
                        TOTAL MONTH:    M          5 = HAIL
                        GRTST 24HR    M  ON   M    6 = FREEZING RAIN OR DRIZZLE
                        GRTST DEPTH:  M  ON   M    7 = DUSTSTORM OR SANDSTORM:
                                                       VSBY 1/2 MILE OR LESS
                                                   8 = SMOKE OR HAZE
[NO. OF DAYS WITH]      [WEATHER - DAYS WITH]      9 = BLOWING SNOW
                                                   X = TORNADO
MAX 32 OR BELOW:   0    0.01 INCH OR MORE:   7
MAX 90 OR ABOVE:   0    0.10 INCH OR MORE:   6
MIN 32 OR BELOW:   9    0.50 INCH OR MORE:   5
MIN  0 OR BELOW:   0    1.00 INCH OR MORE:   0

[HDD (BASE 65) ]
TOTAL THIS MO.   381    CLEAR  (SCALE 0-3)  10
DPTR FM NORMAL    28    PTCLDY (SCALE 4-7)  10
TOTAL FM JUL 1  2489    CLOUDY (SCALE 8-10)  2
DPTR FM NORMAL  -826

[CDD (BASE 65) ]
TOTAL THIS MO.     0
DPTR FM NORMAL     0    [PRESSURE DATA]
TOTAL FM JAN 1     0    HIGHEST SLP M ON M
DPTR FM NORMAL     0    LOWEST  SLP 29.77 ON  1

[REMARKS]
