000
CXUS54 KMRX 221919
CF6OQT
PRELIMINARY LOCAL CLIMATOLOGICAL DATA (WS FORM: F-6)

                                          STATION:   OAK_RIDGE_(ASOS)
                                          MONTH:     JUNE
                                          YEAR:      2017
                                          LATITUDE:   36  1 N
                                          LONGITUDE:  84 14 W

  TEMPERATURE IN F:       :PCPN:    SNOW:  WIND      :SUNSHINE: SKY     :PK WND
================================================================================
1   2   3   4   5  6A  6B    7    8   9   10  11  12  13   14  15   16   17  18
                                     12Z  AVG MX 2MIN
DY MAX MIN AVG DEP HDD CDD  WTR  SNW DPTH SPD SPD DIR MIN PSBL S-S WX    SPD DR
================================================================================

 1  84  58  71   0   0   6 0.20    M    M  1.5  9 340   M    M   1 1      17 340
 2  86  62  74   2   0   9    T    M    M  1.1  9  80   M    M   4 12     13  80
 3  87  60  74   2   0   9 0.00    M    M  1.4  8 100   M    M   0        11  80
 4  82  62  72   0   0   7 0.03    M    M  2.2  9 160   M    M   3 1      13 170
 5  75  68  72  -1   0   7 1.12    M    M  1.7  8 250   M    M   8 1      13 210
 6  81  64  73   0   0   8 0.00    M    M  2.9  9  10   M    M   5 12     16  10
 7  79  56  68  -5   0   3 0.00    M    M  3.2 12  70   M    M   0        18  70
 8  80  59  70  -3   0   5 0.00    M    M  2.0  9 260   M    M   5        17 210
 9  82  55  69  -5   0   4 0.00    M    M  1.0  8 150   M    M   2        13 130
10  87  57  72  -2   0   7 0.00    M    M  1.3  9 250   M    M   1        13 210
11  88  62  75   1   0  10 0.00    M    M  2.4 10 160   M    M   1 1      14 180
12  89  72  81   7   0  16 0.00    M    M  1.5  9 180   M    M   5        13 170
13  90  71  81   6   0  16 0.01    M    M  1.9 10  70   M    M   3        16  80
14  86  67  77   2   0  12 0.33    M    M  0.6 10 280   M    M   3 12     16 270
15  85  69  77   2   0  12 0.01    M    M  2.2 13 270   M    M   5 12     24 290
16  86  66  76   0   0  11 0.00    M    M  2.0  7 170   M    M   4        10  50
17  90  67  79   3   0  14    T    M    M  2.7  9 270   M    M   1 1      15 270
18  90  71  81   5   0  16 0.00    M    M  3.5 10 200   M    M   2        20 200
19  79  67  73  -3   0   8 0.08    M    M  3.9 10 290   M    M   8 18     18 200
20  86  66  76   0   0  11    T    M    M  1.3  9  80   M    M   4 12     12  90
21  85  67  76   0   0  11 0.00    M    M  3.1  8 200   M    M   3        12 190
================================================================================
SM 1777 1346         0 202  1.78    M     43.4          M       68
================================================================================
AV 84.6 64.1                               2.1 FASTST   M    M   3    MAX(MPH)
                                 MISC ---->  # 13 270               # 24  290
================================================================================
NOTES:
# LAST OF SEVERAL OCCURRENCES

COLUMN 17 PEAK WIND IN M.P.H.

PRELIMINARY LOCAL CLIMATOLOGICAL DATA (WS FORM: F-6) , PAGE 2

                                          STATION:  OAK_RIDGE_(ASOS)
                                          MONTH:    JUNE
                                          YEAR:     2017
                                          LATITUDE:   36  1 N
                                          LONGITUDE:  84 14 W

[TEMPERATURE DATA]      [PRECIPITATION DATA]       SYMBOLS USED IN COLUMN 16

AVERAGE MONTHLY: 74.4   TOTAL FOR MONTH:   1.78    1 = FOG OR MIST
DPTR FM NORMAL:   0.3   DPTR FM NORMAL:   -1.14    2 = FOG REDUCING VISIBILITY
HIGHEST:    90 ON 18,17 GRTST 24HR  1.12 ON  5- 5      TO 1/4 MILE OR LESS
LOWEST:     55 ON  9                               3 = THUNDER
                        SNOW, ICE PELLETS, HAIL    4 = ICE PELLETS
                        TOTAL MONTH:    M          5 = HAIL
                        GRTST 24HR    M  ON   M    6 = FREEZING RAIN OR DRIZZLE
                        GRTST DEPTH:  M  ON   M    7 = DUSTSTORM OR SANDSTORM:
                                                       VSBY 1/2 MILE OR LESS
                                                   8 = SMOKE OR HAZE
[NO. OF DAYS WITH]      [WEATHER - DAYS WITH]      9 = BLOWING SNOW
                                                   X = TORNADO
MAX 32 OR BELOW:   0    0.01 INCH OR MORE:   7
MAX 90 OR ABOVE:   3    0.10 INCH OR MORE:   3
MIN 32 OR BELOW:   0    0.50 INCH OR MORE:   1
MIN  0 OR BELOW:   0    1.00 INCH OR MORE:   1

[HDD (BASE 65) ]
TOTAL THIS MO.     0    CLEAR  (SCALE 0-3)  11
DPTR FM NORMAL     0    PTCLDY (SCALE 4-7)  10
TOTAL FM JUL 1  2631    CLOUDY (SCALE 8-10)  0
DPTR FM NORMAL -1063

[CDD (BASE 65) ]
TOTAL THIS MO.   202
DPTR FM NORMAL     8    [PRESSURE DATA]
TOTAL FM JAN 1   461    HIGHEST SLP M ON M
DPTR FM NORMAL   123    LOWEST  SLP 29.76 ON  5

[REMARKS]
