000
CXUS55 KLOT 010700
CF6ORD
PRELIMINARY LOCAL CLIMATOLOGICAL DATA (WS FORM: F-6)

                                          STATION:   CHICAGO-OHARE
                                          MONTH:     JULY
                                          YEAR:      2014
                                          LATITUDE:   41 58 N
                                          LONGITUDE:  87 54 W

  TEMPERATURE IN F:       :PCPN:    SNOW:  WIND      :SUNSHINE: SKY     :PK WND
================================================================================
1   2   3   4   5  6A  6B    7    8   9   10  11  12  13   14  15   16   17  18
                                     12Z  AVG MX 2MIN
DY MAX MIN AVG DEP HDD CDD  WTR  SNW DPTH SPD SPD DIR MIN PSBL S-S WX    SPD DR
================================================================================

 1  80  67  74   1   0   9    T  0.0    0 12.4 24 250   M    M   7 1      31 260
 2  70  56  63 -10   2   0 0.12  0.0    0  9.6 18 280   M    M   8 18     25 290
 3  76  56  66  -8   0   1 0.07  0.0    0  6.8 16  40   M    M   4        20 310
 4  79  58  69  -5   0   4 0.00  0.0    0  7.2 13 100   M    M   3 8      17 110
 5  77  60  69  -5   0   4    T  0.0    0  8.3 20 230   M    M   8 8      28 240
 6  87  63  75   1   0  10 0.00  0.0    0 12.3 22 220   M    M   7        30 210
 7  88  71  80   6   0  15 0.63  0.0    0  8.6 25 240   M    M   7 3      35 240
 8  81  66  74   0   0   9 0.54  0.0    0 12.0 23 280   M    M   6 13     30 290
 9  80  62  71  -3   0   6 0.00  0.0    0  8.4 20 320   M    M   4        25 330
10  79  60  70  -4   0   5 0.00  0.0    0  4.4 14  60   M    M   3        17 100
11  81  60  71  -3   0   6 0.01  0.0    0  5.4 14 160   M    M   7        17 150
12  80  70  75   1   0  10 0.47  0.0    0 10.5 29 270   M    M   9 138    37 270
13  85  68  77   3   0  12 0.01  0.0    0  9.7 16 250   M    M   6        23 280
14  80  61  71  -3   0   6 0.20  0.0    0  8.1 23 310   M    M   5 8      26 310
15  70  55  63 -11   2   0 0.05  0.0    0 10.5 21 350   M    M   6        25 310
16  72  55  64 -10   1   0 0.00  0.0    0  7.4 18 350   M    M   5        25 330
17  78  54  66  -8   0   1 0.00  0.0    0  5.5 13 100   M    M   5        16  70
18  79  59  69  -5   0   4 0.00  0.0    0  6.9 18 130   M    M   5        25 150
19  80  57  69  -5   0   4 0.00  0.0    0  4.6 14 100   M    M   3 8      19 100
20  82  60  71  -3   0   6 0.00  0.0    0  4.5 10 210   M    M   6 8      14 220
21  86  63  75   1   0  10 0.00  0.0    0  7.2 15 190   M    M   0 8      23 210
22  90  69  80   6   0  15 0.01  0.0    0 11.9 23  30   M    M   5 38     30 230
23  75  59  67  -7   0   2 0.00  0.0    0 16.1 25  20   M    M   2        32  10
24  75  57  66  -8   0   1 0.00  0.0    0  8.8 14  50   M    M   3        19  40
25  75  55  65  -9   0   0    T  0.0    0  9.1 21 230   M    M   7        27 230
26  84  68  76   2   0  11 0.00  0.0    0  5.5 14 230   M    M   8        17 230
27  87  65  76   2   0  11 0.02  0.0    0 15.0 29 310   M    M   5 18     37 290
28  73  59  66  -8   0   1 0.00  0.0    0 11.1 23  10   M    M   5        30 360
29  81  58  70  -4   0   5 0.01  0.0    0  9.6 33 340   M    M   5        40 320
30  79  59  69  -5   0   4 0.00  0.0    0  7.0 14  60   M    M   4        19 290
31  84  59  72  -2   0   7 0.00  0.0    0  8.4 20 290   M    M   2        25 250
================================================================================
SM 2473 1889         5 179  2.14     0.0 272.8          M      160
================================================================================
AV 79.8 60.9                               8.8 FASTST   M    M   5    MAX(MPH)
                                 MISC ---->  # 33 340               # 40  320
================================================================================
NOTES:
# LAST OF SEVERAL OCCURRENCES

COLUMN 17 PEAK WIND IN M.P.H.

PRELIMINARY LOCAL CLIMATOLOGICAL DATA (WS FORM: F-6) , PAGE 2

                                          STATION:  CHICAGO-OHARE
                                          MONTH:    JULY
                                          YEAR:     2014
                                          LATITUDE:   41 58 N
                                          LONGITUDE:  87 54 W

[TEMPERATURE DATA]      [PRECIPITATION DATA]       SYMBOLS USED IN COLUMN 16

AVERAGE MONTHLY: 70.4   TOTAL FOR MONTH:   2.14    1 = FOG OR MIST
DPTR FM NORMAL:  -3.6   DPTR FM NORMAL:   -1.56    2 = FOG REDUCING VISIBILITY
HIGHEST:    90 ON 22    GRTST 24HR  2.60 ON 30- 1      TO 1/4 MILE OR LESS
LOWEST:     54 ON 17                               3 = THUNDER
                        SNOW, ICE PELLETS, HAIL    4 = ICE PELLETS
                        TOTAL MONTH:   0.0 INCH    5 = HAIL
                        GRTST 24HR     0.0         6 = FREEZING RAIN OR DRIZZLE
                        GRTST DEPTH:   0           7 = DUSTSTORM OR SANDSTORM:
                                                       VSBY 1/2 MILE OR LESS
                                                   8 = SMOKE OR HAZE
[NO. OF DAYS WITH]      [WEATHER - DAYS WITH]      9 = BLOWING SNOW
                                                   X = TORNADO
MAX 32 OR BELOW:   0    0.01 INCH OR MORE:  12
MAX 90 OR ABOVE:   1    0.10 INCH OR MORE:   5
MIN 32 OR BELOW:   0    0.50 INCH OR MORE:   2
MIN  0 OR BELOW:   0    1.00 INCH OR MORE:   0

[HDD (BASE 65) ]
TOTAL THIS MO.     5    CLEAR  (SCALE 0-3)   7
DPTR FM NORMAL     1    PTCLDY (SCALE 4-7)  23
TOTAL FM JUL 1     5    CLOUDY (SCALE 8-10)  1
DPTR FM NORMAL     1

[CDD (BASE 65) ]
TOTAL THIS MO.   179
DPTR FM NORMAL  -104    [PRESSURE DATA]
TOTAL FM JAN 1   438    HIGHEST SLP M ON M
DPTR FM NORMAL   -64    LOWEST  SLP 29.61 ON  8

[REMARKS]
#FINAL-07-14#
