510
CXUS51 KAKQ 181010
CF6ORF
PRELIMINARY LOCAL CLIMATOLOGICAL DATA (WS FORM: F-6)

                                          STATION:   NORFOLK VA
                                          MONTH:     JANUARY
                                          YEAR:      2017
                                          LATITUDE:   36 54 N
                                          LONGITUDE:  76 12 W

  TEMPERATURE IN F:       :PCPN:    SNOW:  WIND      :SUNSHINE: SKY     :PK WND
================================================================================
1   2   3   4   5  6A  6B    7    8   9   10  11  12  13   14  15   16   17  18
                                     12Z  AVG MX 2MIN
DY MAX MIN AVG DEP HDD CDD  WTR  SNW DPTH SPD SPD DIR MIN PSBL S-S WX    SPD DR
================================================================================

 1  56  46  51  10  14   0 0.02  0.0    0  7.6 21 220   M    M   6 8      28 220
 2  56  46  51  10  14   0 1.73  0.0    0  6.3 13 350   M    M  10 1      22  30
 3  56  46  51  10  14   0 0.24  0.0    0  9.4 17 230   M    M  10 1      24 230
 4  61  47  54  13  11   0 0.00  0.0    0  8.9 17 230   M    M   6         M  M
 5  47  34  41   0  24   0    T  0.0    0  5.6 16 160   M    M   3        24 150
 6  43  32  38  -2  27   0 0.03    T    0 13.8 23  20   M    M   9 14     30  30
 7  32  22  27 -13  38   0 1.04  5.3    2 19.5 31  40   M    M   8 1248   44 340
 8  25  18  22 -18  43   0    T  0.0    5 11.7 21 340   M    M   0        34 330
 9  29  18  24 -16  41   0 0.00  0.0    5  6.3 18 350   M    M   2        25  20
10  44  16  30 -10  35   0    T  0.0    5  4.2 15 190   M    M   3        20 170
11  60  41  51  11  14   0 0.05  0.0    4  9.4 18 180   M    M   3 12     24 180
12  73  53  63  23   2   0 0.00  0.0    0 16.1 31 230   M    M   0        40 220
13  63  42  53  13  12   0 0.00  0.0    0 10.6 16  20   M    M   4        23 360
14  45  40  43   3  22   0    T  0.0    0  8.2 18  30   M    M  10        22  30
15  43  40  42   2  23   0 0.00  0.0    0  7.0 20  20   M    M   7        23  20
16  45  41  43   3  22   0 0.02    M    0  3.2  9  30   M    M  10        11  80
17  60  44  52  12  13   0 0.01    M    0  9.6 20 210   M    M   7 18     26 240
================================================================================
SM  838  626       369   0  3.14     5.3 157.4          M       98
================================================================================
AV 49.3 36.8                               9.3 FASTST   M    M   6    MAX(MPH)
                                 MISC ---->  # 31  40               # 44  340
================================================================================
NOTES:
# LAST OF SEVERAL OCCURRENCES

COLUMN 17 PEAK WIND IN M.P.H.

PRELIMINARY LOCAL CLIMATOLOGICAL DATA (WS FORM: F-6) , PAGE 2

                                          STATION:  NORFOLK VA
                                          MONTH:    JANUARY
                                          YEAR:     2017
                                          LATITUDE:   36 54 N
                                          LONGITUDE:  76 12 W

[TEMPERATURE DATA]      [PRECIPITATION DATA]       SYMBOLS USED IN COLUMN 16

AVERAGE MONTHLY: 43.1   TOTAL FOR MONTH:   3.14    1 = FOG OR MIST
DPTR FM NORMAL:   2.8   DPTR FM NORMAL:    1.26    2 = FOG REDUCING VISIBILITY
HIGHEST:    73 ON 12    GRTST 24HR  1.73 ON  2- 2      TO 1/4 MILE OR LESS
LOWEST:     16 ON 10                               3 = THUNDER
                        SNOW, ICE PELLETS, HAIL    4 = ICE PELLETS
                        TOTAL MONTH:   5.3 INCHES  5 = HAIL
                        GRTST 24HR   5.3 ON   M    6 = FREEZING RAIN OR DRIZZLE
                        GRTST DEPTH:   5 ON 10, 9  7 = DUSTSTORM OR SANDSTORM:
                                                       VSBY 1/2 MILE OR LESS
                                                   8 = SMOKE OR HAZE
[NO. OF DAYS WITH]      [WEATHER - DAYS WITH]      9 = BLOWING SNOW
                                                   X = TORNADO
MAX 32 OR BELOW:   3    0.01 INCH OR MORE:   8
MAX 90 OR ABOVE:   0    0.10 INCH OR MORE:   3
MIN 32 OR BELOW:   5    0.50 INCH OR MORE:   2
MIN  0 OR BELOW:   0    1.00 INCH OR MORE:   2

[HDD (BASE 65) ]
TOTAL THIS MO.   369    CLEAR  (SCALE 0-3)   4
DPTR FM NORMAL   -51    PTCLDY (SCALE 4-7)   8
TOTAL FM JUL 1  1439    CLOUDY (SCALE 8-10)  5
DPTR FM NORMAL  -160

[CDD (BASE 65) ]
TOTAL THIS MO.     0
DPTR FM NORMAL     0    [PRESSURE DATA]
TOTAL FM JAN 1     0    HIGHEST SLP M ON M
DPTR FM NORMAL     0    LOWEST  SLP 29.59 ON  3

[REMARKS]
