000
CXUS51 KBOX 291200
CF6ORH
PRELIMINARY LOCAL CLIMATOLOGICAL DATA (WS FORM: F-6)

                                          STATION:   WORCESTER MA
                                          MONTH:     SEPTEMBER
                                          YEAR:      2016
                                          LATITUDE:   42 16 N
                                          LONGITUDE:  71 52 W

  TEMPERATURE IN F:       :PCPN:    SNOW:  WIND      :SUNSHINE: SKY     :PK WND
================================================================================
1   2   3   4   5  6A  6B    7    8   9   10  11  12  13   14  15   16   17  18
                                     12Z  AVG MX 2MIN
DY MAX MIN AVG DEP HDD CDD  WTR  SNW DPTH SPD SPD DIR MIN PSBL S-S WX    SPD DR
================================================================================

 1  76  63  70   4   0   5    T  0.0    M  6.1 15 220   M    M   7 13     19 350
 2  77  58  68   2   0   3 0.00  0.0    M  8.3 15 330   M    M   1        20 350
 3  71  55  63  -3   2   0 0.00  0.0    M  5.2 12  30   M    M   0        17  30
 4  74  56  65   0   0   0 0.00  0.0    M  8.2 15  80   M    M   0        23  40
 5  74  55  65   0   0   0 0.03  0.0    M 12.4 22  30   M    M   3 1      34  30
 6  67  57  62  -3   3   0 0.11  0.0    M 10.8 20  30   M    M  10 12     29  30
 7  74  65  70   6   0   5 0.16  0.0    M  7.0 13  20   M    M  10 12     17  40
 8  80  66  73   9   0   8 0.01  0.0    M  5.2 15 240   M    M   6 12     18 250
 9  87  70  79  15   0  14 0.00  0.0    M 10.1 18 310   M    M   2 1      22 310
10  81  68  75  12   0  10 0.07  0.0    M  7.6 16 140   M    M   5        19 150
11  75  59  67   4   0   2 0.09  0.0    M 14.3 38 290   M    M   5 13     48 300
12  73  51  62  -1   3   0 0.00  0.0    M  5.7 13 300   M    M   0        15 310
13  78  54  66   4   0   1 0.00  0.0    M 10.8 20 210   M    M   0        24 210
14  83  56  70   8   0   5 0.02  0.0    M 12.6 22 240   M    M   1        30 240
15  68  51  60  -2   5   0 0.00  0.0    M  6.7 14 350   M    M   1        19 340
16  70  50  60  -1   5   0 0.00  0.0    M  7.3 15 200   M    M   2        19 200
17  73  50  62   1   3   0 0.00  0.0    M 11.4 18 220   M    M   1        24 220
18  76  62  69   8   0   4 0.02  0.0    M 12.3 21 220   M    M   6        26 210
19  70  63  67   7   0   2 1.91  0.0    M  5.0 14 170   M    M   8 123    19 200
20  78  61  70  10   0   5 0.00  0.0    M  5.8 13 260   M    M   5 12     16 260
21  77  62  70  11   0   5 0.00  0.0    M  7.9 13 300   M    M   0        19 290
22  81  61  71  12   0   6 0.00  0.0    M  6.6 13 210   M    M   0        16 200
23  77  52  65   6   0   0 0.15  0.0    M  8.3 16  30   M    M   3 1      23  40
24  63  48  56  -2   9   0 0.05    M    0  8.6 18 300   M    M   5 1      22 300
25  62  42  52  -6  13   0 0.00  0.0    0 11.0 23 320   M    M   0        32 300
26  64  40  52  -5  13   0 0.00  0.0    0  7.2 15 210   M    M   1        27 250
27  69  56  63   6   2   0 0.35  0.0    0  4.8 13 210   M    M   5 12     16 220
28  58  51  55  -2  10   0 0.04  0.0    M 10.3 17  30   M    M  10 12     27  80
================================================================================
SM 2056 1582        68  75  3.01     0.0 237.5          M       97
================================================================================
AV 73.4 56.5                               8.5 FASTST   M    M   3    MAX(MPH)
                                 MISC ---->  # 38 290               # 48  300
================================================================================
NOTES:
# LAST OF SEVERAL OCCURRENCES

COLUMN 17 PEAK WIND IN M.P.H.

PRELIMINARY LOCAL CLIMATOLOGICAL DATA (WS FORM: F-6) , PAGE 2

                                          STATION:  WORCESTER MA
                                          MONTH:    SEPTEMBER
                                          YEAR:     2016
                                          LATITUDE:   42 16 N
                                          LONGITUDE:  71 52 W

[TEMPERATURE DATA]      [PRECIPITATION DATA]       SYMBOLS USED IN COLUMN 16

AVERAGE MONTHLY: 65.0   TOTAL FOR MONTH:   3.01    1 = FOG OR MIST
DPTR FM NORMAL:   3.3   DPTR FM NORMAL:   -0.61    2 = FOG REDUCING VISIBILITY
HIGHEST:    87 ON  9    GRTST 24HR  1.91 ON 19-19      TO 1/4 MILE OR LESS
LOWEST:     40 ON 26                               3 = THUNDER
                        SNOW, ICE PELLETS, HAIL    4 = ICE PELLETS
                        TOTAL MONTH:   0.0 INCH    5 = HAIL
                        GRTST 24HR     0.0         6 = FREEZING RAIN OR DRIZZLE
                        GRTST DEPTH:   0           7 = DUSTSTORM OR SANDSTORM:
                                                       VSBY 1/2 MILE OR LESS
                                                   8 = SMOKE OR HAZE
[NO. OF DAYS WITH]      [WEATHER - DAYS WITH]      9 = BLOWING SNOW
                                                   X = TORNADO
MAX 32 OR BELOW:   0    0.01 INCH OR MORE:  13
MAX 90 OR ABOVE:   0    0.10 INCH OR MORE:   5
MIN 32 OR BELOW:   0    0.50 INCH OR MORE:   1
MIN  0 OR BELOW:   0    1.00 INCH OR MORE:   1

[HDD (BASE 65) ]
TOTAL THIS MO.    68    CLEAR  (SCALE 0-3)  16
DPTR FM NORMAL   -66    PTCLDY (SCALE 4-7)   9
TOTAL FM JUL 1    77    CLOUDY (SCALE 8-10)  3
DPTR FM NORMAL   -96

[CDD (BASE 65) ]
TOTAL THIS MO.    75
DPTR FM NORMAL    34    [PRESSURE DATA]
TOTAL FM JAN 1   663    HIGHEST SLP M ON M
DPTR FM NORMAL   196    LOWEST  SLP 29.77 ON  9

[REMARKS]
