000
CXUS52 KMLB 200633
CF6ORL
PRELIMINARY LOCAL CLIMATOLOGICAL DATA (WS FORM: F-6)

                                          STATION:   ORLANDO EXEC
                                          MONTH:     FEBRUARY
                                          YEAR:      2017
                                          LATITUDE:   28 32 N
                                          LONGITUDE:  81 20 W

  TEMPERATURE IN F:       :PCPN:    SNOW:  WIND      :SUNSHINE: SKY     :PK WND
================================================================================
1   2   3   4   5  6A  6B    7    8   9   10  11  12  13   14  15   16   17  18
                                     12Z  AVG MX 2MIN
DY MAX MIN AVG DEP HDD CDD  WTR  SNW DPTH SPD SPD DIR MIN PSBL S-S WX    SPD DR
================================================================================

 1  73  46  60  -2   5   0 0.00  0.0    0  2.1 10 160   M    M   0 1      13 170
 2  77  52  65   3   0   0 0.00  0.0    0  1.6  9 110   M    M   0        12 120
 3  81  56  69   7   0   4 0.00  0.0    0  4.1 13 310   M    M   1 1      19 250
 4  76  58  67   5   0   2 0.00  0.0    0  8.9 16  10   M    M   3        20  20
 5  76  56  66   4   0   1 0.00  0.0    0  5.3 13  20   M    M   4 1      16  30
 6  80  50  65   3   0   0 0.00  0.0    0  4.0 15  80   M    M   0 12     17  80
 7  82  59  71   9   0   6 0.00  0.0    0  7.2 17 180   M    M   3 3      21 190
 8  84  61  73  11   0   8 0.49  0.0    0 11.2 23 310   M    M   5 13     29 300
 9  83  60  72  10   0   7 0.00  0.0    0 12.7 24 270   M    M   3        29 270
10  72  50  61  -2   4   0 0.00  0.0    0  8.5 18 360   M    M   0        23 360
11  79  51  65   2   0   0 0.00  0.0    0  3.5 12 180   M    M   0        15 180
12  81  55  68   5   0   3 0.00  0.0    0  6.4 15 290   M    M   0 1      21 280
13  74  62  68   5   0   3 0.00  0.0    0  8.4 14 300   M    M   5        18 300
14  82  58  70   7   0   5 0.00  0.0    0  5.3 14 290   M    M   3        17 290
15  83  63  73  10   0   8    T  0.0    0 16.6 32 240   M    M   4 1      42 230
16  71  54  63   0   2   0    T  0.0    0  9.8 24 280   M    M   3        30 280
17  77  47  62  -2   3   0 0.00  0.0    0  4.0 10 170   M    M   0        16 220
18  78  54  66   2   0   1    T  0.0    0  5.7 22 170   M    M   3 1      26 180
19  81  63  72   8   0   7    T  0.0    0  5.4 13 360   M    M   4 18     19 300
================================================================================
SM 1490 1055        14  55  0.49     0.0 130.7          M       41
================================================================================
AV 78.4 55.5                               6.9 FASTST   M    M   2    MAX(MPH)
                                 MISC ---->  # 32 240               # 42  230
================================================================================
NOTES:
# LAST OF SEVERAL OCCURRENCES

COLUMN 17 PEAK WIND IN M.P.H.

PRELIMINARY LOCAL CLIMATOLOGICAL DATA (WS FORM: F-6) , PAGE 2

                                          STATION:  ORLANDO EXEC
                                          MONTH:    FEBRUARY
                                          YEAR:     2017
                                          LATITUDE:   28 32 N
                                          LONGITUDE:  81 20 W

[TEMPERATURE DATA]      [PRECIPITATION DATA]       SYMBOLS USED IN COLUMN 16

AVERAGE MONTHLY: 67.0   TOTAL FOR MONTH:   0.49    1 = FOG OR MIST
DPTR FM NORMAL:   4.3   DPTR FM NORMAL:   -1.14    2 = FOG REDUCING VISIBILITY
HIGHEST:    84 ON  8    GRTST 24HR  0.49 ON  8- 8      TO 1/4 MILE OR LESS
LOWEST:     46 ON  1                               3 = THUNDER
                        SNOW, ICE PELLETS, HAIL    4 = ICE PELLETS
                        TOTAL MONTH:   0.0 INCH    5 = HAIL
                        GRTST 24HR     0.0         6 = FREEZING RAIN OR DRIZZLE
                        GRTST DEPTH:   0           7 = DUSTSTORM OR SANDSTORM:
                                                       VSBY 1/2 MILE OR LESS
                                                   8 = SMOKE OR HAZE
[NO. OF DAYS WITH]      [WEATHER - DAYS WITH]      9 = BLOWING SNOW
                                                   X = TORNADO
MAX 32 OR BELOW:   0    0.01 INCH OR MORE:   1
MAX 90 OR ABOVE:   0    0.10 INCH OR MORE:   1
MIN 32 OR BELOW:   0    0.50 INCH OR MORE:   0
MIN  0 OR BELOW:   0    1.00 INCH OR MORE:   0

[HDD (BASE 65) ]
TOTAL THIS MO.    14    CLEAR  (SCALE 0-3)  12
DPTR FM NORMAL   -66    PTCLDY (SCALE 4-7)   7
TOTAL FM JUL 1   157    CLOUDY (SCALE 8-10)  0
DPTR FM NORMAL  -287

[CDD (BASE 65) ]
TOTAL THIS MO.    55
DPTR FM NORMAL    21    [PRESSURE DATA]
TOTAL FM JAN 1   157    HIGHEST SLP M ON M
DPTR FM NORMAL    79    LOWEST  SLP 29.67 ON 15

[REMARKS]
