000
CXUS53 KGRB 270641
CF6OSH
PRELIMINARY LOCAL CLIMATOLOGICAL DATA (WS FORM: F-6)

                                          STATION:   OSHKOSH WI
                                          MONTH:     MARCH
                                          YEAR:      2015
                                          LATITUDE:   44  0 N
                                          LONGITUDE:  88 34 W

  TEMPERATURE IN F:       :PCPN:    SNOW:  WIND      :SUNSHINE: SKY     :PK WND
================================================================================
1   2   3   4   5  6A  6B    7    8   9   10  11  12  13   14  15   16   17  18
                                     12Z  AVG MX 2MIN
DY MAX MIN AVG DEP HDD CDD  WTR  SNW DPTH SPD SPD DIR MIN PSBL S-S WX    SPD DR
================================================================================

 1  28   7  18  -8  47   0    T    T    3  7.2 17 290   M    M   4 18     23 210
 2  26  11  19  -8  46   0 0.00  0.0    3  6.9 14 180   M    M   1        17 200
 3  29  23  26  -1  39   0 0.02  0.5    3  9.5 20 290   M    M  10 168    26 310
 4  23   3  13 -14  52   0 0.00  0.0    3 13.0 24 290   M    M   0        31 290
 5  16  -4   6 -22  59   0 0.00  0.0    3  6.2 15 290   M    M   0        19 290
 6  29   0  15 -13  50   0 0.00  0.0    3 11.5 25 200   M    M   3        33 210
 7  42  18  30   1  35   0 0.00  0.0    3  8.5 22 310   M    M   4        31 310
 8  48  22  35   6  30   0 0.00  0.0    T  6.9 17 210   M    M   1        24 220
 9  54  30  42  13  23   0 0.00  0.0    0  8.6 16 210   M    M   2        23 210
10  58  32  45  15  20   0 0.00  0.0    0  9.8 17 200   M    M   2 128    23 210
11  55  31  43  13  22   0 0.00  0.0    0  5.0 13 290   M    M   0        18 300
12  55  28  42  11  23   0 0.00  0.0    0  9.3 21 190   M    M   1 8      26 180
13  66  34  50  19  15   0 0.00  0.0    0 10.4 18 210   M    M   0        26 200
14  54  28  41  10  24   0 0.00  0.0    0  9.9 21 310   M    M   1        28 310
15  59  24  42  10  23   0 0.00  0.0    0  9.7 26 190   M    M   0        33 190
16  63  41  52  20  13   0    T  0.0    0  8.2 21  20   M    M   2 1      27  30
17  42  31  37   4  28   0    T  0.0    0 13.5 25 360   M    M   1        33 360
18  47  28  38   5  27   0 0.00  0.0    0  5.8 14 320   M    M   0        18 310
19  46  30  38   4  27   0 0.00  0.0    0  8.3 16 160   M    M   8        20 160
20  57  29  43   9  22   0 0.02    T    0  8.4 16 290   M    M   7        23 240
21  45  29  37   3  28   0 0.00  0.0    0  9.5 18 340   M    M   4        26 340
22  37  26  32  -3  33   0 0.00  0.0    0  7.2 13 140   M    M   7        16 150
23  36  20  28  -7  37   0 0.00  0.0    0  7.8 14  60   M    M   6        18  90
24  42  18  30  -6  35   0    M    M    M  7.1 16 120   M    M   1        22 110
25  44  31  38   2  27   0    M    M    M  9.1 21 270   M    M   9 168    33 270
26  37  23  30  -7  35   0    M    M    M 13.0 22  10   M    M  10        26 320
================================================================================
SM 1138  593       820   0  0.04     0.5 230.3          M       84
================================================================================
AV 43.8 22.8                               8.9 FASTST   M    M   3    MAX(MPH)
                                 MISC ---->  # 26 190               # 33  210
================================================================================
NOTES:
# LAST OF SEVERAL OCCURRENCES

COLUMN 17 PEAK WIND IN M.P.H.

PRELIMINARY LOCAL CLIMATOLOGICAL DATA (WS FORM: F-6) , PAGE 2

                                          STATION:  OSHKOSH WI
                                          MONTH:    MARCH
                                          YEAR:     2015
                                          LATITUDE:   44  0 N
                                          LONGITUDE:  88 34 W

[TEMPERATURE DATA]      [PRECIPITATION DATA]       SYMBOLS USED IN COLUMN 16

AVERAGE MONTHLY: 33.3   TOTAL FOR MONTH:   0.04    1 = FOG OR MIST
DPTR FM NORMAL:   2.0   DPTR FM NORMAL:   -1.38    2 = FOG REDUCING VISIBILITY
HIGHEST:    66 ON 13    GRTST 24HR  0.02 ON 20-20      TO 1/4 MILE OR LESS
LOWEST:     -4 ON  5                               3 = THUNDER
                        SNOW, ICE PELLETS, HAIL    4 = ICE PELLETS
                        TOTAL MONTH:   0.5 INCH    5 = HAIL
                        GRTST 24HR   0.5 ON  3- 3  6 = FREEZING RAIN OR DRIZZLE
                        GRTST DEPTH:   3 ON  7, 6  7 = DUSTSTORM OR SANDSTORM:
                                                       VSBY 1/2 MILE OR LESS
                                                   8 = SMOKE OR HAZE
[NO. OF DAYS WITH]      [WEATHER - DAYS WITH]      9 = BLOWING SNOW
                                                   X = TORNADO
MAX 32 OR BELOW:   6    0.01 INCH OR MORE:   2
MAX 90 OR ABOVE:   0    0.10 INCH OR MORE:   0
MIN 32 OR BELOW:  24    0.50 INCH OR MORE:   0
MIN  0 OR BELOW:   2    1.00 INCH OR MORE:   0

[HDD (BASE 65) ]
TOTAL THIS MO.   820    CLEAR  (SCALE 0-3)  16
DPTR FM NORMAL   -55    PTCLDY (SCALE 4-7)   7
TOTAL FM JUL 1  6747    CLOUDY (SCALE 8-10)  3
DPTR FM NORMAL   338

[CDD (BASE 65) ]
TOTAL THIS MO.     0
DPTR FM NORMAL     0    [PRESSURE DATA]
TOTAL FM JAN 1     0    HIGHEST SLP M ON M
DPTR FM NORMAL     0    LOWEST  SLP 29.57 ON  3

[REMARKS]
