000
CXUS56 KMFR 201000
CF6OTH
PRELIMINARY LOCAL CLIMATOLOGICAL DATA (WS FORM: F-6)

                                          STATION:   NORTH BEND OR
                                          MONTH:     SEPTEMBER
                                          YEAR:      2017
                                          LATITUDE:   43 25 N
                                          LONGITUDE: 124 15 W

  TEMPERATURE IN F:       :PCPN:    SNOW:  WIND      :SUNSHINE: SKY     :PK WND
================================================================================
1   2   3   4   5  6A  6B    7    8   9   10  11  12  13   14  15   16   17  18
                                     12Z  AVG MX 2MIN
DY MAX MIN AVG DEP HDD CDD  WTR  SNW DPTH SPD SPD DIR MIN PSBL S-S WX    SPD DR
================================================================================

 1  74  51  63   4   2   0 0.00    M    M  8.4 23 350   M    M   1 18     28 350
 2  78  51  65   6   0   0 0.00    M    M  3.5  9 330   M    M   5 8       M  M
 3  78  55  67   8   0   2 0.00    M    M  4.8 12 260   M    M   8 18      M  M
 4  78  52  65   6   0   0 0.00    M    M  4.9  9 270   M    M   1 18      M  M
 5  72  56  64   6   1   0    T    M    M  3.9  8 280   M    M   2 18      M  M
 6  67  57  62   4   3   0    T    M    M  5.4 10 280   M    M   7 12      M  M
 7  62  58  60   2   5   0    T    M    M  3.5  8 280   M    M  10 12      M  M
 8  66  58  62   4   3   0    T    M    M  4.7 10  10   M    M  10 1       M  M
 9  70  54  62   4   3   0 0.02    M    M  5.6  9 290   M    M   6 12      M  M
10  69  54  62   4   3   0    T    M    M 10.9 24 350   0    0   0        30 360
11  74  51  63   5   2   0 0.00    M    M 10.9 22 350   M    M   0 1      28 350
12  65  51  58   0   7   0 0.00    M    M 11.1 25 360   0    0   0        33 350
13  65  48  57  -1   8   0 0.00    M    M 11.3 24 360   0    0   0        36 360
14  66  52  59   1   6   0 0.00    M    M  6.0 13 280   M    M   4         M  M
15  67  50  59   1   6   0    T    M    M  7.0 21 350   M    M   4 18      M  M
16  67  50  59   1   6   0    T    M    M  6.1 16 330   M    M   5 12      M  M
17  68  52  60   3   5   0 0.24    M    M  9.4 20 210   M    M   8 1      33 210
18  65  55  60   3   5   0 0.32    M    M  9.8 16 230   M    M   9 1      23 230
19  59  55  57   0   8   0 0.18    M    M  9.6 14 230   M    M  10 18     22 230
================================================================================
SM 1310 1010        73   2  0.76    M    136.8            0     90
================================================================================
AV 69.0 53.2                               7.2 FASTST    0   0   5    MAX(MPH)
                                 MISC ---->  # 25 360               # 36  360
================================================================================
NOTES:
# LAST OF SEVERAL OCCURRENCES

COLUMN 17 PEAK WIND IN M.P.H.

PRELIMINARY LOCAL CLIMATOLOGICAL DATA (WS FORM: F-6) , PAGE 2

                                          STATION:  NORTH BEND OR
                                          MONTH:    SEPTEMBER
                                          YEAR:     2017
                                          LATITUDE:   43 25 N
                                          LONGITUDE: 124 15 W

[TEMPERATURE DATA]      [PRECIPITATION DATA]       SYMBOLS USED IN COLUMN 16

AVERAGE MONTHLY: 61.1   TOTAL FOR MONTH:   0.76    1 = FOG OR MIST
DPTR FM NORMAL:   3.0   DPTR FM NORMAL:   -0.06    2 = FOG REDUCING VISIBILITY
HIGHEST:    78 ON  4, 3 GRTST 24HR  0.32 ON 18-18      TO 1/4 MILE OR LESS
LOWEST:     48 ON 13                               3 = THUNDER
                        SNOW, ICE PELLETS, HAIL    4 = ICE PELLETS
                        TOTAL MONTH:    M          5 = HAIL
                        GRTST 24HR    M  ON   M    6 = FREEZING RAIN OR DRIZZLE
                        GRTST DEPTH:  M  ON   M    7 = DUSTSTORM OR SANDSTORM:
                                                       VSBY 1/2 MILE OR LESS
                                                   8 = SMOKE OR HAZE
[NO. OF DAYS WITH]      [WEATHER - DAYS WITH]      9 = BLOWING SNOW
                                                   X = TORNADO
MAX 32 OR BELOW:   0    0.01 INCH OR MORE:   4
MAX 90 OR ABOVE:   0    0.10 INCH OR MORE:   3
MIN 32 OR BELOW:   0    0.50 INCH OR MORE:   0
MIN  0 OR BELOW:   0    1.00 INCH OR MORE:   0

[HDD (BASE 65) ]
TOTAL THIS MO.    73    CLEAR  (SCALE 0-3)   7
DPTR FM NORMAL   -59    PTCLDY (SCALE 4-7)   7
TOTAL FM JUL 1   380    CLOUDY (SCALE 8-10)  5
DPTR FM NORMAL  -131

[CDD (BASE 65) ]
TOTAL THIS MO.     2
DPTR FM NORMAL     2    [PRESSURE DATA]
TOTAL FM JAN 1     5    HIGHEST SLP  0.00 ON M
DPTR FM NORMAL     4    LOWEST  SLP  0.00 ON M

[REMARKS]
