000
CXUS56 KOTX 251500
CF6OTX
PRELIMINARY LOCAL CLIMATOLOGICAL DATA (WS FORM: F-6)

                                          STATION:   SPOKANE  WA WFO
                                          MONTH:     JULY
                                          YEAR:      2014
                                          LATITUDE:   47 40 N
                                          LONGITUDE: 117 38 W

  TEMPERATURE IN F:       :PCPN:    SNOW:  WIND      :SUNSHINE: SKY     :PK WND
================================================================================
1   2   3   4   5  6A  6B    7    8   9   10  11  12  13   14  15   16   17  18
                                     12Z  AVG MX 2MIN
DY MAX MIN AVG DEP HDD CDD  WTR  SNW DPTH SPD SPD DIR MIN PSBL S-S WX    SPD DR
================================================================================

 1  85  47  66   3   0   1 0.00  0.0    0   M   M   M 885   93   0         0   0
 2  89  55  72   9   0   7    T  0.0    0   M   M   M 774   81   0         0   0
 3  85  61  73   9   0   8 0.00  0.0    0   M   M   M 804   84   0         0   0
 4  81  58  70   6   0   5 0.00  0.0    0   M   M   M 755   79   0         0   0
 5  85  55  70   6   0   5 0.00  0.0    0   M   M   M 719   76   0         0   0
 6  90  58  74  10   0   9    T  0.0    0   M   M   M 790   83   0         0   0
 7  88  61  75  10   0  10 0.00  0.0    0   M   M   M 940   99   0         0   0
 8  93  55  74   9   0   9 0.00  0.0    0   M   M   M 880   93   0         0   0
 9  92  58  75  10   0  10 0.00  0.0    0   M   M   M 883   93   0         0   0
10  90  55  73   7   0   8 0.00  0.0    0   M   M   M 884   94   0         0   0
11  92  54  73   7   0   8 0.00  0.0    0   M   M   M 913   97   0         0   0
12  94  51  73   7   0   8 0.00  0.0    M   M   M   M 882   94   M         M  M
13  96  55  76  10   0  11 0.00  0.0    0   M   M   M 890   95   M         M  M
14  93  65  79  12   0  14 0.97  0.0    M   M   M   M 607   65   M         M  M
15  91  59  75   8   0  10 0.00  0.0    0   M   M   M 831   89   M         M  M
16  97  61  79  12   0  14 0.00  0.0    0   M   M   M 802   86   M         M  M
17   M   M   M   M   M   M    M    M    M   M   M   M   0    0   0         0   0
18  83  58  71   3   0   6 0.00  0.0    0   M   M   M 500   54   M 8       M  M
19  88  61  75   7   0  10 0.00  0.0    0   M   M   M 662   71   M 8       M  M
20  80  58  69   1   0   4 0.00  0.0    0   M   M   M 778   84   M 8       M  M
21  76  53  65  -3   0   0 0.00  0.0    0   M   M   M 776   87   M         M  M
22  83  62  73   5   0   8 0.04  0.0    0   M   M   M 573   62   0         0   0
23  86  54  70   2   0   5 0.63  0.0    0   M   M   M 752   82   0 3       0   0
24  67  47  57 -11   8   0 0.00  0.0    0   M   M   M 779   85   0         0   0
================================================================================
SM 2004 1301         8 170  1.64     0.0     M        18059      0
================================================================================
AV 87.1 56.6                                 M FASTST  752  80   0    MAX(MPH)
                                 MISC ---->     M   M               #  0    0
================================================================================
NOTES:
# LAST OF SEVERAL OCCURRENCES

COLUMN 17 PEAK WIND IN M.P.H.

PRELIMINARY LOCAL CLIMATOLOGICAL DATA (WS FORM: F-6) , PAGE 2

                                          STATION:  SPOKANE  WA WFO
                                          MONTH:    JULY
                                          YEAR:     2014
                                          LATITUDE:   47 40 N
                                          LONGITUDE: 117 38 W

[TEMPERATURE DATA]      [PRECIPITATION DATA]       SYMBOLS USED IN COLUMN 16

AVERAGE MONTHLY: 71.8   TOTAL FOR MONTH:   1.64    1 = FOG OR MIST
DPTR FM NORMAL:   5.8   DPTR FM NORMAL:    1.15    2 = FOG REDUCING VISIBILITY
HIGHEST:    97 ON 16    GRTST 24HR  0.97 ON 14-14      TO 1/4 MILE OR LESS
LOWEST:     47 ON 24, 1                            3 = THUNDER
                        SNOW, ICE PELLETS, HAIL    4 = ICE PELLETS
                        TOTAL MONTH:   0.0 INCH    5 = HAIL
                        GRTST 24HR     0.0         6 = FREEZING RAIN OR DRIZZLE
                        GRTST DEPTH:   0           7 = DUSTSTORM OR SANDSTORM:
                                                       VSBY 1/2 MILE OR LESS
                                                   8 = SMOKE OR HAZE
[NO. OF DAYS WITH]      [WEATHER - DAYS WITH]      9 = BLOWING SNOW
                                                   X = TORNADO
MAX 32 OR BELOW:   0    0.01 INCH OR MORE:   3
MAX 90 OR ABOVE:  10    0.10 INCH OR MORE:   2
MIN 32 OR BELOW:   0    0.50 INCH OR MORE:   2
MIN  0 OR BELOW:   0    1.00 INCH OR MORE:   0

[HDD (BASE 65) ]
TOTAL THIS MO.     8    CLEAR  (SCALE 0-3)  15
DPTR FM NORMAL   -39    PTCLDY (SCALE 4-7)   0
TOTAL FM JUL 1     8    CLOUDY (SCALE 8-10)  0
DPTR FM NORMAL   -39

[CDD (BASE 65) ]
TOTAL THIS MO.   170
DPTR FM NORMAL    97    [PRESSURE DATA]
TOTAL FM JAN 1   170    HIGHEST SLP M ON M
DPTR FM NORMAL    73    LOWEST  SLP  0.00 ON M

[REMARKS]
