000
CXUS56 KOTX 011500
CF6OTX
PRELIMINARY LOCAL CLIMATOLOGICAL DATA (WS FORM: F-6)

                                          STATION:   SPOKANE  WA WFO
                                          MONTH:     JANUARY
                                          YEAR:      2015
                                          LATITUDE:   47 40 N
                                          LONGITUDE: 117 38 W

  TEMPERATURE IN F:       :PCPN:    SNOW:  WIND      :SUNSHINE: SKY     :PK WND
================================================================================
1   2   3   4   5  6A  6B    7    8   9   10  11  12  13   14  15   16   17  18
                                     12Z  AVG MX 2MIN
DY MAX MIN AVG DEP HDD CDD  WTR  SNW DPTH SPD SPD DIR MIN PSBL S-S WX    SPD DR
================================================================================

 1  18   5  12 -14  53   0    T    T    1   M   M   M   M    M   0         0   0
 2  21  16  19  -7  46   0 0.02  0.4    1   M   M   M   M    M   0         0   0
 3  23   5  14 -12  51   0 0.04  0.4    1   M   M   M   M    M   0         0   0
 4  35  23  29   3  36   0 0.34  3.4    2   M   M   M   M    M   0 6       0   0
 5  39  32  36  10  29   0    T  0.0    3   M   M   M   M    M   0 12      0   0
 6  39  27  33   7  32   0 0.00  0.0    1   M   M   M   M    M   M 2       M  M
 7  32  28  30   4  35   0 0.00  0.0    T   M   M   M   M    M   M 2       M  M
 8  33  28  31   5  34   0    T  0.0    T   M   M   M   M    M   M 26      M  M
 9  32  21  27   0  38   0 0.00  0.0    T   M   M   M   M    M   M 2       M  M
10  29  27  28   1  37   0 0.06  0.3    T   M   M   M   M    M   M 1       M  M
11  30  24  27   0  38   0 0.00  0.0    T   M   M   M   0    0   0         0   0
12  33  24  29   2  36   0 0.00  0.0    T   M   M   M   M    M   0 1       0   0
13  30  28  29   2  36   0    T  0.0    T   M   M   M   M    M   0 6       0   0
14  32  23  28   1  37   0 0.00  0.0    T   M   M   M   M    M   0         0   0
15  31  26  29   1  36   0 0.07  0.9    1   M   M   M   0    0   0         0   0
16  36  24  30   2  35   0 0.25  1.8    2   M   M   M   M    M   0 12      0   0
17  32  24  28   0  37   0 0.62  1.5    2   M   M   M   0    0   0         0   0
18  43  32  38  10  27   0 0.28  0.0    0   M   M   M   M    M   M 1       M  M
19  41  26  34   6  31   0 0.00  0.0    0   M   M   M   M    M   M         0   0
20  29  24  27  -1  38   0 0.00  0.0    0   M   M   M   M    M   M 12      M  M
21  30  24  27  -1  38   0 0.00  0.0    0   M   M   M   M    M   M 1       M  M
22  32  24  28   0  37   0 0.18  1.2    0   M   M   M   M    M   M         M  M
23   M   M   M   M   M   M    M    M    M   M   M   M   0    0   0         0   0
24  38  31  35   6  30   0 0.01  0.0    0   M   M   M   M    M   M         0   0
25  47  36  42  13  23   0    T  0.0    0   M   M   M   M    M   M 2       0   0
26  42  32  37   8  28   0 0.00  0.0    0   M   M   M   M    M   0 12      0   0
27  36  28  32   3  33   0 0.00  0.0    0   M   M   M   M    M   0 12      0   0
28  36  26  31   2  34   0    T  0.0    0   M   M   M   M    M   0 12      0   0
29  33  27  30   1  35   0 0.00  0.0    0   M   M   M   M    M   0 12      0   0
30  30  27  29   0  36   0 0.03    T    0   M   M   M   M    M   0 12      0   0
31  31  28  30   1  35   0    T    T    0   M   M   M   M    M   0 1       0   0
================================================================================
SM  993  750      1071   0  1.90     9.9     M            0      0
================================================================================
AV 33.1 25.0                                 M FASTST    0   0   0    MAX(MPH)
                                 MISC ---->     M   M               #  0    0
================================================================================
NOTES:
# LAST OF SEVERAL OCCURRENCES

COLUMN 17 PEAK WIND IN M.P.H.

PRELIMINARY LOCAL CLIMATOLOGICAL DATA (WS FORM: F-6) , PAGE 2

                                          STATION:  SPOKANE  WA WFO
                                          MONTH:    JANUARY
                                          YEAR:     2015
                                          LATITUDE:   47 40 N
                                          LONGITUDE: 117 38 W

[TEMPERATURE DATA]      [PRECIPITATION DATA]       SYMBOLS USED IN COLUMN 16

AVERAGE MONTHLY: 29.0   TOTAL FOR MONTH:   1.90    1 = FOG OR MIST
DPTR FM NORMAL:   1.4   DPTR FM NORMAL:    0.03    2 = FOG REDUCING VISIBILITY
HIGHEST:    47 ON 25    GRTST 24HR  0.62 ON 17-17      TO 1/4 MILE OR LESS
LOWEST:      5 ON  3, 1                            3 = THUNDER
                        SNOW, ICE PELLETS, HAIL    4 = ICE PELLETS
                        TOTAL MONTH:   9.9 INCHES  5 = HAIL
                        GRTST 24HR   3.4 ON   M    6 = FREEZING RAIN OR DRIZZLE
                        GRTST DEPTH:   3 ON  5     7 = DUSTSTORM OR SANDSTORM:
                                                       VSBY 1/2 MILE OR LESS
                                                   8 = SMOKE OR HAZE
[NO. OF DAYS WITH]      [WEATHER - DAYS WITH]      9 = BLOWING SNOW
                                                   X = TORNADO
MAX 32 OR BELOW:  16    0.01 INCH OR MORE:  11
MAX 90 OR ABOVE:   0    0.10 INCH OR MORE:   5
MIN 32 OR BELOW:  29    0.50 INCH OR MORE:   1
MIN  0 OR BELOW:   0    1.00 INCH OR MORE:   0

[HDD (BASE 65) ]
TOTAL THIS MO.  1071    CLEAR  (SCALE 0-3)  19
DPTR FM NORMAL   -88    PTCLDY (SCALE 4-7)   0
TOTAL FM JUL 1  3677    CLOUDY (SCALE 8-10)  0
DPTR FM NORMAL  -580

[CDD (BASE 65) ]
TOTAL THIS MO.     0
DPTR FM NORMAL     0    [PRESSURE DATA]
TOTAL FM JAN 1     0    HIGHEST SLP M ON M
DPTR FM NORMAL     0    LOWEST  SLP  0.00 ON M

[REMARKS]
#FINAL-01-15#
