000
CXAK56 PAOT 011214
CF6OTZ

PRELIMINARY LOCAL CLIMATOLOGICAL DATA (WS FORM: F-6)

                                          STATION:   KOTZEBUE
                                          MONTH:     08
                                          YEAR:      2015
                                          LATITUDE:   66 53 N
                                          LONGITUDE: 162 36 W

  TEMPERATURE IN F:       :PCPN:    SNOW:  WIND      :SUNSHINE: SKY     :PK WND
================================================================================
1   2   3   4   5  6A  6B    7     8   9   10  11  12  13   14  15   16  17  18
                                      12Z  AVG MX 2MIN
DY MAX MIN AVG DEP HDD CDD  WTR   SNW DPTH SPD SPD DIR MIN PSBL S-S WX   SPD DR
================================================================================

 1  55  52  54   0  11   0  0.60  0.0   0 11.5 21  270   M    M   M 1     25 240
 2  62  54  58   4   7   0  0.00  0.0   0  8.3 17  240   M    M   M       20 240
 3  62  54  58   4   7   0  0.00  0.0   0  9.1 14  230   M    M   M       15 210
 4  62  50  56   2   9   0  0.00  0.0   0 12.4 21  300   M    M   M       24 300
 5  65  51  58   4   7   0  0.00  0.0   0 14.2 22  340   M    M   M       24 290
 6  59  50  55   1  10   0  0.00  0.0   0  7.7 15  260   M    M   M       18 270
 7  58  47  53   0  12   0  0.20  0.0   0 13.6 23  310   M    M   M 1     27 320
 8  50  46  48  -5  17   0     T  0.0   0 12.6 20  250   M    M   M       26 280
 9  54  43  49  -4  16   0     T  0.0   0 15.8 28  310   M    M   M       32 300
10  52  46  49  -4  16   0  0.00  0.0   0 15.0 25  310   M    M   M       28 310
11  58  46  52  -1  13   0  0.00  0.0   0  8.5 14  170   M    M   M       16 170
12  58  53  56   3   9   0  0.14  0.0   0 11.6 22  240   M    M   M 1     24 240
13  55  51  53   1  12   0     T  0.0   0 12.4 24  240   M    M   M       27 250
14  55  51  53   1  12   0  0.02  0.0   0  8.2 18  240   M    M   M 1     22 240
15  61  48  55   3  10   0  0.00  0.0   0  6.4 12  310   M    M   M       14  60
16  62  54  58   6   7   0  0.18  0.0   0  7.0 16  120   M    M   M 1     19 110
17  59  54  57   5   8   0  0.12  0.0   0  6.6 16  300   M    M   M 1     18 300
18  55  49  52   0  13   0     T  0.0   0 17.7 23  240   M    M   M 1     27 270
19  51  47  49  -2  16   0  0.08  0.0   0 12.7 22  230   M    M   M 1     25 220
20  53  46  50  -1  15   0  0.13  0.0   0  3.9 13  260   M    M   M 1     15 250
21  54  48  51   0  14   0  0.17  0.0   0 12.6 21  290   M    M   M 1     24 300
22  51  46  49  -2  16   0  0.01  0.0   0 14.9 21  290   M    M   M 18    25 300
23  51  46  49  -2  16   0  0.00  0.0   0 10.6 18  310   M    M   M       20 310
24  55  43  49  -1  16   0  0.44  0.0   0 17.0 30  130   M    M   M 1     36 130
25  56  51  54   4  11   0  1.26  0.0   0 14.3 25  230   M    M   M 18    32 220
26  53  42  48  -2  17   0  0.52  0.0   0 18.7 29  330   M    M   M 1     35 320
27  46  41  44  -6  21   0  0.01  0.0   0 21.9 31  280   M    M   M       37 310
28  48  43  46  -3  19   0  0.09  0.0   0 17.8 28  300   M    M   M       33 310
29  44  40  42  -7  23   0  0.02  0.0   0 18.0 29  300   M    M   M       35 300
30  48  38  43  -6  22   0  0.00  0.0   0 13.2 21  310   M    M   M       24 320
31  48  36  42  -7  23   0  0.00  0.0   0  9.4 15  280   M    M   M       17 290
================================================================================
SM 1700 1466       425   0  3.99 0.0    383.6           M        M
================================================================================
AV 54.8 47.3                             12.4 FASTST  PSBL  %   M    MAX(MPH)
                                 MISC ---->     31  280                 37 310
================================================================================
NOTES:
# LAST OF SEVERAL OCCURRENCES

COLUMN 17 PEAK WIND IN M.P.H.

PRELIMINARY LOCAL CLIMATOLOGICAL DATA (WS FORM: F-6) , PAGE 2

                                          STATION:   KOTZEBUE
                                          MONTH:     08
                                          YEAR:      2015
                                          LATITUDE:  66 53 N
                                          LONGITUDE: 162 36 W

[TEMPERATURE DATA]      [PRECIPITATION DATA]       SYMBOLS USED IN COLUMN 16

AVERAGE MONTHLY:51.1   TOTAL FOR MONTH: 3.99       1 = FOG
DPTR FM NORMAL: -0.7   DPTR FM NORMAL: 1.81       2 = FOG REDUCING VISIBILITY
HIGHEST:    65 ON  5    GRTST 24HR   1.26 ON 25        TO 1/4 MILE OR LESS
LOWEST:     36 ON 31                               3 = THUNDER
                        SNOW, ICE PELLETS, HAIL    4 = ICE PELLETS
                        TOTAL MONTH: 0.0         5 = HAIL
                        GRTST 24HR   0.0           6 = GLAZE OR RIME
                        GRTST DEPTH:    0          7 = BLOWING DUST OR SAND:
                                                       VSBY 1/2 MILE OR LESS
                                                   8 = SMOKE OR HAZE
[NO. OF DAYS WITH]      [WEATHER - DAYS WITH]      9 = BLOWING SNOW
                                                   X = TORNADO
MAX 32 OR BELOW:   0    0.01 INCH OR MORE:  16
MAX 70 OR ABOVE:   0    0.10 INCH OR MORE:  10
MIN 32 OR BELOW:   0    0.50 INCH OR MORE:   3
MIN  0 OR BELOW:   0    1.00 INCH OR MORE:   1

[HDD (BASE 65) ]
TOTAL THIS MO.   425    CLEAR  (SCALE 0-3)   M
DPTR FM NORMAL    13    PTCLDY (SCALE 4-7)   M
SEASONAL TOTAL   621    CLOUDY (SCALE 8-10)  M
DPTR FM NORMAL  -117

[CDD (BASE 65) ]
TOTAL THIS MO.     0
DPTR FM NORMAL     0    [PRESSURE DATA]
SEASONAL TOTAL    14    HIGHEST SLP     M
DPTR FM NORMAL    14    LOWEST  SLP     M

[REMARKS]
#FINAL-08-15#
