000
CXUS55 KPAH 280634
CF6OWB
PRELIMINARY LOCAL CLIMATOLOGICAL DATA (WS FORM: F-6)

                                          STATION:   OWENSBORO KY
                                          MONTH:     JULY
                                          YEAR:      2015
                                          LATITUDE:   37 45 N
                                          LONGITUDE:  87 10 W

  TEMPERATURE IN F:       :PCPN:    SNOW:  WIND      :SUNSHINE: SKY     :PK WND
================================================================================
1   2   3   4   5  6A  6B    7    8   9   10  11  12  13   14  15   16   17  18
                                     12Z  AVG MX 2MIN
DY MAX MIN AVG DEP HDD CDD  WTR  SNW DPTH SPD SPD DIR MIN PSBL S-S WX    SPD DR
================================================================================

 1  82  68  75  -5   0  10    T  0.0    0  5.4 15 270   M    M   3 18     17 270
 2  84  69  77  -3   0  12 0.40  0.0    0  5.6 15 250   M    M   7 13     18 250
 3  84  70  77  -3   0  12 0.34  0.0    0   M   M   M   M    M   8 1238    M  M
 4  83  70  77  -3   0  12    M  0.0    0   M   M   M   M    M   5 18      M  M
 5  87  70  79  -1   0  14    T  0.0    0  3.0 25  10   M    M   4 18     38 180
 6  88  68  78  -2   0  13 0.00  0.0    0  7.6 15 200   M    M   2 18      M  M
 7  84  73  79  -1   0  14 0.59  0.0    0 10.0 15 230   M    M   5 1       M  M
 8  88  69  79  -2   0  14    T  0.0    0  6.5 13 220   M    M   7 1       M  M
 9  85  71  78  -3   0  13 0.91  0.0    0  9.3 16 220   M    M   7 13     37 240
10  85  70  78  -3   0  13 0.38  0.0    0  7.0 16 280   M    M   6 123    24 260
11  91  69  80  -1   0  15    T  0.0    0  3.9  8 180   M    M   2 13      9 180
12  92  76  84   3   0  19 0.00  0.0    0  6.7 14 250   M    M   3        16 250
13  94  75  85   4   0  20 0.00  0.0    0  7.9 20 220   M    M   2        24 220
14  94  78  86   5   0  21 0.00  0.0    0 10.4 20 270   M    M   2        22 270
15  84  70  77  -3   0  12 0.00  0.0    0  5.3 12  50   M    M   2        15  50
16  88  68  78  -2   0  13 0.00  0.0    0  6.0 16 180   M    M   2 18     23 170
17  94  74  84   4   0  19 0.00  0.0    0  8.4 17 220   M    M   2        23 220
18  95  74  85   5   0  20 0.00  0.0    0  6.0 15 230   M    M   1        18 230
19  94  76  85   5   0  20 0.07  0.0    0  5.4 13 290   M    M   2 13     16 290
20  87  74  81   1   0  16 1.02  0.0    0  5.9 20 260   M    M   6 138    23 260
21  89  73  81   1   0  16 0.00  0.0    0  5.9 12 290   M    M   6 128    14 280
22  85  69  77  -3   0  12 0.00  0.0    0  7.9 13 120   M    M   4        15  80
23  83  67  75  -5   0  10 0.01  0.0    0  6.4 12  60   M    M   6 1      14  60
24  88  69  79  -1   0  14 0.00  0.0    0  4.1 10 130   M    M   2        13  70
25  88  67  78  -2   0  13 0.00  0.0    0  3.7 14 180   M    M   0 1      16 160
26  88  73  81   1   0  16 0.02  0.0    0  4.5 12 270   M    M   1 18     13 290
27  92  74  83   3   0  18 0.17  0.0    0  4.9 12 230   M    M   3 1      14 240
================================================================================
SM 2376 1924         0 401  3.91     0.0 157.7          M      100
================================================================================
AV 88.0 71.3                               6.3 FASTST   M    M   4    MAX(MPH)
                                 MISC ---->  # 25  10               # 38  180
================================================================================
NOTES:
# LAST OF SEVERAL OCCURRENCES

COLUMN 17 PEAK WIND IN M.P.H.

PRELIMINARY LOCAL CLIMATOLOGICAL DATA (WS FORM: F-6) , PAGE 2

                                          STATION:  OWENSBORO KY
                                          MONTH:    JULY
                                          YEAR:     2015
                                          LATITUDE:   37 45 N
                                          LONGITUDE:  87 10 W

[TEMPERATURE DATA]      [PRECIPITATION DATA]       SYMBOLS USED IN COLUMN 16

AVERAGE MONTHLY: 79.6   TOTAL FOR MONTH:   3.91    1 = FOG OR MIST
DPTR FM NORMAL:  -0.6   DPTR FM NORMAL:    0.68    2 = FOG REDUCING VISIBILITY
HIGHEST:    95 ON 18    GRTST 24HR  1.02 ON 20-20      TO 1/4 MILE OR LESS
LOWEST:     67 ON 25,23                            3 = THUNDER
                        SNOW, ICE PELLETS, HAIL    4 = ICE PELLETS
                        TOTAL MONTH:   0.0 INCH    5 = HAIL
                        GRTST 24HR     0.0         6 = FREEZING RAIN OR DRIZZLE
                        GRTST DEPTH:   0           7 = DUSTSTORM OR SANDSTORM:
                                                       VSBY 1/2 MILE OR LESS
                                                   8 = SMOKE OR HAZE
[NO. OF DAYS WITH]      [WEATHER - DAYS WITH]      9 = BLOWING SNOW
                                                   X = TORNADO
MAX 32 OR BELOW:   0    0.01 INCH OR MORE:  10
MAX 90 OR ABOVE:   8    0.10 INCH OR MORE:   7
MIN 32 OR BELOW:   0    0.50 INCH OR MORE:   3
MIN  0 OR BELOW:   0    1.00 INCH OR MORE:   1

[HDD (BASE 65) ]
TOTAL THIS MO.     0    CLEAR  (SCALE 0-3)  15
DPTR FM NORMAL     0    PTCLDY (SCALE 4-7)  12
TOTAL FM JUL 1     0    CLOUDY (SCALE 8-10)  0
DPTR FM NORMAL     0

[CDD (BASE 65) ]
TOTAL THIS MO.   401
DPTR FM NORMAL   -15    [PRESSURE DATA]
TOTAL FM JAN 1  1005    HIGHEST SLP M ON M
DPTR FM NORMAL    34    LOWEST  SLP M ON M

[REMARKS]
