000
CXUS51 KBTV 300700
CF6PBG
PRELIMINARY LOCAL CLIMATOLOGICAL DATA (WS FORM: F-6)

                                          STATION:   PLATTSBURGH NY
                                          MONTH:     MARCH
                                          YEAR:      2015
                                          LATITUDE:   44 39 N
                                          LONGITUDE:  73 28 W

  TEMPERATURE IN F:       :PCPN:    SNOW:  WIND      :SUNSHINE: SKY     :PK WND
================================================================================
1   2   3   4   5  6A  6B    7    8   9   10  11  12  13   14  15   16   17  18
                                     12Z  AVG MX 2MIN
DY MAX MIN AVG DEP HDD CDD  WTR  SNW DPTH SPD SPD DIR MIN PSBL S-S WX    SPD DR
================================================================================

 1  28  -7  11 -15  54   0    T    M    0  5.7 22 150   M    M   6 1      28 150
 2  31  13  22  -4  43   0    T    M    0  7.5 24 320   M    M   7 1      36 320
 3  26  -1  13 -13  52   0    T    M    0 10.1 28 160   M    M   4 1      37 160
 4  38  25  32   5  33   0    T    M    0  7.7 18 250   M    M   8 1      33 250
 5  28  -2  13 -14  52   0 0.00  0.0    0 10.5 21 360   M    M   0        26 320
 6  22 -15   4 -23  61   0 0.00    M    0  5.9 21 140   M    M   0        25 140
 7  32  12  22  -6  43   0 0.00  0.0    0  4.5 14 140   M    M   7        17 220
 8  37  22  30   2  35   0    T    M    0  6.0 15 320   M    M   9        24 260
 9  44  25  35   7  30   0    T    M    0  6.6 15 280   M    M   6 1      23 290
10  47  29  38   9  27   0    T    M    0  8.1 23 150   M    M   4        31 140
11  50  33  42  13  23   0    T    M    0  7.4 23 330   M    M   5 1      31 330
12  34  18  26  -3  39   0    T    M    0 12.5 25 330   M    M   3 1      36 330
13  30  13  22  -8  43   0    T    M    0  4.3 13 130   M    M   6 1      15 120
14   M   M   M   M   M   M 0.04    M    0  7.2 16 140   M    M  10 1       M  M
15  37  25  31   1  34   0 0.06    M    M 11.2 31 350   M    M   M 1      41 360
16  37  14  26  -4  39   0 0.00  0.0    0  4.9 15 140   M    M   4        19 140
17  40  22  31   0  34   0 0.10    M    0 11.2 30 330   M    M   9 1      41 320
18  24  14  19 -12  46   0 0.00  0.0    0 14.0 25 320   M    M   1        36 320
19  30  12  21 -10  44   0 0.00  0.0    0  9.2 24 350   M    M   0        30 350
20  37  13  25  -7  40   0 0.00  0.0    0  9.6 26 150   M    M   3        31 160
21  41  20  31  -1  34   0 0.01    M    0  9.6 26 310   M    M   9 1      38 330
22  20   9  15 -17  50   0    T    M    0 12.7 25 340   M    M   2        32 340
23  26   6  16 -17  49   0    T    M    0  9.5 22 320   M    M   1        29 350
24  33   8  21 -12  44   0 0.00  0.0    0  3.0 12  50   M    M   0        16  50
25  48  13  31  -2  34   0    T    M    0 10.7 24 160   M    M   3        37 180
26  47  32  40   6  25   0 0.32    M    0  3.5 17 170   M    M  10 1      24 170
27  34  26  30  -4  35   0 0.13    M    0  5.5 17  10   M    M  10 1      19  10
28  28  19  24 -10  41   0 0.01    M    0 11.6 22 350   M    M   5 1      26 350
29  39  14  27  -8  38   0    T    M    0  7.5 18 150   M    M   0        23 140
================================================================================
SM  968  412      1122   0  0.67     0.0 237.7          M      132
================================================================================
AV 34.6 14.7                               8.2 FASTST   M    M   5    MAX(MPH)
                                 MISC ---->  # 31 350               # 41  360
================================================================================
NOTES:
# LAST OF SEVERAL OCCURRENCES

COLUMN 17 PEAK WIND IN M.P.H.

PRELIMINARY LOCAL CLIMATOLOGICAL DATA (WS FORM: F-6) , PAGE 2

                                          STATION:  PLATTSBURGH NY
                                          MONTH:    MARCH
                                          YEAR:     2015
                                          LATITUDE:   44 39 N
                                          LONGITUDE:  73 28 W

[TEMPERATURE DATA]      [PRECIPITATION DATA]       SYMBOLS USED IN COLUMN 16

AVERAGE MONTHLY: 24.6   TOTAL FOR MONTH:   0.67    1 = FOG OR MIST
DPTR FM NORMAL:  -5.5   DPTR FM NORMAL:       M    2 = FOG REDUCING VISIBILITY
HIGHEST:    50 ON 11    GRTST 24HR  0.32 ON 26-26      TO 1/4 MILE OR LESS
LOWEST:    -15 ON  6                               3 = THUNDER
                        SNOW, ICE PELLETS, HAIL    4 = ICE PELLETS
                        TOTAL MONTH:   0.0 INCH    5 = HAIL
                        GRTST 24HR     0.0         6 = FREEZING RAIN OR DRIZZLE
                        GRTST DEPTH:   0           7 = DUSTSTORM OR SANDSTORM:
                                                       VSBY 1/2 MILE OR LESS
                                                   8 = SMOKE OR HAZE
[NO. OF DAYS WITH]      [WEATHER - DAYS WITH]      9 = BLOWING SNOW
                                                   X = TORNADO
MAX 32 OR BELOW:  12    0.01 INCH OR MORE:   7
MAX 90 OR ABOVE:   0    0.10 INCH OR MORE:   3
MIN 32 OR BELOW:  27    0.50 INCH OR MORE:   0
MIN  0 OR BELOW:   4    1.00 INCH OR MORE:   0

[HDD (BASE 65) ]
TOTAL THIS MO.  1122    CLEAR  (SCALE 0-3)  10
DPTR FM NORMAL   111    PTCLDY (SCALE 4-7)  11
TOTAL FM JUL 1  7031    CLOUDY (SCALE 8-10)  7
DPTR FM NORMAL   408

[CDD (BASE 65) ]
TOTAL THIS MO.     0
DPTR FM NORMAL     0    [PRESSURE DATA]
TOTAL FM JAN 1     0    HIGHEST SLP M ON M
DPTR FM NORMAL     0    LOWEST  SLP 29.43 ON 17

[REMARKS]
