000
CXUS51 KBTV 260700
CF6PBG
PRELIMINARY LOCAL CLIMATOLOGICAL DATA (WS FORM: F-6)

                                          STATION:   PLATTSBURGH NY
                                          MONTH:     MAY
                                          YEAR:      2017
                                          LATITUDE:   44 39 N
                                          LONGITUDE:  73 28 W

  TEMPERATURE IN F:       :PCPN:    SNOW:  WIND      :SUNSHINE: SKY     :PK WND
================================================================================
1   2   3   4   5  6A  6B    7    8   9   10  11  12  13   14  15   16   17  18
                                     12Z  AVG MX 2MIN
DY MAX MIN AVG DEP HDD CDD  WTR  SNW DPTH SPD SPD DIR MIN PSBL S-S WX    SPD DR
================================================================================

 1  64  41  53   2  12   0 0.77    M    0  4.4 15 120   M    M   6 18     22 200
 2  64  48  56   5   9   0    T    M    0  5.0 16 220   M    M   8 1      26 250
 3  54  36  45  -7  20   0 0.01    M    0  8.5 24 320   M    M   6        32 290
 4  62  33  48  -4  17   0 0.02    M    0  5.8 17 190   M    M   3        25 220
 5  50  44  47  -6  18   0 0.42    M    0  5.9 16 160   M    M  10 1      23 170
 6  71  47  59   6   6   0 0.15    M    0  6.7 26 160   M    M   9 1      36 160
 7  55  41  48  -5  17   0 0.44    M    0  4.1 18 160   M    M  10 1      25 150
 8  46  35  41 -13  24   0 0.01    M    0  3.8 16 310   M    M  10        21 330
 9  48  32  40 -14  25   0    T    M    0  4.6 13  10   M    M   9        16  10
10  56  38  47  -7  18   0 0.00  0.0    0  6.0 18 360   M    M   9        23 360
11  57  43  50  -5  15   0 0.00  0.0    0  8.5 17 350   M    M   9        24  10
12  67  36  52  -3  13   0 0.00  0.0    0  5.4 14 150   M    M   0 1      19 140
13  63  44  54  -2  11   0 0.20    M    0  5.7 17 150   M    M   5 18     20 150
14  55  45  50  -6  15   0 0.15    M    0  7.3 17 350   M    M  10 1      22 350
15  70  48  59   3   6   0 0.08  0.0    0 15.6 29 340   M    M   M        37 340
16  71  51  61   5   4   0 0.00  0.0    0  4.9 12 100   M    M   0        18 290
17  92  52  72  15   0   7 0.00  0.0    0  6.4 22 150   M    M   3        30 260
18  93  61  77  20   0  12    T  0.0    0  6.4 16 270   M    M   1 3      28 250
19  73  50  62   5   3   0    T  0.0    0  9.7 23 350   M    M   6        27 340
20  61  38  50  -8  15   0 0.00  0.0    0  9.4 17 350   M    M   0        22  40
21  68  37  53  -5  12   0 0.09    M    0  3.5 15 160   M    M   3        19 160
22  58  49  54  -4  11   0 0.62    M    0  9.6 18 160   M    M  10 1      26 160
23  66  44  55  -3  10   0    T    M    0  4.7 18 150   M    M   5 1      23 150
24  75  46  61   2   4   0 0.00  0.0    0  1.8  8  30   M    M   2 1      12 130
25  65  50  58  -1   7   0 0.27  0.0    0  3.5 14 140   M    M   5 1      19 160
================================================================================
SM 1604 1089       292  19  3.23     0.0 157.2          M      139
================================================================================
AV 64.2 43.6                               6.3 FASTST   M    M   6    MAX(MPH)
                                 MISC ---->  # 29 340               # 37  340
================================================================================
NOTES:
# LAST OF SEVERAL OCCURRENCES

COLUMN 17 PEAK WIND IN M.P.H.

PRELIMINARY LOCAL CLIMATOLOGICAL DATA (WS FORM: F-6) , PAGE 2

                                          STATION:  PLATTSBURGH NY
                                          MONTH:    MAY
                                          YEAR:     2017
                                          LATITUDE:   44 39 N
                                          LONGITUDE:  73 28 W

[TEMPERATURE DATA]      [PRECIPITATION DATA]       SYMBOLS USED IN COLUMN 16

AVERAGE MONTHLY: 53.9   TOTAL FOR MONTH:   3.23    1 = FOG OR MIST
DPTR FM NORMAL:  -1.4   DPTR FM NORMAL:       M    2 = FOG REDUCING VISIBILITY
HIGHEST:    93 ON 18    GRTST 24HR  0.77 ON  1- 1      TO 1/4 MILE OR LESS
LOWEST:     32 ON  9                               3 = THUNDER
                        SNOW, ICE PELLETS, HAIL    4 = ICE PELLETS
                        TOTAL MONTH:   0.0 INCH    5 = HAIL
                        GRTST 24HR     0.0         6 = FREEZING RAIN OR DRIZZLE
                        GRTST DEPTH:   0           7 = DUSTSTORM OR SANDSTORM:
                                                       VSBY 1/2 MILE OR LESS
                                                   8 = SMOKE OR HAZE
[NO. OF DAYS WITH]      [WEATHER - DAYS WITH]      9 = BLOWING SNOW
                                                   X = TORNADO
MAX 32 OR BELOW:   0    0.01 INCH OR MORE:  13
MAX 90 OR ABOVE:   2    0.10 INCH OR MORE:   8
MIN 32 OR BELOW:   1    0.50 INCH OR MORE:   2
MIN  0 OR BELOW:   0    1.00 INCH OR MORE:   0

[HDD (BASE 65) ]
TOTAL THIS MO.   292    CLEAR  (SCALE 0-3)   8
DPTR FM NORMAL    44    PTCLDY (SCALE 4-7)   7
TOTAL FM JUL 1  6769    CLOUDY (SCALE 8-10)  9
DPTR FM NORMAL  -823

[CDD (BASE 65) ]
TOTAL THIS MO.    19
DPTR FM NORMAL    17    [PRESSURE DATA]
TOTAL FM JAN 1    21    HIGHEST SLP M ON M
DPTR FM NORMAL    19    LOWEST  SLP 29.50 ON 15

[REMARKS]
