000
CXUS51 KBTV 010700
CF6PBG
PRELIMINARY LOCAL CLIMATOLOGICAL DATA (WS FORM: F-6)

                                          STATION:   PLATTSBURGH NY
                                          MONTH:     JUNE
                                          YEAR:      2015
                                          LATITUDE:   44 39 N
                                          LONGITUDE:  73 28 W

  TEMPERATURE IN F:       :PCPN:    SNOW:  WIND      :SUNSHINE: SKY     :PK WND
================================================================================
1   2   3   4   5  6A  6B    7    8   9   10  11  12  13   14  15   16   17  18
                                     12Z  AVG MX 2MIN
DY MAX MIN AVG DEP HDD CDD  WTR  SNW DPTH SPD SPD DIR MIN PSBL S-S WX    SPD DR
================================================================================

 1  53  48  51 -10  14   0 0.68    M    0  5.3 12  60   M    M  10 1      15  40
 2  58  42  50 -11  15   0 0.02    M    0  6.4 18 350   M    M   7 18     22 350
 3  61  39  50 -11  15   0 0.00  0.0    0  3.8 12  60   M    M   1        18  90
 4  74  38  56  -5   9   0 0.00  0.0    0  6.9 18 140   M    M   0 1      25 170
 5  70  51  61  -1   4   0 0.58  0.0    0  7.5 20 150   M    M   8 13     25 160
 6  65  42  54  -8  11   0 0.00  0.0    0 11.8 25 360   M    M   2        31 350
 7  71  37  54  -8  11   0 0.00  0.0    0  9.3 23 160   M    M   0 1      27 150
 8  66  57  62   0   3   0 0.26  0.0    0  9.3 24 150   M    M   7 1      29 160
 9  72  59  66   3   0   1 1.73  0.0    0  2.8 10 180   M    M   9 13     13 170
10  78  55  67   4   0   2 0.04  0.0    0  6.1 18 130   M    M   4 13     23 170
11  79  60  70   7   0   5 0.01  0.0    0  6.5 15 290   M    M   1 13     25 270
12  69  60  65   2   0   0 1.51  0.0    0  5.4 22  10   M    M   8 13     26 360
13  80  53  67   3   0   2 0.01  0.0    0  5.8 15 320   M    M   2 1      20 330
14  74  54  64   0   1   0 0.00  0.0    0  4.6 12  30   M    M   0        17  10
15  70  57  64   0   1   0 0.18  0.0    0  9.7 17 160   M    M   9 1      24 180
16  74  59  67   3   0   2 0.54    M    0  5.6 17 350   M    M   7 1      23 350
17  71  48  60  -5   5   0    T    M    0  4.8 23 350   M    M   0        26 350
18  78  52  65   0   0   0 0.68  0.0    0  8.2 22 150   M    M   2 13     27 150
19  68  50  59  -6   6   0 0.00  0.0    0  8.2 23  10   M    M   4 1      29 360
20  77  44  61  -4   4   0    T    M    0  8.8 20 160   M    M   1        25 150
21  76  63  70   4   0   5 0.37  0.0    0  2.7 12 160   M    M   7 1      14 160
22  77  62  70   4   0   5 0.04  0.0    0  3.9 13 100   M    M   5 1      15 100
23  83  62  73   7   0   8 0.57  0.0    0  6.4 25 170   M    M   5 1      34 160
24  79  58  69   3   0   4 0.13  0.0    0  7.0 29 330   M    M   2 1      34 340
25  74  55  65  -2   0   0 0.00  0.0    0  5.1 18 350   M    M   4 1      22 360
26  75  54  65  -2   0   0 0.00  0.0    0  3.7 14  30   M    M   2        18  40
27  73  48  61  -6   4   0 0.00  0.0    0  3.1 10 170   M    M   1        13 170
28  65  56  61  -6   4   0 1.00  0.0    0  5.1 14 130   M    M  10 1      18 160
29  66  55  61  -7   4   0 0.06  0.0    0  2.3  9  40   M    M   9 1      11  50
30  73  52  63  -5   2   0 0.04  0.0    0  5.1 15 130   M    M   3 1      64 150
================================================================================
SM 2149 1570       113  34  8.45     0.0 181.2          M      130
================================================================================
AV 71.6 52.3                               6.0 FASTST   M    M   4    MAX(MPH)
                                 MISC ---->  # 29 330               # 64  150
================================================================================
NOTES:
# LAST OF SEVERAL OCCURRENCES

COLUMN 17 PEAK WIND IN M.P.H.

PRELIMINARY LOCAL CLIMATOLOGICAL DATA (WS FORM: F-6) , PAGE 2

                                          STATION:  PLATTSBURGH NY
                                          MONTH:    JUNE
                                          YEAR:     2015
                                          LATITUDE:   44 39 N
                                          LONGITUDE:  73 28 W

[TEMPERATURE DATA]      [PRECIPITATION DATA]       SYMBOLS USED IN COLUMN 16

AVERAGE MONTHLY: 62.0   TOTAL FOR MONTH:   8.45    1 = FOG OR MIST
DPTR FM NORMAL:  -2.3   DPTR FM NORMAL:       M    2 = FOG REDUCING VISIBILITY
HIGHEST:    83 ON 23    GRTST 24HR  1.73 ON  9- 9      TO 1/4 MILE OR LESS
LOWEST:     37 ON  7                               3 = THUNDER
                        SNOW, ICE PELLETS, HAIL    4 = ICE PELLETS
                        TOTAL MONTH:   0.0 INCH    5 = HAIL
                        GRTST 24HR     0.0         6 = FREEZING RAIN OR DRIZZLE
                        GRTST DEPTH:   0           7 = DUSTSTORM OR SANDSTORM:
                                                       VSBY 1/2 MILE OR LESS
                                                   8 = SMOKE OR HAZE
[NO. OF DAYS WITH]      [WEATHER - DAYS WITH]      9 = BLOWING SNOW
                                                   X = TORNADO
MAX 32 OR BELOW:   0    0.01 INCH OR MORE:  19
MAX 90 OR ABOVE:   0    0.10 INCH OR MORE:  12
MIN 32 OR BELOW:   0    0.50 INCH OR MORE:   8
MIN  0 OR BELOW:   0    1.00 INCH OR MORE:   3

[HDD (BASE 65) ]
TOTAL THIS MO.   113    CLEAR  (SCALE 0-3)  14
DPTR FM NORMAL    28    PTCLDY (SCALE 4-7)  10
TOTAL FM JUL 1  8018    CLOUDY (SCALE 8-10)  6
DPTR FM NORMAL   306

[CDD (BASE 65) ]
TOTAL THIS MO.    34
DPTR FM NORMAL   -28    [PRESSURE DATA]
TOTAL FM JAN 1    70    HIGHEST SLP M ON M
DPTR FM NORMAL     0    LOWEST  SLP 29.56 ON  9

[REMARKS]
#FINAL-06-15#
