304
CXUS52 KMFL 171000
CF6PBI
PRELIMINARY LOCAL CLIMATOLOGICAL DATA (WS FORM: F-6)

                                          STATION:   WEST PALM BEACH
                                          MONTH:     OCTOBER
                                          YEAR:      2017
                                          LATITUDE:   26 40 N
                                          LONGITUDE:  80  7 W

  TEMPERATURE IN F:       :PCPN:    SNOW:  WIND      :SUNSHINE: SKY     :PK WND
================================================================================
1   2   3   4   5  6A  6B    7    8   9   10  11  12  13   14  15   16   17  18
                                     12Z  AVG MX 2MIN
DY MAX MIN AVG DEP HDD CDD  WTR  SNW DPTH SPD SPD DIR MIN PSBL S-S WX    SPD DR
================================================================================

 1  88  79  84   3   0  19 0.07  0.0    0 11.2 20  90   M    M   6        26  80
 2  88  77  83   2   0  18 0.02  0.0    0 18.5 25  90   M    M   7        31  90
 3  86  77  82   2   0  17 0.34  0.0    0 21.0 32  90   M    M   7 138    43 100
 4  87  75  81   1   0  16 0.27  0.0    0 19.5 30  80   M    M   7 1      40  70
 5  84  73  79  -1   0  14 2.99  0.0    0 12.4 30 110   M    M   8 123    48  90
 6  88  79  84   4   0  19 0.00  0.0    0 10.4 18 140   M    M   7 3      23 140
 7  88  81  85   5   0  20 0.00  0.0    0 12.7 20 130   M    M   7 3      24 130
 8  88  80  84   4   0  19 0.00  0.0    0  9.1 16 120   M    M   5        20 130
 9  88  77  83   3   0  18 0.40  0.0    0 10.0 21  90   M    M   6 1      24 100
10  88  79  84   4   0  19    T  0.0    0 13.8 21  80   M    M   5        26 110
11  87  80  84   5   0  19    T  0.0    0 13.5 21  60   M    M   4        27  40
12  86  77  82   3   0  17 0.27  0.0    0 13.4 24  80   M    M   5 13     29  80
13  87  78  83   4   0  18 0.05  0.0    0 10.9 17  80   M    M   4        21  70
14  87  78  83   4   0  18 0.35  0.0    0 11.1 20  70   M    M   6 13     24  70
15  87  75  81   2   0  16 0.00  0.0    0  5.7 13 120   M    M   5        16 100
16  86  75  81   3   0  16 0.75  0.0    0  4.4 14 330   M    M   5 13     20 130
================================================================================
SM 1393 1240         0 283  5.51     0.0 197.6          M       94
================================================================================
AV 87.1 77.5                              12.3 FASTST   M    M   6    MAX(MPH)
                                 MISC ---->  # 32  90               # 48   90
================================================================================
NOTES:
# LAST OF SEVERAL OCCURRENCES

COLUMN 17 PEAK WIND IN M.P.H.

PRELIMINARY LOCAL CLIMATOLOGICAL DATA (WS FORM: F-6) , PAGE 2

                                          STATION:  WEST PALM BEACH
                                          MONTH:    OCTOBER
                                          YEAR:     2017
                                          LATITUDE:   26 40 N
                                          LONGITUDE:  80  7 W

[TEMPERATURE DATA]      [PRECIPITATION DATA]       SYMBOLS USED IN COLUMN 16

AVERAGE MONTHLY: 82.3   TOTAL FOR MONTH:   5.51    1 = FOG OR MIST
DPTR FM NORMAL:   2.6   DPTR FM NORMAL:    2.61    2 = FOG REDUCING VISIBILITY
HIGHEST:    88 ON 10, 9 GRTST 24HR  2.99 ON  5- 5      TO 1/4 MILE OR LESS
LOWEST:     73 ON  5                               3 = THUNDER
                        SNOW, ICE PELLETS, HAIL    4 = ICE PELLETS
                        TOTAL MONTH:   0.0 INCH    5 = HAIL
                        GRTST 24HR     0.0         6 = FREEZING RAIN OR DRIZZLE
                        GRTST DEPTH:   0           7 = DUSTSTORM OR SANDSTORM:
                                                       VSBY 1/2 MILE OR LESS
                                                   8 = SMOKE OR HAZE
[NO. OF DAYS WITH]      [WEATHER - DAYS WITH]      9 = BLOWING SNOW
                                                   X = TORNADO
MAX 32 OR BELOW:   0    0.01 INCH OR MORE:  10
MAX 90 OR ABOVE:   0    0.10 INCH OR MORE:   7
MIN 32 OR BELOW:   0    0.50 INCH OR MORE:   2
MIN  0 OR BELOW:   0    1.00 INCH OR MORE:   1

[HDD (BASE 65) ]
TOTAL THIS MO.     0    CLEAR  (SCALE 0-3)   0
DPTR FM NORMAL     0    PTCLDY (SCALE 4-7)  16
TOTAL FM JUL 1     0    CLOUDY (SCALE 8-10)  0
DPTR FM NORMAL     0

[CDD (BASE 65) ]
TOTAL THIS MO.   283
DPTR FM NORMAL    49    [PRESSURE DATA]
TOTAL FM JAN 1  3902    HIGHEST SLP M ON M
DPTR FM NORMAL   460    LOWEST  SLP 29.83 ON  5

[REMARKS]
