000
CXUS53 KARX 160930
CF6PDC
PRELIMINARY LOCAL CLIMATOLOGICAL DATA (WS FORM: F-6)

                                          STATION:   PRAIRIE_DU_CHIEN_MUN
                                          MONTH:     DECEMBER
                                          YEAR:      2017
                                          LATITUDE:   43  1 N
                                          LONGITUDE:  91  7 W

  TEMPERATURE IN F:       :PCPN:    SNOW:  WIND      :SUNSHINE: SKY     :PK WND
================================================================================
1   2   3   4   5  6A  6B    7    8   9   10  11  12  13   14  15   16   17  18
                                     12Z  AVG MX 2MIN
DY MAX MIN AVG DEP HDD CDD  WTR  SNW DPTH SPD SPD DIR MIN PSBL S-S WX    SPD DR
================================================================================

 1  54  23  39   M  26   0 0.00  0.0    0  3.4 12 180   M    M   2        16 180
 2  50  26  38   M  27   0 0.00  0.0    0  0.4  4 200   M    M   1         M  M
 3  56  24  40   M  25   0 0.00  0.0    0  4.2  9 130   M    M   2        16 130
 4  63  35  49   M  16   0 0.30  0.0    0 12.0 24 240   M    M  10        31 240
 5  35  23  29   M  36   0 0.00  0.0    0 18.6 29 270   M    M   3        45 270
 6  32  19  26   M  39   0    T    T    0 14.4 23 280   M    M   3 8      31 280
 7  24  16  20   M  45   0    T    T    T  8.7 15 280   M    M   2        20 310
 8  37  18  28   M  37   0    M    M    0  5.9 12 270   M    M   6         M  M
 9  31  20  26   M  39   0    M    M    M 10.5 16 300   M    M   7        27 330
10  32  21  27   M  38   0 0.00  0.0    M  4.5  9 300   M    M   6         M  M
11  34  22  28   M  37   0    M    M    M  7.6 20 310   M    M   8 1      28 320
12  29  13  21   M  44   0 0.00  0.0    M  7.1 14 300   M    M   5        22 310
13  38  20  29   M  36   0 0.00  0.0    M 11.8 30 290   M    M   6        37 290
14  28  11  20   M  45   0 0.00  0.0    M  3.7 17 300   M    M   5        27 300
15  37  24  31   M  34   0    M    M    M  4.7 13 270   M    M  10        18 270
================================================================================
SM  580  315       524   0  0.30    T    117.5          M       76
================================================================================
AV 38.7 21.0                               7.8 FASTST   M    M   5    MAX(MPH)
                                 MISC ---->  # 30 290               # 45  270
================================================================================
NOTES:
# LAST OF SEVERAL OCCURRENCES

COLUMN 17 PEAK WIND IN M.P.H.

PRELIMINARY LOCAL CLIMATOLOGICAL DATA (WS FORM: F-6) , PAGE 2

                                          STATION:  PRAIRIE_DU_CHIEN_MUN
                                          MONTH:    DECEMBER
                                          YEAR:     2017
                                          LATITUDE:   43  1 N
                                          LONGITUDE:  91  7 W

[TEMPERATURE DATA]      [PRECIPITATION DATA]       SYMBOLS USED IN COLUMN 16

AVERAGE MONTHLY: 29.8   TOTAL FOR MONTH:   0.30    1 = FOG OR MIST
DPTR FM NORMAL:     M   DPTR FM NORMAL:       M    2 = FOG REDUCING VISIBILITY
HIGHEST:    63 ON  4    GRTST 24HR  0.30 ON  4- 4      TO 1/4 MILE OR LESS
LOWEST:     11 ON 14                               3 = THUNDER
                        SNOW, ICE PELLETS, HAIL    4 = ICE PELLETS
                        TOTAL MONTH:    T          5 = HAIL
                        GRTST 24HR    T  ON  7- 7  6 = FREEZING RAIN OR DRIZZLE
                        GRTST DEPTH:   T           7 = DUSTSTORM OR SANDSTORM:
                                                       VSBY 1/2 MILE OR LESS
                                                   8 = SMOKE OR HAZE
[NO. OF DAYS WITH]      [WEATHER - DAYS WITH]      9 = BLOWING SNOW
                                                   X = TORNADO
MAX 32 OR BELOW:   6    0.01 INCH OR MORE:   1
MAX 90 OR ABOVE:   0    0.10 INCH OR MORE:   1
MIN 32 OR BELOW:  14    0.50 INCH OR MORE:   0
MIN  0 OR BELOW:   0    1.00 INCH OR MORE:   0

[HDD (BASE 65) ]
TOTAL THIS MO.   524    CLEAR  (SCALE 0-3)   6
DPTR FM NORMAL     M    PTCLDY (SCALE 4-7)   6
TOTAL FM JUL 1  1807    CLOUDY (SCALE 8-10)  3
DPTR FM NORMAL     M

[CDD (BASE 65) ]
TOTAL THIS MO.     0
DPTR FM NORMAL     M    [PRESSURE DATA]
TOTAL FM JAN 1   683    HIGHEST SLP M ON M
DPTR FM NORMAL     M    LOWEST  SLP M ON M

[REMARKS]
