000
CXUS52 KFFC 281110
CF6PDK
PRELIMINARY LOCAL CLIMATOLOGICAL DATA (WS FORM: F-6)

                                          STATION:   DEKALB PEACHTREE AIRPORT
                                          MONTH:     JULY
                                          YEAR:      2015
                                          LATITUDE:   33 52 N
                                          LONGITUDE:  84 18 W

  TEMPERATURE IN F:       :PCPN:    SNOW:  WIND      :SUNSHINE: SKY     :PK WND
================================================================================
1   2   3   4   5  6A  6B    7    8   9   10  11  12  13   14  15   16   17  18
                                     12Z  AVG MX 2MIN
DY MAX MIN AVG DEP HDD CDD  WTR  SNW DPTH SPD SPD DIR MIN PSBL S-S WX    SPD DR
================================================================================

 1  86  67  77  -2   0  12 0.07  0.0    M  6.9 28 290   M    M   4 138    35 280
 2  88  67  78  -1   0  13 0.02  0.0    M  8.2 24 350   M    M   3 18     29 250
 3  82  70  76  -3   0  11 0.25  0.0    M  9.6 20 320   M    M   4 138    28 230
 4  86  68  77  -2   0  12 0.44  0.0    M  7.4 20 240   M    M   3 18     26 230
 5  85  68  77  -3   0  12 0.01  0.0    M  8.8 17 260   M    M   4 18     25 230
 6  87  71  79  -1   0  14 0.22  0.0    M  4.6 15 270   M    M   5 18     19 270
 7  90  68  79  -1   0  14 0.00  0.0    M  5.5 14 230   M    M   1 18     19 260
 8  92  71  82   2   0  17 0.00    M    M  5.3 15 200   M    M   1 18     17 200
 9  94  71  83   3   0  18 0.00  0.0    0  5.5 15 290   M    M   1 18     21 280
10  96  72  84   4   0  19 0.50  0.0    0  4.9 26 280   M    M   1 138    31 280
11  94  72  83   3   0  18 0.00    M    M  5.5 17 360   M    M   0        25 230
12  94  70  82   2   0  17 0.39    M    M  4.7 22 350   M    M   1 1      31 350
13  94  71  83   3   0  18 0.01    M    M  5.4 15 280   M    M   1 1      18 280
14  93  70  82   2   0  17 0.48    M    M  9.2 26  10   M    M   3 13     42 310
15  90  70  80   0   0  15 0.00    M    M  8.9 17 340   M    M   1        24 280
16  91  70  81   1   0  16 0.00    M    M  2.7 10 330   M    M   2        13 330
17  95  70  83   3   0  18 0.00    M    M  2.9  9 350   M    M   1        12  20
18  96  73  85   5   0  20 0.00    M    M  3.0 20 240   M    M   2 13     24 250
19  95  72  84   4   0  19    T    M    M  5.6 22 250   M    M   1 3      30 270
20  96  74  85   5   0  20 0.22    M    M  4.5 25 340   M    M   2 13     32 350
21  94  75  85   5   0  20 0.00    M    M  7.6 22 340   M    M   2 3      30 330
22  95  73  84   4   0  19 0.12    M    M  3.9 23 290   M    M   2 13     32 280
23  89  72  81   1   0  16 0.03    M    M  6.8 20 290   M    M   2 13     28 280
24  93  75  84   4   0  19 0.00    M    M  6.7 15 320   M    M   4 18     20 320
25  91  74  83   3   0  18 0.00    M    M  3.3 12 170   M    M   3        15 150
26  93  73  83   3   0  18 0.00    M    M  2.2  9 180   M    M   4        12 180
27  96  72  84   4   0  19 0.02    M    M  2.2 14 190   M    M   2 13     18 110
================================================================================
SM 2475 1919         0 449  2.78     0.0 151.8          M       60
================================================================================
AV 91.7 71.1                               5.6 FASTST   M    M   2    MAX(MPH)
                                 MISC ---->  # 28 290               # 42  310
================================================================================
NOTES:
# LAST OF SEVERAL OCCURRENCES

COLUMN 17 PEAK WIND IN M.P.H.

PRELIMINARY LOCAL CLIMATOLOGICAL DATA (WS FORM: F-6) , PAGE 2

                                          STATION:  DEKALB PEACHTREE AIRPORT
                                          MONTH:    JULY
                                          YEAR:     2015
                                          LATITUDE:   33 52 N
                                          LONGITUDE:  84 18 W

[TEMPERATURE DATA]      [PRECIPITATION DATA]       SYMBOLS USED IN COLUMN 16

AVERAGE MONTHLY: 81.4   TOTAL FOR MONTH:   2.78    1 = FOG OR MIST
DPTR FM NORMAL:   1.5   DPTR FM NORMAL:   -1.71    2 = FOG REDUCING VISIBILITY
HIGHEST:    96 ON 27,20 GRTST 24HR  0.50 ON 10-10      TO 1/4 MILE OR LESS
LOWEST:     67 ON  2, 1                            3 = THUNDER
                        SNOW, ICE PELLETS, HAIL    4 = ICE PELLETS
                        TOTAL MONTH:   0.0 INCH    5 = HAIL
                        GRTST 24HR     0.0         6 = FREEZING RAIN OR DRIZZLE
                        GRTST DEPTH:   0           7 = DUSTSTORM OR SANDSTORM:
                                                       VSBY 1/2 MILE OR LESS
                                                   8 = SMOKE OR HAZE
[NO. OF DAYS WITH]      [WEATHER - DAYS WITH]      9 = BLOWING SNOW
                                                   X = TORNADO
MAX 32 OR BELOW:   0    0.01 INCH OR MORE:  14
MAX 90 OR ABOVE:  20    0.10 INCH OR MORE:   8
MIN 32 OR BELOW:   0    0.50 INCH OR MORE:   1
MIN  0 OR BELOW:   0    1.00 INCH OR MORE:   0

[HDD (BASE 65) ]
TOTAL THIS MO.     0    CLEAR  (SCALE 0-3)  18
DPTR FM NORMAL     0    PTCLDY (SCALE 4-7)   9
TOTAL FM JUL 1     0    CLOUDY (SCALE 8-10)  0
DPTR FM NORMAL     0

[CDD (BASE 65) ]
TOTAL THIS MO.   449
DPTR FM NORMAL    49    [PRESSURE DATA]
TOTAL FM JAN 1  1160    HIGHEST SLP M ON M
DPTR FM NORMAL   196    LOWEST  SLP 29.75 ON 14

[REMARKS]
