000
CXUS56 KPQR 281200
CF6PDX
PRELIMINARY LOCAL CLIMATOLOGICAL DATA (WS FORM: F-6)

                                          STATION:   PORTLAND OR
                                          MONTH:     MARCH
                                          YEAR:      2015
                                          LATITUDE:   45 35 N
                                          LONGITUDE: 122 36 W

  TEMPERATURE IN F:       :PCPN:    SNOW:  WIND      :SUNSHINE: SKY     :PK WND
================================================================================
1   2   3   4   5  6A  6B    7    8   9   10  11  12  13   14  15   16   17  18
                                     12Z  AVG MX 2MIN
DY MAX MIN AVG DEP HDD CDD  WTR  SNW DPTH SPD SPD DIR MIN PSBL S-S WX    SPD DR
================================================================================

 1  57  30  44  -2  21   0 0.00  0.0    0  3.1  9 110   M    M   5        12 360
 2  56  41  49   3  16   0    T    M    0  7.4 20 320   M    M   6        26 310
 3  56  31  44  -2  21   0 0.00  0.0    0  4.0 13 280   M    M   2        15 280
 4  60  30  45  -1  20   0 0.00  0.0    0  2.3  8 280   M    M   1        10 270
 5  61  32  47   1  18   0 0.00  0.0    0  0.8  6 100   M    M   5         7 310
 6  65  35  50   4  15   0 0.00  0.0    0  2.0  8 300   M    M   5         9 280
 7  68  34  51   4  14   0 0.00  0.0    0  3.3 12 320   M    M   2 1      15 310
 8  69  36  53   6  12   0 0.00  0.0    0  1.7  7 110   M    M   2 1       8 310
 9  69  38  54   7  11   0 0.00  0.0    0  3.1  8 310   M    M   1        11 300
10  65  37  51   4  14   0 0.00  0.0    0  3.8 12 140   M    M   7 1      14 140
11  59  50  55   8  10   0 0.12  0.0    0  8.3 17 180   M    M  10 1      21 170
12  69  49  59  11   6   0 0.00  0.0    0  3.3 12 150   M    M   6        15 190
13  69  46  58  10   7   0 0.02    M    0  6.6 15 120   M    M   9        19 140
14  58  52  55   7  10   0 1.44  0.0    0  8.2 23 180   M    M  10 1      37 210
15  63  46  55   7  10   0 0.94    M    0 15.0 41 190   M    M   9 1      58 190
16  66  37  52   4  13   0 0.00  0.0    0  5.4 15 100   M    M   4 12     18 100
17  58  43  51   3  14   0 0.09    M    0  3.4 13 230   M    M   8 1      20 220
18  64  46  55   6  10   0 0.00  0.0    0  2.8  8 100   M    M   7 1      10 120
19  64  42  53   4  12   0 0.00  0.0    0  5.6 12 100   M    M   5        13  90
20  67  46  57   8   8   0 0.23    M    0  9.1 20 170   M    M   9 1      27 200
21  61  47  54   5  11   0 0.09    M    0  9.2 22 190   M    M   7 1      27 190
22  56  45  51   2  14   0 0.09    M    0  6.4 21 180   M    M   9 3      33 190
23  55  45  50   1  15   0 1.00    M    0 12.0 26 230   M    M   9 1      34 220
24  57  44  51   2  14   0 0.23    M    0  7.4 28 310   M    M   9 1      37 310
25  60  47  54   4  11   0 0.26    M    0  7.6 15 190   M    M   9 12     19 180
26  73  45  59   9   6   0 0.00  0.0    0  2.5  8 280   M    M   5 12     10 280
27  71  44  58   8   7   0    T    M    0  7.3 22 270   M    M   6 1      28 260
================================================================================
SM 1696 1118       340   0  4.51     0.0 151.6          M      167
================================================================================
AV 62.8 41.4                               5.6 FASTST   M    M   6    MAX(MPH)
                                 MISC ---->  # 41 190               # 58  190
================================================================================
NOTES:
# LAST OF SEVERAL OCCURRENCES

COLUMN 17 PEAK WIND IN M.P.H.

PRELIMINARY LOCAL CLIMATOLOGICAL DATA (WS FORM: F-6) , PAGE 2

                                          STATION:  PORTLAND OR
                                          MONTH:    MARCH
                                          YEAR:     2015
                                          LATITUDE:   45 35 N
                                          LONGITUDE: 122 36 W

[TEMPERATURE DATA]      [PRECIPITATION DATA]       SYMBOLS USED IN COLUMN 16

AVERAGE MONTHLY: 52.1   TOTAL FOR MONTH:   4.51    1 = FOG OR MIST
DPTR FM NORMAL:   4.3   DPTR FM NORMAL:    1.25    2 = FOG REDUCING VISIBILITY
HIGHEST:    73 ON 26    GRTST 24HR  1.44 ON 14-14      TO 1/4 MILE OR LESS
LOWEST:     30 ON  4, 1                            3 = THUNDER
                        SNOW, ICE PELLETS, HAIL    4 = ICE PELLETS
                        TOTAL MONTH:   0.0 INCH    5 = HAIL
                        GRTST 24HR     0.0         6 = FREEZING RAIN OR DRIZZLE
                        GRTST DEPTH:   0           7 = DUSTSTORM OR SANDSTORM:
                                                       VSBY 1/2 MILE OR LESS
                                                   8 = SMOKE OR HAZE
[NO. OF DAYS WITH]      [WEATHER - DAYS WITH]      9 = BLOWING SNOW
                                                   X = TORNADO
MAX 32 OR BELOW:   0    0.01 INCH OR MORE:  11
MAX 90 OR ABOVE:   0    0.10 INCH OR MORE:   7
MIN 32 OR BELOW:   4    0.50 INCH OR MORE:   3
MIN  0 OR BELOW:   0    1.00 INCH OR MORE:   2

[HDD (BASE 65) ]
TOTAL THIS MO.   340    CLEAR  (SCALE 0-3)   5
DPTR FM NORMAL  -122    PTCLDY (SCALE 4-7)  13
TOTAL FM JUL 1  2812    CLOUDY (SCALE 8-10)  9
DPTR FM NORMAL  -708

[CDD (BASE 65) ]
TOTAL THIS MO.     0
DPTR FM NORMAL     0    [PRESSURE DATA]
TOTAL FM JAN 1     0    HIGHEST SLP M ON M
DPTR FM NORMAL     0    LOWEST  SLP 29.66 ON 15

[REMARKS]
