000
CXUS56 KFGZ 230900
CF6PGA
PRELIMINARY LOCAL CLIMATOLOGICAL DATA (WS FORM: F-6)

                                          STATION:   PAGE AZ AIRPORT
                                          MONTH:     JULY
                                          YEAR:      2016
                                          LATITUDE:   36 55 N
                                          LONGITUDE: 111 27 W

  TEMPERATURE IN F:       :PCPN:    SNOW:  WIND      :SUNSHINE: SKY     :PK WND
================================================================================
1   2   3   4   5  6A  6B    7    8   9   10  11  12  13   14  15   16   17  18
                                     12Z  AVG MX 2MIN
DY MAX MIN AVG DEP HDD CDD  WTR  SNW DPTH SPD SPD DIR MIN PSBL S-S WX    SPD DR
================================================================================

 1  87  66  77  -5   0  12 0.09    M    M  4.9 17 360   M    M   5 1      25 270
 2  92  65  79  -3   0  14    T    M    M  4.6 13 330   M    M   1        20 280
 3  97  71  84   1   0  19    T    M    M  5.1 17 340   M    M   1        26 340
 4  98  69  84   1   0  19 0.00    M    M  4.5 14 280   M    M   0        21 240
 5 100  74  87   4   0  22 0.00    M    M  7.5 18 210   M    M   0        31 190
 6 100  73  87   4   0  22 0.00    M    M  8.1 16 210   M    M   0        26 210
 7  99  75  87   4   0  22 0.00    M    M  5.4 13 310   M    M   0        21 270
 8 101  71  86   3   0  21 0.00    M    M  5.0 14 180   M    M   0 8      23 230
 9 100  76  88   5   0  23 0.00    M    M  6.2 15 210   M    M   0        24 210
10 100  73  87   3   0  22 0.00    M    M  8.2 22 200   M    M   0        34 210
11  98  72  85   1   0  20 0.00    M    M  5.6 15 310   M    M   0        21 300
12 100  69  85   1   0  20 0.00    M    M  4.7 12 360   M    M   0        17 230
13 101  72  87   3   0  22 0.00    M    M  4.3 14 350   M    M   0        18 160
14 102  71  87   3   0  22 0.00    M    M  4.7 14  20   M    M   0        22 290
15 105  74  90   6   0  25 0.00    M    M  5.1 15 210   M    M   0        24 210
16 101  75  88   4   0  23 0.00    M    M  6.1 20 290   M    M   0        31 310
17  99  77  88   4   0  23    T    M    M  7.7 25 180   M    M   0        34 170
18  93  77  85   1   0  20    T    M    M  5.4 16 270   M    M   5        24 280
19  95  72  84   0   0  19    T    M    M  6.5 24 160   M    M   3        30 160
20  97  75  86   2   0  21 0.00    M    M  8.9 33 150   M    M   1        41 140
21  98  73  86   2   0  21 0.00    M    M  4.3 13  20   M    M   0        19  20
22 103  79  91   7   0  26 0.00    M    M  7.4 30  10   M    M   0        38 360
================================================================================
SM 2166 1599         0 458  0.09    M    130.2          M       16
================================================================================
AV 98.5 72.7                               5.9 FASTST   M    M   1    MAX(MPH)
                                 MISC ---->  # 33 150               # 41  140
================================================================================
NOTES:
# LAST OF SEVERAL OCCURRENCES

COLUMN 17 PEAK WIND IN M.P.H.

PRELIMINARY LOCAL CLIMATOLOGICAL DATA (WS FORM: F-6) , PAGE 2

                                          STATION:  PAGE AZ AIRPORT
                                          MONTH:    JULY
                                          YEAR:     2016
                                          LATITUDE:   36 55 N
                                          LONGITUDE: 111 27 W

[TEMPERATURE DATA]      [PRECIPITATION DATA]       SYMBOLS USED IN COLUMN 16

AVERAGE MONTHLY: 85.6   TOTAL FOR MONTH:   0.09    1 = FOG OR MIST
DPTR FM NORMAL:   2.1   DPTR FM NORMAL:   -0.25    2 = FOG REDUCING VISIBILITY
HIGHEST:   105 ON 15    GRTST 24HR  0.09 ON  1- 1      TO 1/4 MILE OR LESS
LOWEST:     65 ON  2                               3 = THUNDER
                        SNOW, ICE PELLETS, HAIL    4 = ICE PELLETS
                        TOTAL MONTH:    M          5 = HAIL
                        GRTST 24HR    M  ON   M    6 = FREEZING RAIN OR DRIZZLE
                        GRTST DEPTH:  M  ON   M    7 = DUSTSTORM OR SANDSTORM:
                                                       VSBY 1/2 MILE OR LESS
                                                   8 = SMOKE OR HAZE
[NO. OF DAYS WITH]      [WEATHER - DAYS WITH]      9 = BLOWING SNOW
                                                   X = TORNADO
MAX 32 OR BELOW:   0    0.01 INCH OR MORE:   1
MAX 90 OR ABOVE:  21    0.10 INCH OR MORE:   0
MIN 32 OR BELOW:   0    0.50 INCH OR MORE:   0
MIN  0 OR BELOW:   0    1.00 INCH OR MORE:   0

[HDD (BASE 65) ]
TOTAL THIS MO.     0    CLEAR  (SCALE 0-3)  20
DPTR FM NORMAL     0    PTCLDY (SCALE 4-7)   2
TOTAL FM JUL 1     0    CLOUDY (SCALE 8-10)  0
DPTR FM NORMAL     0

[CDD (BASE 65) ]
TOTAL THIS MO.   458
DPTR FM NORMAL    52    [PRESSURE DATA]
TOTAL FM JAN 1  1176    HIGHEST SLP M ON M
DPTR FM NORMAL   216    LOWEST  SLP 29.75 ON M

[REMARKS]
