000
CXUS51 KPBZ 300804
CF6PHD
PRELIMINARY LOCAL CLIMATOLOGICAL DATA (WS FORM: F-6)

                                          STATION:   NEW PHILADELPHIA OH
                                          MONTH:     AUGUST
                                          YEAR:      2015
                                          LATITUDE:   40 28 N
                                          LONGITUDE:  81 25 W

  TEMPERATURE IN F:       :PCPN:    SNOW:  WIND      :SUNSHINE: SKY     :PK WND
================================================================================
1   2   3   4   5  6A  6B    7    8   9   10  11  12  13   14  15   16   17  18
                                     12Z  AVG MX 2MIN
DY MAX MIN AVG DEP HDD CDD  WTR  SNW DPTH SPD SPD DIR MIN PSBL S-S WX    SPD DR
================================================================================

 1  81  57  69  -3   0   4    T    M    M  3.4 13 260   M    M   2 1      16 270
 2  84  58  71  -1   0   6 0.01    M    M  5.2 13 220   M    M   3        19 250
 3  82  63  73   1   0   8    T    M    M  6.3 15 260   M    M   3 3      22 260
 4  82  55  69  -3   0   4    T    M    M  2.2 13 250   M    M   1 8      17 260
 5  80  54  67  -5   0   2 0.00    M    M  3.2 12 340   M    M   2 12     15 330
 6  72  56  64  -8   1   0 0.00    M    M  2.3 10  40   M    M   1        12  50
 7  83  53  68  -4   0   3 0.00    M    M  2.6 12  50   M    M   1 1      17  40
 8  84  57  71  -1   0   6 0.00    M    M  1.6  8  30   M    M   2 12     11 280
 9  85  60  73   1   0   8 0.00    M    M  0.7  6 280   M    M   5 12      9  40
10  82  64  73   1   0   8    T    M    M  2.6 12 180   M    M   5 12     16 180
11  83  61  72   0   0   7 0.00    M    M  6.7 16 320   M    M   6 1      23 310
12  80  54  67  -5   0   2 0.00    M    M  4.3 15 340   M    M   4 1      21 360
13  80  51  66  -6   0   1 0.00    M    M  2.8  9 260   M    M   3 12     16 250
14  86  56  71  -1   0   6 0.00    M    M  2.5  9 220   M    M   0        17 210
15  87  61  74   2   0   9 0.00    M    M  2.2  9 340   M    M   1 18     13 210
16  89  60  75   3   0  10 0.00    M    M  2.5  9 270   M    M   2 12     14 280
17  90  62  76   4   0  11 0.00    M    M  2.3  8 190   M    M   2 1       M  M
18  83  65  74   3   0   9 0.01    M    M  3.8 12 140   M    M   5 1      15 140
19  90  63  77   6   0  12 0.00    M    M  5.4 13 170   M    M   3 1      18 210
20  80  55  68  -3   0   3 0.11    M    M  5.5 15 250   M    M   6 1      26 250
21  80  53  67  -4   0   2 0.00    M    M  1.3  9 240   M    M   2 12     13 300
22  82  50  66  -5   0   1 0.00    M    M  2.3 13  40   M    M   0        18  30
23  85  51  68  -3   0   3    T    M    M  2.5 10 130   M    M   0 1      14 230
24  79  53  66  -5   0   1    T    M    M  5.0 17 340   M    M   4        22 340
25  69  49  59 -11   6   0 0.00    M    M  3.0 12 290   M    M   8        17 270
26  71  46  59 -11   6   0 0.00    M    M  2.6  8 310   M    M   7 12     12 320
27  76  54  65  -5   0   0 0.00    M    M  1.6  9 330   M    M   8 1      12 340
28  81  49  65  -5   0   0 0.00    M    M  1.4  8 240   M    M   0 1      11 240
29  88  48  68  -2   0   3 0.00    M    M  2.1 10 260   M    M   2 123    17 190
================================================================================
SM 2374 1618        13 129  0.13    M     89.9          M       88
================================================================================
AV 81.9 55.8                               3.1 FASTST   M    M   3    MAX(MPH)
                                 MISC ---->  # 17 340               # 26  250
================================================================================
NOTES:
# LAST OF SEVERAL OCCURRENCES

COLUMN 17 PEAK WIND IN M.P.H.

PRELIMINARY LOCAL CLIMATOLOGICAL DATA (WS FORM: F-6) , PAGE 2

                                          STATION:  NEW PHILADELPHIA OH
                                          MONTH:    AUGUST
                                          YEAR:     2015
                                          LATITUDE:   40 28 N
                                          LONGITUDE:  81 25 W

[TEMPERATURE DATA]      [PRECIPITATION DATA]       SYMBOLS USED IN COLUMN 16

AVERAGE MONTHLY: 68.8   TOTAL FOR MONTH:   0.13    1 = FOG OR MIST
DPTR FM NORMAL:  -2.6   DPTR FM NORMAL:   -3.20    2 = FOG REDUCING VISIBILITY
HIGHEST:    90 ON 19,17 GRTST 24HR  0.11 ON 20-20      TO 1/4 MILE OR LESS
LOWEST:     46 ON 26                               3 = THUNDER
                        SNOW, ICE PELLETS, HAIL    4 = ICE PELLETS
                        TOTAL MONTH:    M          5 = HAIL
                        GRTST 24HR    M  ON   M    6 = FREEZING RAIN OR DRIZZLE
                        GRTST DEPTH:  M  ON   M    7 = DUSTSTORM OR SANDSTORM:
                                                       VSBY 1/2 MILE OR LESS
                                                   8 = SMOKE OR HAZE
[NO. OF DAYS WITH]      [WEATHER - DAYS WITH]      9 = BLOWING SNOW
                                                   X = TORNADO
MAX 32 OR BELOW:   0    0.01 INCH OR MORE:   3
MAX 90 OR ABOVE:   2    0.10 INCH OR MORE:   1
MIN 32 OR BELOW:   0    0.50 INCH OR MORE:   0
MIN  0 OR BELOW:   0    1.00 INCH OR MORE:   0

[HDD (BASE 65) ]
TOTAL THIS MO.    13    CLEAR  (SCALE 0-3)  18
DPTR FM NORMAL    13    PTCLDY (SCALE 4-7)  10
TOTAL FM JUL 1    13    CLOUDY (SCALE 8-10)  1
DPTR FM NORMAL    10

[CDD (BASE 65) ]
TOTAL THIS MO.   129
DPTR FM NORMAL   -61    [PRESSURE DATA]
TOTAL FM JAN 1   696    HIGHEST SLP M ON M
DPTR FM NORMAL    86    LOWEST  SLP 29.74 ON 10

[REMARKS]
