000
CXUS55 KPSR 301005
CF6PHX
PRELIMINARY LOCAL CLIMATOLOGICAL DATA (WS FORM: F-6)

                                          STATION:   PHOENIX AZ
                                          MONTH:     JANUARY
                                          YEAR:      2015
                                          LATITUDE:   33 25 N
                                          LONGITUDE: 112  1 W

  TEMPERATURE IN F:       :PCPN:    SNOW:  WIND      :SUNSHINE: SKY     :PK WND
================================================================================
1   2   3   4   5  6A  6B    7    8   9   10  11  12  13   14  15   16   17  18
                                     12Z  AVG MX 2MIN
DY MAX MIN AVG DEP HDD CDD  WTR  SNW DPTH SPD SPD DIR MIN PSBL S-S WX    SPD DR
================================================================================

 1  46  35  41 -14  24   0 0.00  0.0    0  3.8  9 270   M    M   6        11 340
 2  54  31  43 -12  22   0 0.00  0.0    0  4.7 10  90   M    M   1        13 250
 3  54  34  44 -11  21   0 0.00  0.0    0  4.2  9 100   M    M   0        11 330
 4  65  35  50  -5  15   0 0.00  0.0    0  2.9  8 330   M    M   2        12  70
 5  74  40  57   2   8   0 0.00  0.0    0  2.7 14  70   M    M   3        18  70
 6  79  44  62   7   3   0 0.00  0.0    0  3.8 13  70   M    M   1        16  70
 7  81  47  64   8   1   0 0.00  0.0    0  4.3 10  70   M    M   4        13  60
 8  71  54  63   7   2   0 0.00  0.0    0  9.1 20  90   M    M   7        23  80
 9  75  51  63   7   2   0 0.00  0.0    0  6.9 17  80   M    M   2        20  90
10  65  54  60   4   5   0    T  0.0    0  4.6 12 110   M    M   7        14 100
11  72  54  63   7   2   0 0.01  0.0    0  5.7 13  80   M    M   8        20  70
12  67  56  62   6   3   0 0.02  0.0    0  2.6 10 260   M    M   8 1      13 260
13  63  51  57   1   8   0 0.11  0.0    0  3.6 23 320   M    M   7 1      26 330
14  67  46  57   1   8   0 0.00  0.0    0  3.3 10 290   M    M   2        12 280
15  72  47  60   4   5   0 0.00  0.0    0  6.3 16  70   M    M   1        20  50
16  74  49  62   6   3   0 0.00  0.0    0  4.8 15  80   M    M   2        18  80
17  73  47  60   4   5   0 0.00  0.0    0  4.8 13 120   M    M   1        16 110
18  75  48  62   5   3   0 0.00  0.0    0  3.4  9  80   M    M   3        11  80
19  75  50  63   6   2   0 0.00  0.0    0  3.8 10 140   M    M   4        13 130
20  75  48  62   5   3   0 0.00  0.0    0  3.0  9 110   M    M   5        11 120
21  74  53  64   7   1   0 0.00  0.0    0  5.7 21  20   M    M   6        25  20
22  65  48  57   0   8   0 0.00  0.0    0 10.2 23  60   M    M   1        29  60
23  64  43  54  -3  11   0 0.00  0.0    0  4.6 10 130   M    M   5        14 330
24  77  50  64   7   1   0 0.00  0.0    0  9.1 24  60   M    M   3        28  60
25  78  48  63   6   2   0 0.00  0.0    0  3.7 16  80   M    M   5        19  70
26  71  53  62   5   3   0 0.01  0.0    0  3.4 12 240   M    M   8        15 340
27  74  53  64   7   1   0 0.00  0.0    0  3.1 10 110   M    M   6        13 110
28  75  52  64   6   1   0 0.00  0.0    0  4.6 12 300   M    M   6        23 330
29  71  58  65   7   0   0 0.24  0.0    0  2.8 12  40   M    M  10 1      13 190
================================================================================
SM 2026 1379       173   0  0.39     0.0 135.5          M      124
================================================================================
AV 69.9 47.6                               4.7 FASTST   M    M   4    MAX(MPH)
                                 MISC ---->  # 24  60               # 29   60
================================================================================
NOTES:
# LAST OF SEVERAL OCCURRENCES

COLUMN 17 PEAK WIND IN M.P.H.

PRELIMINARY LOCAL CLIMATOLOGICAL DATA (WS FORM: F-6) , PAGE 2

                                          STATION:  PHOENIX AZ
                                          MONTH:    JANUARY
                                          YEAR:     2015
                                          LATITUDE:   33 25 N
                                          LONGITUDE: 112  1 W

[TEMPERATURE DATA]      [PRECIPITATION DATA]       SYMBOLS USED IN COLUMN 16

AVERAGE MONTHLY: 58.7   TOTAL FOR MONTH:   0.39    1 = FOG OR MIST
DPTR FM NORMAL:   2.4   DPTR FM NORMAL:   -0.46    2 = FOG REDUCING VISIBILITY
HIGHEST:    81 ON  7    GRTST 24HR  0.24 ON 29-29      TO 1/4 MILE OR LESS
LOWEST:     31 ON  2                               3 = THUNDER
                        SNOW, ICE PELLETS, HAIL    4 = ICE PELLETS
                        TOTAL MONTH:   0.0 INCH    5 = HAIL
                        GRTST 24HR     0.0         6 = FREEZING RAIN OR DRIZZLE
                        GRTST DEPTH:   0           7 = DUSTSTORM OR SANDSTORM:
                                                       VSBY 1/2 MILE OR LESS
                                                   8 = SMOKE OR HAZE
[NO. OF DAYS WITH]      [WEATHER - DAYS WITH]      9 = BLOWING SNOW
                                                   X = TORNADO
MAX 32 OR BELOW:   0    0.01 INCH OR MORE:   5
MAX 90 OR ABOVE:   0    0.10 INCH OR MORE:   2
MIN 32 OR BELOW:   1    0.50 INCH OR MORE:   0
MIN  0 OR BELOW:   0    1.00 INCH OR MORE:   0

[HDD (BASE 65) ]
TOTAL THIS MO.   173    CLEAR  (SCALE 0-3)  12
DPTR FM NORMAL   -82    PTCLDY (SCALE 4-7)  15
TOTAL FM JUL 1   455    CLOUDY (SCALE 8-10)  2
DPTR FM NORMAL  -201

[CDD (BASE 65) ]
TOTAL THIS MO.     0
DPTR FM NORMAL     0    [PRESSURE DATA]
TOTAL FM JAN 1     0    HIGHEST SLP M ON M
DPTR FM NORMAL     0    LOWEST  SLP 29.77 ON 21

[REMARKS]
