624
CXUS53 KILX 250900
CF6PIA
PRELIMINARY LOCAL CLIMATOLOGICAL DATA (WS FORM: F-6)

                                          STATION:   PEORIA IL
                                          MONTH:     MAY
                                          YEAR:      2016
                                          LATITUDE:   40 40 N
                                          LONGITUDE:  89 41 W

  TEMPERATURE IN F:       :PCPN:    SNOW:  WIND      :SUNSHINE: SKY     :PK WND
================================================================================
1   2   3   4   5  6A  6B    7    8   9   10  11  12  13   14  15   16   17  18
                                     12Z  AVG MX 2MIN
DY MAX MIN AVG DEP HDD CDD  WTR  SNW DPTH SPD SPD DIR MIN PSBL S-S WX    SPD DR
================================================================================

 1  55  48  52  -6  13   0    T  0.0    0  6.5 13  70   M    M  10 18     16  60
 2  59  47  53  -5  12   0 0.00  0.0    0  4.6 14  60   M    M   9        19  30
 3  69  41  55  -3  10   0 0.00  0.0    0  6.7 20 270   M    M   3 1      23 280
 4  63  47  55  -4  10   0 0.20  0.0    0  8.7 17 360   M    M   7 123    29  10
 5  68  41  55  -4  10   0 0.00  0.0    0  6.1 14  60   M    M   0        21  30
 6  83  43  63   4   2   0 0.00  0.0    0  5.7 16 270   M    M   1        23 280
 7  76  55  66   6   0   1 0.03  0.0    0  7.3 18 270   M    M   2 3      25 260
 8  68  52  60   0   5   0 0.38  0.0    0  5.9 14 190   M    M   6 13     19 210
 9  66  56  61   1   4   0 0.58  0.0    0  9.0 17 190   M    M  10 18     24 180
10  74  60  67   6   0   2 0.48  0.0    0  6.1 18 210   M    M   8 1      23 210
11  77  59  68   7   0   3 0.31  0.0    0  5.6 17 140   M    M   6 123    24 150
12  70  52  61   0   4   0    T  0.0    0  9.4 21 300   M    M   4 1      31 280
13  71  44  58  -4   7   0 0.54  0.0    0  8.4 26 300   M    M   3 1      39 290
14  55  41  48 -14  17   0 0.00  0.0    0 11.3 21 300   M    M   4        32 280
15  61  41  51 -11  14   0 0.00  0.0    0  6.9 16 340   M    M   1        24 340
16  64  42  53  -9  12   0 0.04  0.0    0  6.9 21 220   M    M   4        25 210
17  61  47  54  -9  11   0    T  0.0    0  2.5  9 140   M    M   7 1      12 150
18  68  43  56  -7   9   0 0.00  0.0    0  3.7 12 160   M    M   0 1      17 200
19  73  46  60  -3   5   0 0.00  0.0    0  5.5 13 180   M    M   1        23 160
20  71  54  63  -1   2   0 0.00  0.0    0  7.4 17  70   M    M   6        22  70
21  79  52  66   2   0   1 0.00  0.0    0  4.3 14  30   M    M   3        21  40
22  85  51  68   4   0   3 0.00  0.0    0  3.1 10 120   M    M   0        15 110
23  85  53  69   5   0   4 0.00  0.0    0  5.2 17 190   M    M   0        22 200
24  86  59  73   8   0   8 0.00  0.0    0  7.4 17 180   M    M   0        24 210
================================================================================
SM 1687 1174       147  22  2.56     0.0 154.2          M       95
================================================================================
AV 70.3 48.9                               6.4 FASTST   M    M   4    MAX(MPH)
                                 MISC ---->  # 26 300               # 39  290
================================================================================
NOTES:
# LAST OF SEVERAL OCCURRENCES

COLUMN 17 PEAK WIND IN M.P.H.

PRELIMINARY LOCAL CLIMATOLOGICAL DATA (WS FORM: F-6) , PAGE 2

                                          STATION:  PEORIA IL
                                          MONTH:    MAY
                                          YEAR:     2016
                                          LATITUDE:   40 40 N
                                          LONGITUDE:  89 41 W

[TEMPERATURE DATA]      [PRECIPITATION DATA]       SYMBOLS USED IN COLUMN 16

AVERAGE MONTHLY: 59.6   TOTAL FOR MONTH:   2.56    1 = FOG OR MIST
DPTR FM NORMAL:  -1.7   DPTR FM NORMAL:   -0.85    2 = FOG REDUCING VISIBILITY
HIGHEST:    86 ON 24    GRTST 24HR  0.88 ON  8- 9      TO 1/4 MILE OR LESS
LOWEST:     41 ON 15,14                            3 = THUNDER
                        SNOW, ICE PELLETS, HAIL    4 = ICE PELLETS
                        TOTAL MONTH:   0.0 INCH    5 = HAIL
                        GRTST 24HR     0.0         6 = FREEZING RAIN OR DRIZZLE
                        GRTST DEPTH:   0           7 = DUSTSTORM OR SANDSTORM:
                                                       VSBY 1/2 MILE OR LESS
                                                   8 = SMOKE OR HAZE
[NO. OF DAYS WITH]      [WEATHER - DAYS WITH]      9 = BLOWING SNOW
                                                   X = TORNADO
MAX 32 OR BELOW:   0    0.01 INCH OR MORE:   8
MAX 90 OR ABOVE:   0    0.10 INCH OR MORE:   6
MIN 32 OR BELOW:   0    0.50 INCH OR MORE:   2
MIN  0 OR BELOW:   0    1.00 INCH OR MORE:   0

[HDD (BASE 65) ]
TOTAL THIS MO.   147    CLEAR  (SCALE 0-3)  10
DPTR FM NORMAL    17    PTCLDY (SCALE 4-7)  11
TOTAL FM JUL 1  4641    CLOUDY (SCALE 8-10)  3
DPTR FM NORMAL -1154

[CDD (BASE 65) ]
TOTAL THIS MO.    22
DPTR FM NORMAL   -20    [PRESSURE DATA]
TOTAL FM JAN 1    40    HIGHEST SLP M ON M
DPTR FM NORMAL   -16    LOWEST  SLP 29.67 ON  4

[REMARKS]
