000
CXUS51 KRLX 241154
CF6PKB
PRELIMINARY LOCAL CLIMATOLOGICAL DATA (WS FORM: F-6)

                                          STATION:   PARKERSBURG WV
                                          MONTH:     MARCH
                                          YEAR:      2017
                                          LATITUDE:   39 20 N
                                          LONGITUDE:  81 26 W

  TEMPERATURE IN F:       :PCPN:    SNOW:  WIND      :SUNSHINE: SKY     :PK WND
================================================================================
1   2   3   4   5  6A  6B    7    8   9   10  11  12  13   14  15   16   17  18
                                     12Z  AVG MX 2MIN
DY MAX MIN AVG DEP HDD CDD  WTR  SNW DPTH SPD SPD DIR MIN PSBL S-S WX    SPD DR
================================================================================

 1  63  44  54  16  11   0 0.98    M    M 14.6 28 280   0    0   0        48 290
 2  45  33  39   0  26   0    T    M    M 13.8 37 270   M    M  10 138    54 260
 3  37  22  30  -9  35   0 0.03    M    M  9.9 23 300   M    M   5 1      34 290
 4  40  18  29 -10  36   0 0.00    M    M  2.2 10 300   M    M   3 8      16 330
 5  61  24  43   3  22   0 0.00    M    M  4.9 12  80   M    M   0        15  90
 6  54  43  49   9  16   0 0.13    M    M  7.9 14 200   M    M   9 1      27 320
 7  60  45  53  13  12   0 0.58    M    M 10.5 23 320   M    M   8 1      32 320
 8  59  40  50   9  15   0    T    M    M 11.5 29 270   M    M   1        43 260
 9  67  33  50   9  15   0 0.00    M    M  7.8 18  30   M    M   2        27 240
10  49  27  38  -3  27   0 0.35    M    M 11.0 25 300   M    M   8 18     35 300
11  35  20  28 -14  37   0 0.00    M    M  7.4 16 300   M    M   0        23 360
12  41  19  30 -12  35   0 0.00    M    M  4.9 17 310   M    M   2 8      22 310
13  55  26  41  -1  24   0 0.00    M    M  7.7 16 170   M    M   2        20 170
14  36  18  27 -16  38   0    T    M    M 12.1 23 290   M    M  10 18     35 290
15  33  15  24 -19  41   0 0.00    M    M 14.0 28 320   M    M   3        37 280
16  43  25  34  -9  31   0 0.00    M    M  9.1 20 290   M    M   5        27 300
17  39  18  29 -15  36   0 0.20    M    M  3.1 17 180   M    M   6 128    22 180
18  49  35  42  -2  23   0 0.04    M    M  6.7 18 300   M    M  10 128    26 290
19  44  37  41  -3  24   0    T    M    M  4.2 12 360   M    M  10 1      14 340
20  50  28  39  -6  26   0 0.21    M    M  4.4 15 190   M    M   5 138    19 200
21  56  43  50   5  15   0 0.00    M    M  5.2 18 310   M    M   9 18     29 320
22  47  29  38  -8  27   0 0.00    M    M  9.1 20 320   M    M   1        29 330
23  59  23  41  -5  24   0 0.00    M    M  5.7 13 180   M    M   0 8      19  80
================================================================================
SM 1122  665       596   0  2.52    M    187.7            0    109
================================================================================
AV 48.8 28.9                               8.2 FASTST    0   0   5    MAX(MPH)
                                 MISC ---->  # 37 270               # 54  260
================================================================================
NOTES:
# LAST OF SEVERAL OCCURRENCES

COLUMN 17 PEAK WIND IN M.P.H.

PRELIMINARY LOCAL CLIMATOLOGICAL DATA (WS FORM: F-6) , PAGE 2

                                          STATION:  PARKERSBURG WV
                                          MONTH:    MARCH
                                          YEAR:     2017
                                          LATITUDE:   39 20 N
                                          LONGITUDE:  81 26 W

[TEMPERATURE DATA]      [PRECIPITATION DATA]       SYMBOLS USED IN COLUMN 16

AVERAGE MONTHLY: 38.8   TOTAL FOR MONTH:   2.52    1 = FOG OR MIST
DPTR FM NORMAL:  -3.2   DPTR FM NORMAL:   -0.21    2 = FOG REDUCING VISIBILITY
HIGHEST:    67 ON  9    GRTST 24HR  0.98 ON  1- 1      TO 1/4 MILE OR LESS
LOWEST:     15 ON 15                               3 = THUNDER
                        SNOW, ICE PELLETS, HAIL    4 = ICE PELLETS
                        TOTAL MONTH:    M          5 = HAIL
                        GRTST 24HR    M  ON   M    6 = FREEZING RAIN OR DRIZZLE
                        GRTST DEPTH:  M  ON   M    7 = DUSTSTORM OR SANDSTORM:
                                                       VSBY 1/2 MILE OR LESS
                                                   8 = SMOKE OR HAZE
[NO. OF DAYS WITH]      [WEATHER - DAYS WITH]      9 = BLOWING SNOW
                                                   X = TORNADO
MAX 32 OR BELOW:   0    0.01 INCH OR MORE:   8
MAX 90 OR ABOVE:   0    0.10 INCH OR MORE:   6
MIN 32 OR BELOW:  14    0.50 INCH OR MORE:   2
MIN  0 OR BELOW:   0    1.00 INCH OR MORE:   0

[HDD (BASE 65) ]
TOTAL THIS MO.   596    CLEAR  (SCALE 0-3)  10
DPTR FM NORMAL    67    PTCLDY (SCALE 4-7)   6
TOTAL FM JUL 1  3627    CLOUDY (SCALE 8-10)  7
DPTR FM NORMAL  -692

[CDD (BASE 65) ]
TOTAL THIS MO.     0
DPTR FM NORMAL     0    [PRESSURE DATA]
TOTAL FM JAN 1     4    HIGHEST SLP  0.00 ON  1
DPTR FM NORMAL     4    LOWEST  SLP 29.60 ON  1

[REMARKS]
