000
CXUS51 KRLX 251133
CF6PKB
PRELIMINARY LOCAL CLIMATOLOGICAL DATA (WS FORM: F-6)

                                          STATION:   PARKERSBURG WV
                                          MONTH:     JULY
                                          YEAR:      2016
                                          LATITUDE:   39 20 N
                                          LONGITUDE:  81 26 W

  TEMPERATURE IN F:       :PCPN:    SNOW:  WIND      :SUNSHINE: SKY     :PK WND
================================================================================
1   2   3   4   5  6A  6B    7    8   9   10  11  12  13   14  15   16   17  18
                                     12Z  AVG MX 2MIN
DY MAX MIN AVG DEP HDD CDD  WTR  SNW DPTH SPD SPD DIR MIN PSBL S-S WX    SPD DR
================================================================================

 1  78  56  67  -7   0   2 0.01    M    M  3.8 14 260   M    M   4 1      20 260
 2  77  55  66  -8   0   1 0.00    M    M  3.2 13  60   M    M   1 1      15  60
 3  71  60  66  -8   0   1 0.04    M    M  1.8  8  70   M    M   5        16 110
 4  78  61  70  -4   0   5 1.31    M    M  4.6 23 150   M    M   9 13     25 150
 5  85  70  78   4   0  13 0.34    M    M  4.4 14 310   M    M   7 1      19 300
 6  88  66  77   3   0  12 0.16    M    M  4.0 18 280   M    M   4 13     29 290
 7  85  69  77   3   0  12 0.00    M    M  5.0 12 270   M    M   5        17 250
 8  85  71  78   4   0  13 0.00    M    M  7.3 18 210   M    M   5        25 210
 9  84  68  76   2   0  11 0.00    M    M  7.5 16 280   M    M   7        24 280
10  85  59  72  -2   0   7 0.00    M    M  2.0  9 290   M    M   1 1      15 290
11  88  61  75   1   0  10 0.00    M    M  1.2  8 130   M    M   2 128    26 150
12  88  62  75   0   0  10 0.02    M    M  3.6 16 170   M    M   5 123    22 170
13  88  71  80   5   0  15 0.03    M    M  5.8 14 200   M    M   5        18 200
14  90  69  80   5   0  15 0.12    M    M  8.0 17 200   M    M   3 13     23 260
15  86  66  76   1   0  11 0.67    M    M  5.9 32 310   M    M   6 13     43 320
16  84  63  74  -1   0   9 0.00    M    M  2.6 10 290   M    M   2 1      13 300
17  87  62  75   1   0  10 0.00    M    M  2.9 13 200   M    M   0 1      16 200
18  85  70  78   4   0  13 0.56    M    M  4.3 22 320   M    M   2 138    28 310
19  88  67  78   4   0  13 0.00    M    M  2.3 10 300   M    M   4 1      15 320
20  87  63  75   1   0  10 0.00    M    M  1.2  9 290   M    M   0 18     14 290
21  89  61  75   1   0  10 0.00    M    M  2.4  9 210   M    M   2 12     12 190
22  90  68  79   5   0  14 0.00    M    M  3.8 13 270   M    M   1 13     19 260
23  92  66  79   5   0  14 0.00    M    M  3.0 12 310   M    M   3 1      29  30
24  94  71  83   9   0  18 0.00    M    M  2.9 10 230   M    M   1 138    14 190
================================================================================
SM 2052 1555         0 249  3.26    M     93.5          M       84
================================================================================
AV 85.5 64.8                               3.9 FASTST   M    M   4    MAX(MPH)
                                 MISC ---->  # 32 310               # 43  320
================================================================================
NOTES:
# LAST OF SEVERAL OCCURRENCES

COLUMN 17 PEAK WIND IN M.P.H.

PRELIMINARY LOCAL CLIMATOLOGICAL DATA (WS FORM: F-6) , PAGE 2

                                          STATION:  PARKERSBURG WV
                                          MONTH:    JULY
                                          YEAR:     2016
                                          LATITUDE:   39 20 N
                                          LONGITUDE:  81 26 W

[TEMPERATURE DATA]      [PRECIPITATION DATA]       SYMBOLS USED IN COLUMN 16

AVERAGE MONTHLY: 75.1   TOTAL FOR MONTH:   3.26    1 = FOG OR MIST
DPTR FM NORMAL:   0.9   DPTR FM NORMAL:    0.01    2 = FOG REDUCING VISIBILITY
HIGHEST:    94 ON 24    GRTST 24HR  1.31 ON  4- 4      TO 1/4 MILE OR LESS
LOWEST:     55 ON  2                               3 = THUNDER
                        SNOW, ICE PELLETS, HAIL    4 = ICE PELLETS
                        TOTAL MONTH:    M          5 = HAIL
                        GRTST 24HR    M  ON   M    6 = FREEZING RAIN OR DRIZZLE
                        GRTST DEPTH:  M  ON   M    7 = DUSTSTORM OR SANDSTORM:
                                                       VSBY 1/2 MILE OR LESS
                                                   8 = SMOKE OR HAZE
[NO. OF DAYS WITH]      [WEATHER - DAYS WITH]      9 = BLOWING SNOW
                                                   X = TORNADO
MAX 32 OR BELOW:   0    0.01 INCH OR MORE:  10
MAX 90 OR ABOVE:   4    0.10 INCH OR MORE:   6
MIN 32 OR BELOW:   0    0.50 INCH OR MORE:   3
MIN  0 OR BELOW:   0    1.00 INCH OR MORE:   1

[HDD (BASE 65) ]
TOTAL THIS MO.     0    CLEAR  (SCALE 0-3)  12
DPTR FM NORMAL     0    PTCLDY (SCALE 4-7)  11
TOTAL FM JUL 1     0    CLOUDY (SCALE 8-10)  1
DPTR FM NORMAL     0

[CDD (BASE 65) ]
TOTAL THIS MO.   249
DPTR FM NORMAL    21    [PRESSURE DATA]
TOTAL FM JAN 1   569    HIGHEST SLP M ON M
DPTR FM NORMAL    66    LOWEST  SLP 29.85 ON  6

[REMARKS]
