000
CXUS53 KAPX 290631
CF6PLN
PRELIMINARY LOCAL CLIMATOLOGICAL DATA (WS FORM: F-6)

                                          STATION:   PELLSTON
                                          MONTH:     JUNE
                                          YEAR:      2015
                                          LATITUDE:   45 34 N
                                          LONGITUDE:  84 48 W

  TEMPERATURE IN F:       :PCPN:    SNOW:  WIND      :SUNSHINE: SKY     :PK WND
================================================================================
1   2   3   4   5  6A  6B    7    8   9   10  11  12  13   14  15   16   17  18
                                     12Z  AVG MX 2MIN
DY MAX MIN AVG DEP HDD CDD  WTR  SNW DPTH SPD SPD DIR MIN PSBL S-S WX    SPD DR
================================================================================

 1  65  32  49  -8  16   0 0.00    M    M  5.0 16  70   M    M   0        20  30
 2  72  29  51  -6  14   0 0.00    M    M  2.7 15 350   M    M   0        17 350
 3  78  36  57   0   8   0 0.00    M    M  4.8 15 350   M    M   0        20 190
 4  75  47  61   3   4   0 0.03    M    M  3.2 13  40   M    M   5 1      15  80
 5  70  44  57  -1   8   0 0.01    M    M  7.3 16  30   M    M   7 1      19  50
 6  70  35  53  -5  12   0 0.00    M    M  6.9 17 100   M    M   0        22 100
 7  64  44  54  -5  11   0 0.72    M    M  5.7 16 250   M    M   8 1      22 230
 8  70  47  59   0   6   0 0.17    M    M  4.6 15 300   M    M   6 12     19 300
 9  75  43  59   0   6   0 0.00999.0    M  4.4 14 280   M    M   2 12     20 290
10  70  52  61   1   4   0 0.19    M    M 10.4 25 310   M    M   5 13     34 320
11  65  43  54  -6  11   0 0.03    M    M  4.4 13 290   M    M   5 1      16 260
12  72  51  62   2   3   0 0.47    M    M  3.8 12  50   M    M   6 1      15  10
13  76  45  61   1   4   0    T    M    M  6.5 17 110   M    M   4 12     24 110
14  79  57  68   7   0   3 0.06    M    M  2.8 13 320   M    M   8 1      16 330
15  77  59  68   7   0   3 0.00    M    M  3.6 13 320   M    M   6 12     14 310
16  71  48  60  -1   5   0 0.00    M    M  8.2 17 310   M    M   2        27 300
17  77  47  62   0   3   0 0.00    M    M  4.5 12  40   M    M   2        21  60
18  72  43  58  -4   7   0 0.02    M    M  7.0 20 330   M    M   4 1      25 310
19  71  37  54  -8  11   0 0.00    M    M  4.8 16  70   M    M   0        20  60
20  77  42  60  -2   5   0 0.01    M    M  5.1 17 360   M    M   4        21 360
21  71  48  60  -3   5   0    T    M    M  6.1 15 330   M    M   4 1      19 300
22  80  41  61  -2   4   0 0.07    M    M  5.8 21 250   M    M   3 128    29 250
23  66  46  56  -7   9   0    T    M    M 13.0 24 310   M    M   6 1      33 290
24  80  43  62  -1   3   0 0.00    M    M  5.6 18 320   M    M   2        24 310
25  74  53  64   0   1   0 0.21    M    M  3.3 16 350   M    M   7 13     20 350
26  80  47  64   0   1   0 0.00    M    M  4.2 13  50   M    M   2 12     18  90
27  81  44  63  -1   2   0 0.00    M    M  4.0 15 100   M    M   0 1      21  80
28  79  46  63  -1   2   0 0.00    M    M  4.9 16 290   M    M   4        22 290
================================================================================
SM 2057 1249       165   6  1.99   999.0 152.6          M      102
================================================================================
AV 73.5 44.6                               5.5 FASTST   M    M   4    MAX(MPH)
                                 MISC ---->  # 25 310               # 34  320
================================================================================
NOTES:
# LAST OF SEVERAL OCCURRENCES

COLUMN 17 PEAK WIND IN M.P.H.

PRELIMINARY LOCAL CLIMATOLOGICAL DATA (WS FORM: F-6) , PAGE 2

                                          STATION:  PELLSTON
                                          MONTH:    JUNE
                                          YEAR:     2015
                                          LATITUDE:   45 34 N
                                          LONGITUDE:  84 48 W

[TEMPERATURE DATA]      [PRECIPITATION DATA]       SYMBOLS USED IN COLUMN 16

AVERAGE MONTHLY: 59.0   TOTAL FOR MONTH:   1.99    1 = FOG OR MIST
DPTR FM NORMAL:  -1.7   DPTR FM NORMAL:   -0.36    2 = FOG REDUCING VISIBILITY
HIGHEST:    81 ON 27    GRTST 24HR  0.72 ON  7- 7      TO 1/4 MILE OR LESS
LOWEST:     29 ON  2                               3 = THUNDER
                        SNOW, ICE PELLETS, HAIL    4 = ICE PELLETS
                        TOTAL MONTH: 999.0 INCHES  5 = HAIL
                        GRTST 24HR 999.0 ON  9- 9  6 = FREEZING RAIN OR DRIZZLE
                        GRTST DEPTH:  M  ON   M    7 = DUSTSTORM OR SANDSTORM:
                                                       VSBY 1/2 MILE OR LESS
                                                   8 = SMOKE OR HAZE
[NO. OF DAYS WITH]      [WEATHER - DAYS WITH]      9 = BLOWING SNOW
                                                   X = TORNADO
MAX 32 OR BELOW:   0    0.01 INCH OR MORE:  12
MAX 90 OR ABOVE:   0    0.10 INCH OR MORE:   5
MIN 32 OR BELOW:   2    0.50 INCH OR MORE:   1
MIN  0 OR BELOW:   0    1.00 INCH OR MORE:   0

[HDD (BASE 65) ]
TOTAL THIS MO.   165    CLEAR  (SCALE 0-3)  11
DPTR FM NORMAL     5    PTCLDY (SCALE 4-7)  17
TOTAL FM JUL 1  9125    CLOUDY (SCALE 8-10)  0
DPTR FM NORMAL   477

[CDD (BASE 65) ]
TOTAL THIS MO.     6
DPTR FM NORMAL   -34    [PRESSURE DATA]
TOTAL FM JAN 1    23    HIGHEST SLP M ON M
DPTR FM NORMAL   -28    LOWEST  SLP 29.49 ON 10

[REMARKS]
