000
CXUS55 KLOX 271655
CF6PMD
PRELIMINARY LOCAL CLIMATOLOGICAL DATA (WS FORM: F-6)

                                          STATION:   PALMDALE AIRPORT CA
                                          MONTH:     JULY
                                          YEAR:      2015
                                          LATITUDE:   34 37 N
                                          LONGITUDE: 118  5 W

  TEMPERATURE IN F:       :PCPN:    SNOW:  WIND      :SUNSHINE: SKY     :PK WND
================================================================================
1   2   3   4   5  6A  6B    7    8   9   10  11  12  13   14  15   16   17  18
                                     12Z  AVG MX 2MIN
DY MAX MIN AVG DEP HDD CDD  WTR  SNW DPTH SPD SPD DIR MIN PSBL S-S WX    SPD DR
================================================================================

 1  89  71  80   1   0  15 0.03  0.0    0  8.4 22 190   M    M   1 3      25 190
 2  97  76  87   8   0  22 0.00  0.0    0 14.1 30 230   M    M   1        36 220
 3  99  72  86   7   0  21 0.00  0.0    0 12.1 22 270   M    M   0        26 260
 4 101  70  86   7   0  21 0.00  0.0    0 11.5 30 230   M    M   0        36 230
 5  96  69  83   3   0  18 0.00  0.0    0 11.2 30 230   M    M   0        34 230
 6  97  68  83   3   0  18 0.00  0.0    0 11.9 28 260   M    M   0        32 220
 7  94  62  78  -2   0  13 0.00  0.0    0 10.6 28 260   M    M   0        35 260
 8  85  63  74  -6   0   9 0.00  0.0    0 16.9 31 230   M    M   0        35 230
 9  75  60  68 -12   0   3 0.00  0.0    0 18.4 32 230   M    M   0        37 230
10  82  59  71  -9   0   6 0.00  0.0    0 14.1 21 240   M    M   0        25 250
11  87  59  73  -8   0   8 0.00  0.0    0  9.7 24 250   M    M   0        30 250
12  92  59  76  -5   0  11 0.00  0.0    0  8.8 23 250   M    M   0        28 270
13  94  65  80  -1   0  15 0.00  0.0    0 12.5 25 240   M    M   0        32 240
14  93  68  81   0   0  16 0.00  0.0    0 15.5 26 240   M    M   0        34 250
15  92  65  79  -2   0  14 0.00  0.0    0 13.8 30 250   M    M   0        36 260
16  94  63  79  -3   0  14 0.00  0.0    0  9.6 24 230   M    M   0        30 230
17  98  62  80  -2   0  15 0.00  0.0    0 10.2 25 240   M    M   0        31 200
18  78  63  71 -11   0   6 0.53  0.0    0  7.2 23 200   M    M   5 13     32 210
19  83  63  73  -9   0   8 0.38  0.0    0  6.9 35 130   M    M   3 13     39 130
20  81  65  73  -9   0   8 0.01  0.0    0  4.8 12 210   M    M   8        14  60
21  90  65  78  -4   0  13 0.00  0.0    0  8.3 23 220   M    M   0        26 230
22  84  66  75  -7   0  10 0.00  0.0    0 17.3 29 230   M    M   0        33 230
23  88  66  77  -5   0  12 0.00  0.0    0 14.1 25 230   M    M   0        29 250
24  91  65  78  -4   0  13 0.00  0.0    0  9.7 21 240   M    M   0        27 250
25  93  66  80  -2   0  15 0.00  0.0    0 13.9 24 240   M    M   0        34 240
26  90  68  79  -3   0  14 0.00  0.0    0 17.4 28 230   M    M   0        33 230
================================================================================
SM 2343 1698         0 338  0.95     0.0 308.9          M       18
================================================================================
AV 90.1 65.3                              11.9 FASTST   M    M   1    MAX(MPH)
                                 MISC ---->  # 35 130               # 39  130
================================================================================
NOTES:
# LAST OF SEVERAL OCCURRENCES

COLUMN 17 PEAK WIND IN M.P.H.

PRELIMINARY LOCAL CLIMATOLOGICAL DATA (WS FORM: F-6) , PAGE 2

                                          STATION:  PALMDALE AIRPORT CA
                                          MONTH:    JULY
                                          YEAR:     2015
                                          LATITUDE:   34 37 N
                                          LONGITUDE: 118  5 W

[TEMPERATURE DATA]      [PRECIPITATION DATA]       SYMBOLS USED IN COLUMN 16

AVERAGE MONTHLY: 77.7   TOTAL FOR MONTH:   0.95    1 = FOG OR MIST
DPTR FM NORMAL:  -3.2   DPTR FM NORMAL:    0.87    2 = FOG REDUCING VISIBILITY
HIGHEST:   101 ON  4    GRTST 24HR  0.53 ON 18-18      TO 1/4 MILE OR LESS
LOWEST:     59 ON 12,11                            3 = THUNDER
                        SNOW, ICE PELLETS, HAIL    4 = ICE PELLETS
                        TOTAL MONTH:   0.0 INCH    5 = HAIL
                        GRTST 24HR     0.0         6 = FREEZING RAIN OR DRIZZLE
                        GRTST DEPTH:   0           7 = DUSTSTORM OR SANDSTORM:
                                                       VSBY 1/2 MILE OR LESS
                                                   8 = SMOKE OR HAZE
[NO. OF DAYS WITH]      [WEATHER - DAYS WITH]      9 = BLOWING SNOW
                                                   X = TORNADO
MAX 32 OR BELOW:   0    0.01 INCH OR MORE:   4
MAX 90 OR ABOVE:  16    0.10 INCH OR MORE:   2
MIN 32 OR BELOW:   0    0.50 INCH OR MORE:   1
MIN  0 OR BELOW:   0    1.00 INCH OR MORE:   0

[HDD (BASE 65) ]
TOTAL THIS MO.     0    CLEAR  (SCALE 0-3)  24
DPTR FM NORMAL     0    PTCLDY (SCALE 4-7)   2
TOTAL FM JUL 1     0    CLOUDY (SCALE 8-10)  0
DPTR FM NORMAL     0

[CDD (BASE 65) ]
TOTAL THIS MO.   338
DPTR FM NORMAL   -76    [PRESSURE DATA]
TOTAL FM JAN 1   911    HIGHEST SLP M ON M
DPTR FM NORMAL    21    LOWEST  SLP 29.74 ON 17

[REMARKS]
