000
CXUS52 KMFL 251000
CF6PMP
PRELIMINARY LOCAL CLIMATOLOGICAL DATA (WS FORM: F-6)

                                          STATION:   POMPANO BEACH ARPK
                                          MONTH:     APRIL
                                          YEAR:      2017
                                          LATITUDE:   26 14 N
                                          LONGITUDE:  80  7 W

  TEMPERATURE IN F:       :PCPN:    SNOW:  WIND      :SUNSHINE: SKY     :PK WND
================================================================================
1   2   3   4   5  6A  6B    7    8   9   10  11  12  13   14  15   16   17  18
                                     12Z  AVG MX 2MIN
DY MAX MIN AVG DEP HDD CDD  WTR  SNW DPTH SPD SPD DIR MIN PSBL S-S WX    SPD DR
================================================================================

 1  84  70  77   4   0  12 0.00  0.0    0  7.7 15 130   M    M   2 1      22 120
 2  86  74  80   7   0  15 0.00  0.0    0  8.2 18 130   M    M   4 1      23 130
 3  85  77  81   8   0  16 0.00  0.0    0 14.4 23 160   M    M   3        30 150
 4  86  77  82   9   0  17 0.00  0.0    0 12.8 23 150   M    M   1        29 140
 5  86  75  81   8   0  16 0.00  0.0    0 10.8 22 150   M    M   2        27 160
 6  90  67  79   5   0  14 0.00  0.0    0 13.6 25 260   M    M   3 8      32 270
 7  78  61  70  -4   0   5 0.00  0.0    0 11.2 22 300   M    M   0        27 310
 8  79  59  69  -5   0   4 0.00  0.0    0  7.0 15 320   M    M   2        20 120
 9  81  65  73  -1   0   8    T  0.0    0 11.1 18  60   M    M   5        24 100
10  81  70  76   2   0  11 0.17  0.0    0 15.2 22  50   M    M   6 8      27  50
11  82  71  77   3   0  12    T  0.0    0 12.9 20  80   M    M   2        26  60
12  83  72  78   4   0  13 0.06  0.0    0 15.0 23  80   M    M   6        29  80
13  81  73  77   3   0  12 0.00  0.0    0 13.8 20  70   M    M   5        24  70
14  82  73  78   4   0  13 0.03  0.0    0 15.0 23  30   M    M   4        31  40
15  82  74  78   4   0  13 0.02  0.0    0 16.9 24  90   M    M   6        30  90
16  83  74  79   4   0  14 0.00  0.0    0 14.2 20  80   M    M   6        27  90
17  83  74  79   4   0  14    T  0.0    0 11.8 17 110   M    M   7        24 100
18  83  75  79   4   0  14 0.00  0.0    0 11.6 18 110   M    M   3        23 100
19  81  73  77   2   0  12 0.08  0.0    0 12.9 22 110   M    M   6        26 110
20  81  72  77   2   0  12 0.22  0.0    0 12.9 21 110   M    M   5        25 120
21  84  73  79   4   0  14 0.00  0.0    0 13.5 20 100   M    M   5        24 110
22  83  76  80   5   0  15    T  0.0    0 13.6 21 120   M    M   6        26 130
23  78  70  74  -1   0   9 2.50  0.0    0  9.0 22 130   M    M   6 1      30 150
24  89  68  79   3   0  14 0.00  0.0    0 10.8 24 270   M    M   3 12     32 270
================================================================================
SM 1991 1713         0 299  3.08     0.0 295.9          M       98
================================================================================
AV 83.0 71.4                              12.3 FASTST   M    M   4    MAX(MPH)
                                 MISC ---->  # 25 260               # 32  270
================================================================================
NOTES:
# LAST OF SEVERAL OCCURRENCES

COLUMN 17 PEAK WIND IN M.P.H.

PRELIMINARY LOCAL CLIMATOLOGICAL DATA (WS FORM: F-6) , PAGE 2

                                          STATION:  POMPANO BEACH ARPK
                                          MONTH:    APRIL
                                          YEAR:     2017
                                          LATITUDE:   26 14 N
                                          LONGITUDE:  80  7 W

[TEMPERATURE DATA]      [PRECIPITATION DATA]       SYMBOLS USED IN COLUMN 16

AVERAGE MONTHLY: 77.2   TOTAL FOR MONTH:   3.08    1 = FOG OR MIST
DPTR FM NORMAL:   3.0   DPTR FM NORMAL:    0.30    2 = FOG REDUCING VISIBILITY
HIGHEST:    90 ON  6    GRTST 24HR  2.50 ON 23-23      TO 1/4 MILE OR LESS
LOWEST:     59 ON  8                               3 = THUNDER
                        SNOW, ICE PELLETS, HAIL    4 = ICE PELLETS
                        TOTAL MONTH:   0.0 INCH    5 = HAIL
                        GRTST 24HR     0.0         6 = FREEZING RAIN OR DRIZZLE
                        GRTST DEPTH:   0           7 = DUSTSTORM OR SANDSTORM:
                                                       VSBY 1/2 MILE OR LESS
                                                   8 = SMOKE OR HAZE
[NO. OF DAYS WITH]      [WEATHER - DAYS WITH]      9 = BLOWING SNOW
                                                   X = TORNADO
MAX 32 OR BELOW:   0    0.01 INCH OR MORE:   7
MAX 90 OR ABOVE:   1    0.10 INCH OR MORE:   3
MIN 32 OR BELOW:   0    0.50 INCH OR MORE:   1
MIN  0 OR BELOW:   0    1.00 INCH OR MORE:   1

[HDD (BASE 65) ]
TOTAL THIS MO.     0    CLEAR  (SCALE 0-3)   7
DPTR FM NORMAL     0    PTCLDY (SCALE 4-7)  17
TOTAL FM JUL 1    34    CLOUDY (SCALE 8-10)  0
DPTR FM NORMAL  -137

[CDD (BASE 65) ]
TOTAL THIS MO.   299
DPTR FM NORMAL    74    [PRESSURE DATA]
TOTAL FM JAN 1  1000    HIGHEST SLP M ON M
DPTR FM NORMAL   290    LOWEST  SLP 29.73 ON 24

[REMARKS]
