000
CXUS54 KOUN 290800
CF6PNC
PRELIMINARY LOCAL CLIMATOLOGICAL DATA (WS FORM: F-6)

                                          STATION:   PONCA CITY
                                          MONTH:     MARCH
                                          YEAR:      2015
                                          LATITUDE:   36 44 N
                                          LONGITUDE:  97  6 W

  TEMPERATURE IN F:       :PCPN:    SNOW:  WIND      :SUNSHINE: SKY     :PK WND
================================================================================
1   2   3   4   5  6A  6B    7    8   9   10  11  12  13   14  15   16   17  18
                                     12Z  AVG MX 2MIN
DY MAX MIN AVG DEP HDD CDD  WTR  SNW DPTH SPD SPD DIR MIN PSBL S-S WX    SPD DR
================================================================================

 1  35  21  28 -16  37   0 0.00  0.0    0  4.0 13 360   M    M   8 18     16 320
 2  36  19  28 -16  37   0 0.00  0.0    0  8.2 18 160   M    M   5 18     23 170
 3  51  36  44  -1  21   0 0.01    M    0 10.4 22  10   M    M   9 18     30 220
 4  37  21  29 -16  36   0    T    M    0 15.4 29  20   M    M   9 12     34  30
 5  45   7  26 -19  39   0 0.00  0.0    0  3.8 15 210   M    M   0        19 210
 6  60  28  44  -2  21   0 0.00  0.0    0  9.3 20 210   M    M   0        26 220
 7  71  34  53   7  12   0 0.00  0.0    0  6.8 13 210   M    M   0        17 220
 8  66  46  56  10   9   0 0.00  0.0    0  7.9 13 150   M    M   5        17 160
 9  55  38  47   0  18   0 0.08  0.0    0  4.0  9 140   M    M   5 18     11 140
10  70  41  56   9   9   0 0.00  0.0    0  3.8  9 300   M    M   4 128    13 250
11  78  34  56   9   9   0 0.00  0.0    0  3.8 12 150   M    M   1 18     15 210
12  74  38  56   8   9   0 0.00  0.0    0  5.4 16 110   M    M   0        23 120
13  69  41  55   7  10   0 0.00  0.0    0  7.5 26  40   M    M   3 1      31  50
14  71  38  55   7  10   0 0.00  0.0    0 12.7 21 360   M    M   0        26  30
15  75  29  52   3  13   0 0.00  0.0    0  4.6 13 220   M    M   0        17 210
16  82  47  65  16   0   0 0.00  0.0    0  9.6 23 210   M    M   0        30 220
17  63  45  54   5  11   0 0.00  0.0    0 14.3 29  20   M    M   0        36  20
18  51  45  48  -2  17   0 0.09    M    0  7.2 14  80   M    M   8 1      17  80
19  52  45  49  -1  16   0 0.07  0.0    0  7.2 13  20   M    M  10 1      16 280
20  61  36  49  -1  16   0 0.00  0.0    0  2.3  8 360   M    M   4 128     9 220
21  69  37  53   3  12   0 0.00  0.0    0  3.2 14 160   M    M   0 18     17 150
22  75  49  62  11   3   0 0.00  0.0    0  7.0 17 150   M    M   3 1      21 160
23  79  51  65  14   0   0 0.01  0.0    0 10.0 24 150   M    M   0        30 150
24  74  45  60   9   5   0    T  0.0    0 10.0 25 320   M    M   0        32 310
25  73  41  57   5   8   0 0.00  0.0    0 15.6 36  20   M    M   6 1      44  20
26  60  35  48  -4  17   0    T  0.0    0 10.3 28 350   M    M   2        34 350
27  56  39  48  -4  17   0 0.00  0.0    0  8.4 21  20   M    M   4 8      25  20
28  76  41  59   7   6   0 0.00  0.0    0  9.5 17 120   M    M   1        21 130
================================================================================
SM 1764 1027       418   0  0.26     0.0 222.2          M       87
================================================================================
AV 63.0 36.7                               7.9 FASTST   M    M   3    MAX(MPH)
                                 MISC ---->  # 36  20               # 44   20
================================================================================
NOTES:
# LAST OF SEVERAL OCCURRENCES

COLUMN 17 PEAK WIND IN M.P.H.

PRELIMINARY LOCAL CLIMATOLOGICAL DATA (WS FORM: F-6) , PAGE 2

                                          STATION:  PONCA CITY
                                          MONTH:    MARCH
                                          YEAR:     2015
                                          LATITUDE:   36 44 N
                                          LONGITUDE:  97  6 W

[TEMPERATURE DATA]      [PRECIPITATION DATA]       SYMBOLS USED IN COLUMN 16

AVERAGE MONTHLY: 49.8   TOTAL FOR MONTH:   0.26    1 = FOG OR MIST
DPTR FM NORMAL:   1.5   DPTR FM NORMAL:   -2.16    2 = FOG REDUCING VISIBILITY
HIGHEST:    82 ON 16    GRTST 24HR  0.09 ON 18-18      TO 1/4 MILE OR LESS
LOWEST:      7 ON  5                               3 = THUNDER
                        SNOW, ICE PELLETS, HAIL    4 = ICE PELLETS
                        TOTAL MONTH:   0.0 INCH    5 = HAIL
                        GRTST 24HR     0.0         6 = FREEZING RAIN OR DRIZZLE
                        GRTST DEPTH:   0           7 = DUSTSTORM OR SANDSTORM:
                                                       VSBY 1/2 MILE OR LESS
                                                   8 = SMOKE OR HAZE
[NO. OF DAYS WITH]      [WEATHER - DAYS WITH]      9 = BLOWING SNOW
                                                   X = TORNADO
MAX 32 OR BELOW:   0    0.01 INCH OR MORE:   5
MAX 90 OR ABOVE:   0    0.10 INCH OR MORE:   0
MIN 32 OR BELOW:   6    0.50 INCH OR MORE:   0
MIN  0 OR BELOW:   0    1.00 INCH OR MORE:   0

[HDD (BASE 65) ]
TOTAL THIS MO.   418    CLEAR  (SCALE 0-3)  15
DPTR FM NORMAL   -52    PTCLDY (SCALE 4-7)   9
TOTAL FM JUL 1  3707    CLOUDY (SCALE 8-10)  4
DPTR FM NORMAL   -50

[CDD (BASE 65) ]
TOTAL THIS MO.     0
DPTR FM NORMAL     0    [PRESSURE DATA]
TOTAL FM JAN 1     0    HIGHEST SLP M ON M
DPTR FM NORMAL     0    LOWEST  SLP 29.58 ON 25

[REMARKS]
