000
CXUS55 KPAH 200631
CF6POF
PRELIMINARY LOCAL CLIMATOLOGICAL DATA (WS FORM: F-6)

                                          STATION:   POPLAR BLUFF MO
                                          MONTH:     DECEMBER
                                          YEAR:      2014
                                          LATITUDE:   36 46 N
                                          LONGITUDE:  90 19 W

  TEMPERATURE IN F:       :PCPN:    SNOW:  WIND      :SUNSHINE: SKY     :PK WND
================================================================================
1   2   3   4   5  6A  6B    7    8   9   10  11  12  13   14  15   16   17  18
                                     12Z  AVG MX 2MIN
DY MAX MIN AVG DEP HDD CDD  WTR  SNW DPTH SPD SPD DIR MIN PSBL S-S WX    SPD DR
================================================================================

 1  49  30  40  -1  25   0 0.11  0.0    0 12.5 22  20   M    M   9 16     27  10
 2  37  30  34  -7  31   0 0.00  0.0    0  5.9 13  20   M    M  10 18     15  10
 3  45  34  40   0  25   0 0.00  0.0    0  2.7  8 350   M    M   9 1      10  80
 4  43  39  41   1  24   0 0.15    M    0  4.2  9  60   M    M  10 1      11  50
 5  55  43  49   9  16   0 0.58    M    0  2.3 15 350   M    M  10 12     18 350
 6  53  39  46   7  19   0    T    M    0 12.8 22 360   M    M  10 8      25  10
 7  42  37  40   1  25   0 0.00  0.0    0  5.7 13  40   M    M   6 18     16  40
 8  55  34  45   6  20   0 0.00  0.0    0  2.8 12 260   M    M   3 18     14 250
 9  45  30  38   0  27   0 0.00  0.0    0  9.4 21  10   M    M   6 1      26 340
10  41  35  38   0  27   0 0.03    M    0  3.8 10  40   M    M  10        12  40
11  38  33  36  -2  29   0 0.00  0.0    0  2.9  8  70   M    M  10        11  40
12  48  36  42   4  23   0 0.00  0.0    0  1.6  8 210   M    M   8 18     16 180
13  51  45  48  10  17   0 0.00  0.0    0  3.2  9 200   M    M  10        11 210
14  62  46  54  17  11   0 0.00  0.0    0  5.0 13 150   M    M   4 8      18 190
15  58  47  53  16  12   0 0.63    M    0  9.2 21 270   M    M   8 1      27 270
16  47  35  41   4  24   0 0.00  0.0    0 11.5 21 300   M    M   9        30 300
17  41  27  34  -3  31   0 0.18    M    0  3.5 10 360   M    M   5 1      15 340
18  39  33  36   0  29   0 0.09    M    0  5.0  9  50   M    M  10 18     11  50
19  40  34  37   1  28   0    T    M    0  5.9  9  60   M    M  10 18     13  60
================================================================================
SM  889  687       443   0  1.77     0.0 109.9          M      157
================================================================================
AV 46.8 36.2                               5.8 FASTST   M    M   8    MAX(MPH)
                                 MISC ---->  # 22  20               # 30  300
================================================================================
NOTES:
# LAST OF SEVERAL OCCURRENCES

COLUMN 17 PEAK WIND IN M.P.H.

PRELIMINARY LOCAL CLIMATOLOGICAL DATA (WS FORM: F-6) , PAGE 2

                                          STATION:  POPLAR BLUFF MO
                                          MONTH:    DECEMBER
                                          YEAR:     2014
                                          LATITUDE:   36 46 N
                                          LONGITUDE:  90 19 W

[TEMPERATURE DATA]      [PRECIPITATION DATA]       SYMBOLS USED IN COLUMN 16

AVERAGE MONTHLY: 41.5   TOTAL FOR MONTH:   1.77    1 = FOG OR MIST
DPTR FM NORMAL:   3.1   DPTR FM NORMAL:   -0.98    2 = FOG REDUCING VISIBILITY
HIGHEST:    62 ON 14    GRTST 24HR  0.63 ON 15-15      TO 1/4 MILE OR LESS
LOWEST:     27 ON 17                               3 = THUNDER
                        SNOW, ICE PELLETS, HAIL    4 = ICE PELLETS
                        TOTAL MONTH:   0.0 INCH    5 = HAIL
                        GRTST 24HR     0.0         6 = FREEZING RAIN OR DRIZZLE
                        GRTST DEPTH:   0           7 = DUSTSTORM OR SANDSTORM:
                                                       VSBY 1/2 MILE OR LESS
                                                   8 = SMOKE OR HAZE
[NO. OF DAYS WITH]      [WEATHER - DAYS WITH]      9 = BLOWING SNOW
                                                   X = TORNADO
MAX 32 OR BELOW:   0    0.01 INCH OR MORE:   7
MAX 90 OR ABOVE:   0    0.10 INCH OR MORE:   5
MIN 32 OR BELOW:   4    0.50 INCH OR MORE:   2
MIN  0 OR BELOW:   0    1.00 INCH OR MORE:   0

[HDD (BASE 65) ]
TOTAL THIS MO.   443    CLEAR  (SCALE 0-3)   1
DPTR FM NORMAL   -61    PTCLDY (SCALE 4-7)   5
TOTAL FM JUL 1  1349    CLOUDY (SCALE 8-10) 13
DPTR FM NORMAL    63

[CDD (BASE 65) ]
TOTAL THIS MO.     0
DPTR FM NORMAL     0    [PRESSURE DATA]
TOTAL FM JAN 1  1547    HIGHEST SLP M ON M
DPTR FM NORMAL   -15    LOWEST  SLP 29.72 ON 15

[REMARKS]
